74.7.243.214 - - [22/Jun/2026:12:33:38 +0000] "GET /storage/xenon1337.php?dir=%2Fhome%2Fokaminime0881%2Fgudanganimemovie.com%2Fpublic%2Fwell-known%2Facme-challenge%2Ff%2Fd%2Fh%2Fb HTTP/1.1" 200 1182 "http://gudanganimemovie.com.okaminime.com/storage/xenon1337.php?dir=%2Fhome%2Fokaminime0881%2Fgudanganimemovie.com%2Fpublic%2Fwell-known%2Facme-challenge%2Ff%2Fd%2Fh" "Mozilla/5.0 AppleWebKit/537.36 (KHTML, like Gecko; compatible; GPTBot/1.4; +https://openai.com/gptbot)"
74.7.243.214 - - [22/Jun/2026:12:33:39 +0000] "GET /storage/xenon1337.php?dir=%2Fhome%2Fokaminime0881%2Fgudanganimemovie.com%2Fpublic%2Fwell-known%2Facme-challenge%2Fb%2Fa%2Ff%2Ff HTTP/1.1" 200 1177 "http://gudanganimemovie.com.okaminime.com/storage/xenon1337.php?dir=%2Fhome%2Fokaminime0881%2Fgudanganimemovie.com%2Fpublic%2Fwell-known%2Facme-challenge%2Fb%2Fa%2Ff" "Mozilla/5.0 AppleWebKit/537.36 (KHTML, like Gecko; compatible; GPTBot/1.4; +https://openai.com/gptbot)"
74.7.243.214 - - [22/Jun/2026:12:33:40 +0000] "GET /storage/xenon1337.php?dir=%2Fhome%2Fokaminime0881%2Fgudanganimemovie.com%2Fpublic%2Fwell-known%2Fpki-validation%2Ff%2Fh%2Fe%2Fe HTTP/1.1" 200 1178 "http://gudanganimemovie.com.okaminime.com/storage/xenon1337.php?dir=%2Fhome%2Fokaminime0881%2Fgudanganimemovie.com%2Fpublic%2Fwell-known%2Fpki-validation%2Ff%2Fh%2Fe" "Mozilla/5.0 AppleWebKit/537.36 (KHTML, like Gecko; compatible; GPTBot/1.4; +https://openai.com/gptbot)"
74.7.243.214 - - [22/Jun/2026:12:33:40 +0000] "GET /storage/xenon1337.php?dir=%2Fhome%2Fokaminime0881%2Fgudanganimemovie.com%2Fpublic%2Fwell-known%2Fpki-validation%2Fc%2Fh%2Fb%2Fe HTTP/1.1" 200 1182 "http://gudanganimemovie.com.okaminime.com/storage/xenon1337.php?dir=%2Fhome%2Fokaminime0881%2Fgudanganimemovie.com%2Fpublic%2Fwell-known%2Fpki-validation%2Fc%2Fh%2Fb" "Mozilla/5.0 AppleWebKit/537.36 (KHTML, like Gecko; compatible; GPTBot/1.4; +https://openai.com/gptbot)"
74.7.243.214 - - [22/Jun/2026:12:33:41 +0000] "GET /storage/xenon1337.php?dir=%2Fhome%2Fokaminime0881%2Fgudanganimemovie.com%2Fpublic%2Fwell-known%2Facme-challenge%2Fb%2Fa%2Fh%2Ff HTTP/1.1" 200 1181 "http://gudanganimemovie.com.okaminime.com/storage/xenon1337.php?dir=%2Fhome%2Fokaminime0881%2Fgudanganimemovie.com%2Fpublic%2Fwell-known%2Facme-challenge%2Fb%2Fa%2Fh" "Mozilla/5.0 AppleWebKit/537.36 (KHTML, like Gecko; compatible; GPTBot/1.4; +https://openai.com/gptbot)"
74.7.243.214 - - [22/Jun/2026:12:33:41 +0000] "GET /storage/xenon1337.php?dir=%2Fhome%2Fokaminime0881%2Fgudanganimemovie.com%2Fpublic%2Fwell-known%2Fpki-validation%2Ff%2Fg%2Fe%2Fc HTTP/1.1" 200 1181 "http://gudanganimemovie.com.okaminime.com/storage/xenon1337.php?dir=%2Fhome%2Fokaminime0881%2Fgudanganimemovie.com%2Fpublic%2Fwell-known%2Fpki-validation%2Ff%2Fg%2Fe" "Mozilla/5.0 AppleWebKit/537.36 (KHTML, like Gecko; compatible; GPTBot/1.4; +https://openai.com/gptbot)"
74.7.243.214 - - [22/Jun/2026:12:33:42 +0000] "GET /storage/xenon1337.php?dir=%2Fhome%2Fokaminime0881%2Fgudanganimemovie.com%2Fpublic%2Fwell-known%2Fpki-validation%2Fb%2Fa%2Fh%2Fb HTTP/1.1" 200 1176 "http://gudanganimemovie.com.okaminime.com/storage/xenon1337.php?dir=%2Fhome%2Fokaminime0881%2Fgudanganimemovie.com%2Fpublic%2Fwell-known%2Fpki-validation%2Fb%2Fa%2Fh" "Mozilla/5.0 AppleWebKit/537.36 (KHTML, like Gecko; compatible; GPTBot/1.4; +https://openai.com/gptbot)"
74.7.243.214 - - [22/Jun/2026:12:33:42 +0000] "GET /storage/xenon1337.php?dir=%2Fhome%2Fokaminime0881%2Fgudanganimemovie.com%2Fpublic%2Fwell-known%2Facme-challenge%2Fh%2Fg%2Fb%2Ff HTTP/1.1" 200 1180 "http://gudanganimemovie.com.okaminime.com/storage/xenon1337.php?dir=%2Fhome%2Fokaminime0881%2Fgudanganimemovie.com%2Fpublic%2Fwell-known%2Facme-challenge%2Fh%2Fg%2Fb" "Mozilla/5.0 AppleWebKit/537.36 (KHTML, like Gecko; compatible; GPTBot/1.4; +https://openai.com/gptbot)"
74.7.243.214 - - [22/Jun/2026:12:33:43 +0000] "GET /storage/xenon1337.php?dir=%2Fhome%2Fokaminime0881%2Fgudanganimemovie.com%2Fpublic%2Fwell-known%2Fpki-validation%2Fb%2Fd%2Fa%2Ff HTTP/1.1" 200 1182 "http://gudanganimemovie.com.okaminime.com/storage/xenon1337.php?dir=%2Fhome%2Fokaminime0881%2Fgudanganimemovie.com%2Fpublic%2Fwell-known%2Fpki-validation%2Fb%2Fd%2Fa" "Mozilla/5.0 AppleWebKit/537.36 (KHTML, like Gecko; compatible; GPTBot/1.4; +https://openai.com/gptbot)"
74.7.243.214 - - [22/Jun/2026:12:33:43 +0000] "GET /storage/xenon1337.php?dir=%2Fhome%2Fokaminime0881%2Fgudanganimemovie.com%2Fpublic%2Fwell-known%2Facme-challenge%2Fb%2Ff%2Fd%2Fd HTTP/1.1" 200 1178 "http://gudanganimemovie.com.okaminime.com/storage/xenon1337.php?dir=%2Fhome%2Fokaminime0881%2Fgudanganimemovie.com%2Fpublic%2Fwell-known%2Facme-challenge%2Fb%2Ff%2Fd" "Mozilla/5.0 AppleWebKit/537.36 (KHTML, like Gecko; compatible; GPTBot/1.4; +https://openai.com/gptbot)"
74.7.243.214 - - [22/Jun/2026:12:33:44 +0000] "GET /storage/xenon1337.php?dir=%2Fhome%2Fokaminime0881%2Fgudanganimemovie.com%2Fpublic%2Fwell-known%2Fpki-validation%2Fh%2Fb%2Fg%2Fe HTTP/1.1" 200 1180 "http://gudanganimemovie.com.okaminime.com/storage/xenon1337.php?dir=%2Fhome%2Fokaminime0881%2Fgudanganimemovie.com%2Fpublic%2Fwell-known%2Fpki-validation%2Fh%2Fb%2Fg" "Mozilla/5.0 AppleWebKit/537.36 (KHTML, like Gecko; compatible; GPTBot/1.4; +https://openai.com/gptbot)"
74.7.243.214 - - [22/Jun/2026:12:33:44 +0000] "GET /storage/xenon1337.php?dir=%2Fhome%2Fokaminime0881%2Fgudanganimemovie.com%2Fpublic%2Fwell-known%2Fpki-validation%2Fa%2Ff%2Fg%2Fg HTTP/1.1" 200 1176 "http://gudanganimemovie.com.okaminime.com/storage/xenon1337.php?dir=%2Fhome%2Fokaminime0881%2Fgudanganimemovie.com%2Fpublic%2Fwell-known%2Fpki-validation%2Fa%2Ff%2Fg" "Mozilla/5.0 AppleWebKit/537.36 (KHTML, like Gecko; compatible; GPTBot/1.4; +https://openai.com/gptbot)"
74.7.243.214 - - [22/Jun/2026:12:33:45 +0000] "GET /storage/xenon1337.php?dir=%2Fhome%2Fokaminime0881%2Fgudanganimemovie.com%2Fpublic%2Fwell-known%2Fpki-validation%2Ff%2Fa%2Fd%2Fd HTTP/1.1" 200 1176 "http://gudanganimemovie.com.okaminime.com/storage/xenon1337.php?dir=%2Fhome%2Fokaminime0881%2Fgudanganimemovie.com%2Fpublic%2Fwell-known%2Fpki-validation%2Ff%2Fa%2Fd" "Mozilla/5.0 AppleWebKit/537.36 (KHTML, like Gecko; compatible; GPTBot/1.4; +https://openai.com/gptbot)"
74.7.243.214 - - [22/Jun/2026:12:33:45 +0000] "GET /storage/xenon1337.php?dir=%2Fhome%2Fokaminime0881%2Fgudanganimemovie.com%2Fpublic%2Fwell-known%2Fpki-validation%2Ff%2Fd%2Fb%2Fa HTTP/1.1" 200 1181 "http://gudanganimemovie.com.okaminime.com/storage/xenon1337.php?dir=%2Fhome%2Fokaminime0881%2Fgudanganimemovie.com%2Fpublic%2Fwell-known%2Fpki-validation%2Ff%2Fd%2Fb" "Mozilla/5.0 AppleWebKit/537.36 (KHTML, like Gecko; compatible; GPTBot/1.4; +https://openai.com/gptbot)"
74.7.243.214 - - [22/Jun/2026:12:33:46 +0000] "GET /storage/xenon1337.php?dir=%2Fhome%2Fokaminime0881%2Fgudanganimemovie.com%2Fpublic%2Fwell-known%2Fpki-validation%2Fh%2Fa%2Ff%2Fd HTTP/1.1" 200 1180 "http://gudanganimemovie.com.okaminime.com/storage/xenon1337.php?dir=%2Fhome%2Fokaminime0881%2Fgudanganimemovie.com%2Fpublic%2Fwell-known%2Fpki-validation%2Fh%2Fa%2Ff" "Mozilla/5.0 AppleWebKit/537.36 (KHTML, like Gecko; compatible; GPTBot/1.4; +https://openai.com/gptbot)"
74.7.243.214 - - [22/Jun/2026:12:33:46 +0000] "GET /storage/xenon1337.php?dir=%2Fhome%2Fokaminime0881%2Fgudanganimemovie.com%2Fpublic%2Fwell-known%2Fpki-validation%2Fg%2Fh%2Fc%2Fb HTTP/1.1" 200 1182 "http://gudanganimemovie.com.okaminime.com/storage/xenon1337.php?dir=%2Fhome%2Fokaminime0881%2Fgudanganimemovie.com%2Fpublic%2Fwell-known%2Fpki-validation%2Fg%2Fh%2Fc" "Mozilla/5.0 AppleWebKit/537.36 (KHTML, like Gecko; compatible; GPTBot/1.4; +https://openai.com/gptbot)"
74.7.243.214 - - [22/Jun/2026:12:33:47 +0000] "GET /storage/xenon1337.php?dir=%2Fhome%2Fokaminime0881%2Fgudanganimemovie.com%2Fpublic%2Fwell-known%2Fpki-validation%2Fa%2Fh%2Fd%2Fb HTTP/1.1" 200 1180 "http://gudanganimemovie.com.okaminime.com/storage/xenon1337.php?dir=%2Fhome%2Fokaminime0881%2Fgudanganimemovie.com%2Fpublic%2Fwell-known%2Fpki-validation%2Fa%2Fh%2Fd" "Mozilla/5.0 AppleWebKit/537.36 (KHTML, like Gecko; compatible; GPTBot/1.4; +https://openai.com/gptbot)"
74.7.243.214 - - [22/Jun/2026:12:33:47 +0000] "GET /storage/xenon1337.php?dir=%2Fhome%2Fokaminime0881%2Fgudanganimemovie.com%2Fpublic%2Fwell-known%2Facme-challenge%2Ff%2Fc%2Fb%2Fd HTTP/1.1" 200 1183 "http://gudanganimemovie.com.okaminime.com/storage/xenon1337.php?dir=%2Fhome%2Fokaminime0881%2Fgudanganimemovie.com%2Fpublic%2Fwell-known%2Facme-challenge%2Ff%2Fc%2Fb" "Mozilla/5.0 AppleWebKit/537.36 (KHTML, like Gecko; compatible; GPTBot/1.4; +https://openai.com/gptbot)"
74.7.243.214 - - [22/Jun/2026:12:33:48 +0000] "GET /storage/xenon1337.php?dir=%2Fhome%2Fokaminime0881%2Fgudanganimemovie.com%2Fpublic%2Fwell-known%2Fpki-validation%2Fc%2Fh%2Fe%2Ff HTTP/1.1" 200 1183 "http://gudanganimemovie.com.okaminime.com/storage/xenon1337.php?dir=%2Fhome%2Fokaminime0881%2Fgudanganimemovie.com%2Fpublic%2Fwell-known%2Fpki-validation%2Fc%2Fh%2Fe" "Mozilla/5.0 AppleWebKit/537.36 (KHTML, like Gecko; compatible; GPTBot/1.4; +https://openai.com/gptbot)"
74.7.243.214 - - [22/Jun/2026:12:33:49 +0000] "GET /storage/xenon1337.php?dir=%2Fhome%2Fokaminime0881%2Fgudanganimemovie.com%2Fpublic%2Fwell-known%2Fpki-validation%2Fc%2Fb%2Fa%2Ff HTTP/1.1" 200 1183 "http://gudanganimemovie.com.okaminime.com/storage/xenon1337.php?dir=%2Fhome%2Fokaminime0881%2Fgudanganimemovie.com%2Fpublic%2Fwell-known%2Fpki-validation%2Fc%2Fb%2Fa" "Mozilla/5.0 AppleWebKit/537.36 (KHTML, like Gecko; compatible; GPTBot/1.4; +https://openai.com/gptbot)"
74.7.243.214 - - [22/Jun/2026:12:33:49 +0000] "GET /storage/xenon1337.php?dir=%2Fhome%2Fokaminime0881%2Fgudanganimemovie.com%2Fpublic%2Fwell-known%2Fpki-validation%2Fh%2Fg%2Fb%2Fc HTTP/1.1" 200 1179 "http://gudanganimemovie.com.okaminime.com/storage/xenon1337.php?dir=%2Fhome%2Fokaminime0881%2Fgudanganimemovie.com%2Fpublic%2Fwell-known%2Fpki-validation%2Fh%2Fg%2Fb" "Mozilla/5.0 AppleWebKit/537.36 (KHTML, like Gecko; compatible; GPTBot/1.4; +https://openai.com/gptbot)"
216.73.216.143 - - [22/Jun/2026:12:33:37 +0000] "GET /storage/anime/Lazarus/Lazarus-episode-7.mp4 HTTP/1.1" 200 200078205 "-" "Mozilla/5.0 AppleWebKit/537.36 (KHTML, like Gecko; compatible; ClaudeBot/1.0; +claudebot@anthropic.com)"
74.7.243.214 - - [22/Jun/2026:12:33:50 +0000] "GET /storage/xenon1337.php?dir=%2Fhome%2Fokaminime0881%2Fgudanganimemovie.com%2Fpublic%2Fwell-known%2Fpki-validation%2Ff%2Fd%2Fe%2Fc HTTP/1.1" 200 1182 "http://gudanganimemovie.com.okaminime.com/storage/xenon1337.php?dir=%2Fhome%2Fokaminime0881%2Fgudanganimemovie.com%2Fpublic%2Fwell-known%2Fpki-validation%2Ff%2Fd%2Fe" "Mozilla/5.0 AppleWebKit/537.36 (KHTML, like Gecko; compatible; GPTBot/1.4; +https://openai.com/gptbot)"
74.7.243.214 - - [22/Jun/2026:12:33:50 +0000] "GET /storage/xenon1337.php?dir=%2Fhome%2Fokaminime0881%2Fgudanganimemovie.com%2Fpublic%2Fwell-known%2Fpki-validation%2Fa%2Fb%2Ff%2Fc HTTP/1.1" 200 1180 "http://gudanganimemovie.com.okaminime.com/storage/xenon1337.php?dir=%2Fhome%2Fokaminime0881%2Fgudanganimemovie.com%2Fpublic%2Fwell-known%2Fpki-validation%2Fa%2Fb%2Ff" "Mozilla/5.0 AppleWebKit/537.36 (KHTML, like Gecko; compatible; GPTBot/1.4; +https://openai.com/gptbot)"
216.73.216.143 - - [22/Jun/2026:12:33:50 +0000] "GET /storage/anime/Naruto/Naruto-episode-98.webp HTTP/1.1" 200 34881 "-" "Mozilla/5.0 AppleWebKit/537.36 (KHTML, like Gecko; compatible; ClaudeBot/1.0; +claudebot@anthropic.com)"
74.7.243.214 - - [22/Jun/2026:12:33:51 +0000] "GET /storage/xenon1337.php?dir=%2Fhome%2Fokaminime0881%2Fgudanganimemovie.com%2Fpublic%2Fwell-known%2Fpki-validation%2Ff%2Fe%2Fg%2Fc HTTP/1.1" 200 1181 "http://gudanganimemovie.com.okaminime.com/storage/xenon1337.php?dir=%2Fhome%2Fokaminime0881%2Fgudanganimemovie.com%2Fpublic%2Fwell-known%2Fpki-validation%2Ff%2Fe%2Fg" "Mozilla/5.0 AppleWebKit/537.36 (KHTML, like Gecko; compatible; GPTBot/1.4; +https://openai.com/gptbot)"
216.73.216.143 - - [22/Jun/2026:12:33:38 +0000] "GET /storage/anime/Digimon%20Beatbreak/Digimon%20Beatbreak-episode-2.mp4 HTTP/1.1" 200 210131286 "-" "Mozilla/5.0 AppleWebKit/537.36 (KHTML, like Gecko; compatible; ClaudeBot/1.0; +claudebot@anthropic.com)"
74.7.243.214 - - [22/Jun/2026:12:33:51 +0000] "GET /storage/xenon1337.php?dir=%2Fhome%2Fokaminime0881%2Fgudanganimemovie.com%2Fpublic%2Fwell-known%2Fpki-validation%2Fd%2Ff%2Fb%2Fe HTTP/1.1" 200 1182 "http://gudanganimemovie.com.okaminime.com/storage/xenon1337.php?dir=%2Fhome%2Fokaminime0881%2Fgudanganimemovie.com%2Fpublic%2Fwell-known%2Fpki-validation%2Fd%2Ff%2Fb" "Mozilla/5.0 AppleWebKit/537.36 (KHTML, like Gecko; compatible; GPTBot/1.4; +https://openai.com/gptbot)"
74.7.243.214 - - [22/Jun/2026:12:33:52 +0000] "GET /storage/xenon1337.php?dir=%2Fhome%2Fokaminime0881%2Fgudanganimemovie.com%2Fpublic%2Fwell-known%2Fpki-validation%2Fe%2Ff%2Fh%2Fb HTTP/1.1" 200 1183 "http://gudanganimemovie.com.okaminime.com/storage/xenon1337.php?dir=%2Fhome%2Fokaminime0881%2Fgudanganimemovie.com%2Fpublic%2Fwell-known%2Fpki-validation%2Fe%2Ff%2Fh" "Mozilla/5.0 AppleWebKit/537.36 (KHTML, like Gecko; compatible; GPTBot/1.4; +https://openai.com/gptbot)"
216.73.216.143 - - [22/Jun/2026:12:33:52 +0000] "GET /storage/anime/Naruto/Naruto-episode-192.webp HTTP/1.1" 200 34881 "-" "Mozilla/5.0 AppleWebKit/537.36 (KHTML, like Gecko; compatible; ClaudeBot/1.0; +claudebot@anthropic.com)"
74.7.243.214 - - [22/Jun/2026:12:33:52 +0000] "GET /storage/xenon1337.php?dir=%2Fhome%2Fokaminime0881%2Fgudanganimemovie.com%2Fpublic%2Fwell-known%2Fpki-validation%2Fg%2Fc%2Fd%2Ff HTTP/1.1" 200 1180 "http://gudanganimemovie.com.okaminime.com/storage/xenon1337.php?dir=%2Fhome%2Fokaminime0881%2Fgudanganimemovie.com%2Fpublic%2Fwell-known%2Fpki-validation%2Fg%2Fc%2Fd" "Mozilla/5.0 AppleWebKit/537.36 (KHTML, like Gecko; compatible; GPTBot/1.4; +https://openai.com/gptbot)"
216.73.216.143 - - [22/Jun/2026:12:33:52 +0000] "GET /storage/anime/Naruto/Naruto-episode-25.webp HTTP/1.1" 200 34881 "-" "Mozilla/5.0 AppleWebKit/537.36 (KHTML, like Gecko; compatible; ClaudeBot/1.0; +claudebot@anthropic.com)"
74.7.243.214 - - [22/Jun/2026:12:33:53 +0000] "GET /storage/xenon1337.php?dir=%2Fhome%2Fokaminime0881%2Fgudanganimemovie.com%2Fpublic%2Fwell-known%2Facme-challenge%2Fh%2Fb%2Ff%2Fd HTTP/1.1" 200 1181 "http://gudanganimemovie.com.okaminime.com/storage/xenon1337.php?dir=%2Fhome%2Fokaminime0881%2Fgudanganimemovie.com%2Fpublic%2Fwell-known%2Facme-challenge%2Fh%2Fb%2Ff" "Mozilla/5.0 AppleWebKit/537.36 (KHTML, like Gecko; compatible; GPTBot/1.4; +https://openai.com/gptbot)"
216.73.216.143 - - [22/Jun/2026:12:33:53 +0000] "GET /storage/anime/Naruto/Naruto-episode-18.webp HTTP/1.1" 200 34881 "-" "Mozilla/5.0 AppleWebKit/537.36 (KHTML, like Gecko; compatible; ClaudeBot/1.0; +claudebot@anthropic.com)"
74.7.243.214 - - [22/Jun/2026:12:33:53 +0000] "GET /storage/xenon1337.php?dir=%2Fhome%2Fokaminime0881%2Fgudanganimemovie.com%2Fpublic%2Fwell-known%2Fpki-validation%2Fb%2Fe%2Ff%2Fa HTTP/1.1" 200 1183 "http://gudanganimemovie.com.okaminime.com/storage/xenon1337.php?dir=%2Fhome%2Fokaminime0881%2Fgudanganimemovie.com%2Fpublic%2Fwell-known%2Fpki-validation%2Fb%2Fe%2Ff" "Mozilla/5.0 AppleWebKit/537.36 (KHTML, like Gecko; compatible; GPTBot/1.4; +https://openai.com/gptbot)"
216.73.216.143 - - [22/Jun/2026:12:33:53 +0000] "GET /storage/anime/Naruto/Naruto-episode-88.webp HTTP/1.1" 200 34881 "-" "Mozilla/5.0 AppleWebKit/537.36 (KHTML, like Gecko; compatible; ClaudeBot/1.0; +claudebot@anthropic.com)"
216.73.216.143 - - [22/Jun/2026:12:33:54 +0000] "GET /images/xenon1337.php?dir=%2Fhome%2Fokaminime0881%2Ftmp HTTP/1.1" 200 1448 "-" "Mozilla/5.0 AppleWebKit/537.36 (KHTML, like Gecko; compatible; ClaudeBot/1.0; +claudebot@anthropic.com)"
74.7.243.214 - - [22/Jun/2026:12:33:54 +0000] "GET /storage/xenon1337.php?dir=%2Fhome%2Fokaminime0881%2Fgudanganimemovie.com%2Fpublic%2Fwell-known%2Facme-challenge%2Fc%2Fb%2Ff%2Fb HTTP/1.1" 200 1179 "http://gudanganimemovie.com.okaminime.com/storage/xenon1337.php?dir=%2Fhome%2Fokaminime0881%2Fgudanganimemovie.com%2Fpublic%2Fwell-known%2Facme-challenge%2Fc%2Fb%2Ff" "Mozilla/5.0 AppleWebKit/537.36 (KHTML, like Gecko; compatible; GPTBot/1.4; +https://openai.com/gptbot)"
216.73.216.143 - - [22/Jun/2026:12:33:54 +0000] "GET /storage/anime/Naruto/Naruto-episode-199.webp HTTP/1.1" 200 34881 "-" "Mozilla/5.0 AppleWebKit/537.36 (KHTML, like Gecko; compatible; ClaudeBot/1.0; +claudebot@anthropic.com)"
216.73.216.143 - - [22/Jun/2026:12:33:54 +0000] "GET /storage/anime/Naruto/Naruto-episode-94.webp HTTP/1.1" 200 34881 "-" "Mozilla/5.0 AppleWebKit/537.36 (KHTML, like Gecko; compatible; ClaudeBot/1.0; +claudebot@anthropic.com)"
74.7.243.214 - - [22/Jun/2026:12:33:54 +0000] "GET /storage/xenon1337.php?dir=%2Fhome%2Fokaminime0881%2Fgudanganimemovie.com%2Fpublic%2Fwell-known%2Fpki-validation%2Fa%2Fb%2Fc%2Fg HTTP/1.1" 200 1182 "http://gudanganimemovie.com.okaminime.com/storage/xenon1337.php?dir=%2Fhome%2Fokaminime0881%2Fgudanganimemovie.com%2Fpublic%2Fwell-known%2Fpki-validation%2Fa%2Fb%2Fc" "Mozilla/5.0 AppleWebKit/537.36 (KHTML, like Gecko; compatible; GPTBot/1.4; +https://openai.com/gptbot)"
216.73.216.143 - - [22/Jun/2026:12:33:54 +0000] "GET /storage/anime/Naruto/Naruto-episode-52.webp HTTP/1.1" 200 34881 "-" "Mozilla/5.0 AppleWebKit/537.36 (KHTML, like Gecko; compatible; ClaudeBot/1.0; +claudebot@anthropic.com)"
74.7.243.214 - - [22/Jun/2026:12:33:55 +0000] "GET /storage/xenon1337.php?dir=%2Fhome%2Fokaminime0881%2Fgudanganimemovie.com%2Fpublic%2Fwell-known%2Facme-challenge%2Ff%2Fh%2Fd%2Ff HTTP/1.1" 200 1177 "http://gudanganimemovie.com.okaminime.com/storage/xenon1337.php?dir=%2Fhome%2Fokaminime0881%2Fgudanganimemovie.com%2Fpublic%2Fwell-known%2Facme-challenge%2Ff%2Fh%2Fd" "Mozilla/5.0 AppleWebKit/537.36 (KHTML, like Gecko; compatible; GPTBot/1.4; +https://openai.com/gptbot)"
216.73.216.143 - - [22/Jun/2026:12:33:55 +0000] "GET /storage/anime/Naruto/Naruto-episode-128.webp HTTP/1.1" 200 34881 "-" "Mozilla/5.0 AppleWebKit/537.36 (KHTML, like Gecko; compatible; ClaudeBot/1.0; +claudebot@anthropic.com)"
216.73.216.143 - - [22/Jun/2026:12:33:55 +0000] "GET /storage/anime/Naruto/Naruto-episode-47.webp HTTP/1.1" 200 34881 "-" "Mozilla/5.0 AppleWebKit/537.36 (KHTML, like Gecko; compatible; ClaudeBot/1.0; +claudebot@anthropic.com)"
74.7.243.214 - - [22/Jun/2026:12:33:55 +0000] "GET /storage/xenon1337.php?dir=%2Fhome%2Fokaminime0881%2Fgudanganimemovie.com%2Fpublic%2Fwell-known%2Fpki-validation%2Fg%2Fh%2Ff%2Fc HTTP/1.1" 200 1178 "http://gudanganimemovie.com.okaminime.com/storage/xenon1337.php?dir=%2Fhome%2Fokaminime0881%2Fgudanganimemovie.com%2Fpublic%2Fwell-known%2Fpki-validation%2Fg%2Fh%2Ff" "Mozilla/5.0 AppleWebKit/537.36 (KHTML, like Gecko; compatible; GPTBot/1.4; +https://openai.com/gptbot)"
216.73.216.143 - - [22/Jun/2026:12:33:55 +0000] "GET /storage/anime/Naruto/Naruto-episode-54.webp HTTP/1.1" 200 34881 "-" "Mozilla/5.0 AppleWebKit/537.36 (KHTML, like Gecko; compatible; ClaudeBot/1.0; +claudebot@anthropic.com)"
216.73.216.143 - - [22/Jun/2026:12:33:56 +0000] "GET /storage/anime/Naruto/Naruto-episode-122.webp HTTP/1.1" 200 34881 "-" "Mozilla/5.0 AppleWebKit/537.36 (KHTML, like Gecko; compatible; ClaudeBot/1.0; +claudebot@anthropic.com)"
74.7.243.214 - - [22/Jun/2026:12:33:56 +0000] "GET /storage/xenon1337.php?dir=%2Fhome%2Fokaminime0881%2Fgudanganimemovie.com%2Fpublic%2Fwell-known%2Fpki-validation%2Fa%2Ff%2Fd%2Fd HTTP/1.1" 200 1176 "http://gudanganimemovie.com.okaminime.com/storage/xenon1337.php?dir=%2Fhome%2Fokaminime0881%2Fgudanganimemovie.com%2Fpublic%2Fwell-known%2Fpki-validation%2Fa%2Ff%2Fd" "Mozilla/5.0 AppleWebKit/537.36 (KHTML, like Gecko; compatible; GPTBot/1.4; +https://openai.com/gptbot)"
216.73.216.143 - - [22/Jun/2026:12:33:56 +0000] "GET /wp-content/well-known/acme-challenge/g/ HTTP/1.1" 200 431 "-" "Mozilla/5.0 AppleWebKit/537.36 (KHTML, like Gecko; compatible; ClaudeBot/1.0; +claudebot@anthropic.com)"
216.73.216.143 - - [22/Jun/2026:12:33:56 +0000] "GET /storage/anime/Naruto/Naruto-episode-219.webp HTTP/1.1" 200 34881 "-" "Mozilla/5.0 AppleWebKit/537.36 (KHTML, like Gecko; compatible; ClaudeBot/1.0; +claudebot@anthropic.com)"
74.7.243.214 - - [22/Jun/2026:12:33:56 +0000] "GET /storage/xenon1337.php?dir=%2Fhome%2Fokaminime0881%2Fgudanganimemovie.com%2Fpublic%2Fwell-known%2Fpki-validation%2Fg%2Fc%2Fb%2Fb HTTP/1.1" 200 1177 "http://gudanganimemovie.com.okaminime.com/storage/xenon1337.php?dir=%2Fhome%2Fokaminime0881%2Fgudanganimemovie.com%2Fpublic%2Fwell-known%2Fpki-validation%2Fg%2Fc%2Fb" "Mozilla/5.0 AppleWebKit/537.36 (KHTML, like Gecko; compatible; GPTBot/1.4; +https://openai.com/gptbot)"
216.73.216.143 - - [22/Jun/2026:12:33:56 +0000] "GET /storage/anime/Naruto/Naruto-episode-196.webp HTTP/1.1" 200 34881 "-" "Mozilla/5.0 AppleWebKit/537.36 (KHTML, like Gecko; compatible; ClaudeBot/1.0; +claudebot@anthropic.com)"
216.73.216.143 - - [22/Jun/2026:12:33:57 +0000] "GET /storage/anime/Naruto/Naruto-episode-23.webp HTTP/1.1" 200 34881 "-" "Mozilla/5.0 AppleWebKit/537.36 (KHTML, like Gecko; compatible; ClaudeBot/1.0; +claudebot@anthropic.com)"
74.7.243.214 - - [22/Jun/2026:12:33:57 +0000] "GET /storage/xenon1337.php?dir=%2Fhome%2Fokaminime0881%2Fgudanganimemovie.com%2Fpublic%2Fwell-known%2Fpki-validation%2Fb%2Fh%2Fd%2Ff HTTP/1.1" 200 1181 "http://gudanganimemovie.com.okaminime.com/storage/xenon1337.php?dir=%2Fhome%2Fokaminime0881%2Fgudanganimemovie.com%2Fpublic%2Fwell-known%2Fpki-validation%2Fb%2Fh%2Fd" "Mozilla/5.0 AppleWebKit/537.36 (KHTML, like Gecko; compatible; GPTBot/1.4; +https://openai.com/gptbot)"
216.73.216.143 - - [22/Jun/2026:12:33:57 +0000] "GET /storage/anime/Sakamoto%20Days/Sakamoto%20Days-home.webp HTTP/1.1" 200 242930 "-" "Mozilla/5.0 AppleWebKit/537.36 (KHTML, like Gecko; compatible; ClaudeBot/1.0; +claudebot@anthropic.com)"
74.7.243.214 - - [22/Jun/2026:12:33:57 +0000] "GET /storage/xenon1337.php?dir=%2Fhome%2Fokaminime0881%2Fgudanganimemovie.com%2Fpublic%2Fwell-known%2Fpki-validation%2Fg%2Fc%2Ff%2Fh HTTP/1.1" 200 1180 "http://gudanganimemovie.com.okaminime.com/storage/xenon1337.php?dir=%2Fhome%2Fokaminime0881%2Fgudanganimemovie.com%2Fpublic%2Fwell-known%2Fpki-validation%2Fg%2Fc%2Ff" "Mozilla/5.0 AppleWebKit/537.36 (KHTML, like Gecko; compatible; GPTBot/1.4; +https://openai.com/gptbot)"
216.73.216.143 - - [22/Jun/2026:12:33:58 +0000] "GET /storage/anime/Naruto/Naruto-episode-62.webp HTTP/1.1" 200 34881 "-" "Mozilla/5.0 AppleWebKit/537.36 (KHTML, like Gecko; compatible; ClaudeBot/1.0; +claudebot@anthropic.com)"
216.73.216.143 - - [22/Jun/2026:12:33:58 +0000] "GET /well-known/acme-challenge/e/d/ HTTP/1.1" 200 424 "-" "Mozilla/5.0 AppleWebKit/537.36 (KHTML, like Gecko; compatible; ClaudeBot/1.0; +claudebot@anthropic.com)"
74.7.243.214 - - [22/Jun/2026:12:33:58 +0000] "GET /storage/xenon1337.php?dir=%2Fhome%2Fokaminime0881%2Fgudanganimemovie.com%2Fpublic%2Fwell-known%2Fpki-validation%2Ff%2Fh%2Fa%2Fb HTTP/1.1" 200 1181 "http://gudanganimemovie.com.okaminime.com/storage/xenon1337.php?dir=%2Fhome%2Fokaminime0881%2Fgudanganimemovie.com%2Fpublic%2Fwell-known%2Fpki-validation%2Ff%2Fh%2Fa" "Mozilla/5.0 AppleWebKit/537.36 (KHTML, like Gecko; compatible; GPTBot/1.4; +https://openai.com/gptbot)"
216.73.216.143 - - [22/Jun/2026:12:33:58 +0000] "GET /well-known/acme-challenge/d/e/ HTTP/1.1" 200 424 "-" "Mozilla/5.0 AppleWebKit/537.36 (KHTML, like Gecko; compatible; ClaudeBot/1.0; +claudebot@anthropic.com)"
216.73.216.143 - - [22/Jun/2026:12:33:58 +0000] "GET /storage/anime/One%20Piece/One%20Piece-episode-167.webp HTTP/1.1" 200 34881 "-" "Mozilla/5.0 AppleWebKit/537.36 (KHTML, like Gecko; compatible; ClaudeBot/1.0; +claudebot@anthropic.com)"
216.73.216.143 - - [22/Jun/2026:12:33:58 +0000] "GET /storage/xenon1337.php?dir=%2Fhome%2Fokaminime0881%2F.composer HTTP/1.1" 200 1321 "-" "Mozilla/5.0 AppleWebKit/537.36 (KHTML, like Gecko; compatible; ClaudeBot/1.0; +claudebot@anthropic.com)"
74.7.243.214 - - [22/Jun/2026:12:33:58 +0000] "GET /storage/xenon1337.php?dir=%2Fhome%2Fokaminime0881%2Fgudanganimemovie.com%2Fpublic%2Fwell-known%2Facme-challenge%2Fc%2Fb%2Ff%2Fd HTTP/1.1" 200 1183 "http://gudanganimemovie.com.okaminime.com/storage/xenon1337.php?dir=%2Fhome%2Fokaminime0881%2Fgudanganimemovie.com%2Fpublic%2Fwell-known%2Facme-challenge%2Fc%2Fb%2Ff" "Mozilla/5.0 AppleWebKit/537.36 (KHTML, like Gecko; compatible; GPTBot/1.4; +https://openai.com/gptbot)"
216.73.216.143 - - [22/Jun/2026:12:33:58 +0000] "GET /storage/xenon1337.php?dir=%2Fhome%2Fokaminime0881%2F.koality HTTP/1.1" 200 1083 "-" "Mozilla/5.0 AppleWebKit/537.36 (KHTML, like Gecko; compatible; ClaudeBot/1.0; +claudebot@anthropic.com)"
216.73.216.143 - - [22/Jun/2026:12:33:59 +0000] "GET /storage/anime/Naruto/Naruto-episode-70.webp HTTP/1.1" 200 34881 "-" "Mozilla/5.0 AppleWebKit/537.36 (KHTML, like Gecko; compatible; ClaudeBot/1.0; +claudebot@anthropic.com)"
216.73.216.143 - - [22/Jun/2026:12:33:59 +0000] "GET /well-known/pki-validation/a/c/ HTTP/1.1" 200 421 "-" "Mozilla/5.0 AppleWebKit/537.36 (KHTML, like Gecko; compatible; ClaudeBot/1.0; +claudebot@anthropic.com)"
74.7.243.214 - - [22/Jun/2026:12:33:59 +0000] "GET /storage/xenon1337.php?dir=%2Fhome%2Fokaminime0881%2Fgudanganimemovie.com%2Fpublic%2Fwell-known%2Fpki-validation%2Fe%2Ff%2Fd%2Fg HTTP/1.1" 200 1182 "http://gudanganimemovie.com.okaminime.com/storage/xenon1337.php?dir=%2Fhome%2Fokaminime0881%2Fgudanganimemovie.com%2Fpublic%2Fwell-known%2Fpki-validation%2Fe%2Ff%2Fd" "Mozilla/5.0 AppleWebKit/537.36 (KHTML, like Gecko; compatible; GPTBot/1.4; +https://openai.com/gptbot)"
216.73.216.143 - - [22/Jun/2026:12:33:59 +0000] "GET /well-known/pki-validation/c/a/ HTTP/1.1" 200 422 "-" "Mozilla/5.0 AppleWebKit/537.36 (KHTML, like Gecko; compatible; ClaudeBot/1.0; +claudebot@anthropic.com)"
216.73.216.143 - - [22/Jun/2026:12:33:59 +0000] "GET /storage/anime/Naruto/Naruto-episode-16.webp HTTP/1.1" 200 34881 "-" "Mozilla/5.0 AppleWebKit/537.36 (KHTML, like Gecko; compatible; ClaudeBot/1.0; +claudebot@anthropic.com)"
216.73.216.143 - - [22/Jun/2026:12:33:59 +0000] "GET /storage/anime/Naruto/Naruto-episode-31.webp HTTP/1.1" 200 34881 "-" "Mozilla/5.0 AppleWebKit/537.36 (KHTML, like Gecko; compatible; ClaudeBot/1.0; +claudebot@anthropic.com)"
216.73.216.143 - - [22/Jun/2026:12:33:59 +0000] "GET /storage/user/?C=D&O=D HTTP/1.1" 200 376 "-" "Mozilla/5.0 AppleWebKit/537.36 (KHTML, like Gecko; compatible; ClaudeBot/1.0; +claudebot@anthropic.com)"
74.7.243.214 - - [22/Jun/2026:12:33:59 +0000] "GET /storage/xenon1337.php?dir=%2Fhome%2Fokaminime0881%2Fgudanganimemovie.com%2Fpublic%2Fwell-known%2Facme-challenge%2Ff%2Fc%2Fd%2Ff HTTP/1.1" 200 1178 "http://gudanganimemovie.com.okaminime.com/storage/xenon1337.php?dir=%2Fhome%2Fokaminime0881%2Fgudanganimemovie.com%2Fpublic%2Fwell-known%2Facme-challenge%2Ff%2Fc%2Fd" "Mozilla/5.0 AppleWebKit/537.36 (KHTML, like Gecko; compatible; GPTBot/1.4; +https://openai.com/gptbot)"
216.73.216.143 - - [22/Jun/2026:12:34:00 +0000] "GET /storage/anime/Naruto/Naruto-episode-14.webp HTTP/1.1" 200 34881 "-" "Mozilla/5.0 AppleWebKit/537.36 (KHTML, like Gecko; compatible; ClaudeBot/1.0; +claudebot@anthropic.com)"
216.73.216.143 - - [22/Jun/2026:12:34:00 +0000] "GET /storage/anime/Naruto/Naruto-episode-34.webp HTTP/1.1" 200 34881 "-" "Mozilla/5.0 AppleWebKit/537.36 (KHTML, like Gecko; compatible; ClaudeBot/1.0; +claudebot@anthropic.com)"
216.73.216.143 - - [22/Jun/2026:12:34:00 +0000] "GET /storage/anime/Naruto/Naruto-episode-110.webp HTTP/1.1" 200 34881 "-" "Mozilla/5.0 AppleWebKit/537.36 (KHTML, like Gecko; compatible; ClaudeBot/1.0; +claudebot@anthropic.com)"
216.73.216.143 - - [22/Jun/2026:12:34:00 +0000] "GET /storage/anime/Naruto/Naruto-episode-43.webp HTTP/1.1" 200 34881 "-" "Mozilla/5.0 AppleWebKit/537.36 (KHTML, like Gecko; compatible; ClaudeBot/1.0; +claudebot@anthropic.com)"
216.73.216.143 - - [22/Jun/2026:12:34:00 +0000] "GET /storage/user/?C=M&O=D HTTP/1.1" 200 376 "-" "Mozilla/5.0 AppleWebKit/537.36 (KHTML, like Gecko; compatible; ClaudeBot/1.0; +claudebot@anthropic.com)"
74.7.243.214 - - [22/Jun/2026:12:34:00 +0000] "GET /storage/xenon1337.php?dir=%2Fhome%2Fokaminime0881%2Fgudanganimemovie.com%2Fpublic%2Fwell-known%2Fpki-validation%2Fb%2Fh%2Ff%2Fe HTTP/1.1" 200 1181 "http://gudanganimemovie.com.okaminime.com/storage/xenon1337.php?dir=%2Fhome%2Fokaminime0881%2Fgudanganimemovie.com%2Fpublic%2Fwell-known%2Fpki-validation%2Fb%2Fh%2Ff" "Mozilla/5.0 AppleWebKit/537.36 (KHTML, like Gecko; compatible; GPTBot/1.4; +https://openai.com/gptbot)"
216.73.216.143 - - [22/Jun/2026:12:34:00 +0000] "GET /storage/anime/Naruto/Naruto-episode-24.webp HTTP/1.1" 200 34881 "-" "Mozilla/5.0 AppleWebKit/537.36 (KHTML, like Gecko; compatible; ClaudeBot/1.0; +claudebot@anthropic.com)"
216.73.216.143 - - [22/Jun/2026:12:34:00 +0000] "GET /storage/anime/Naruto/Naruto-episode-10.webp HTTP/1.1" 200 34881 "-" "Mozilla/5.0 AppleWebKit/537.36 (KHTML, like Gecko; compatible; ClaudeBot/1.0; +claudebot@anthropic.com)"
216.73.216.143 - - [22/Jun/2026:12:34:00 +0000] "GET /storage/anime/Naruto/Naruto-episode-105.webp HTTP/1.1" 200 34881 "-" "Mozilla/5.0 AppleWebKit/537.36 (KHTML, like Gecko; compatible; ClaudeBot/1.0; +claudebot@anthropic.com)"
74.7.243.214 - - [22/Jun/2026:12:34:01 +0000] "GET /storage/xenon1337.php?dir=%2Fhome%2Fokaminime0881%2Fgudanganimemovie.com%2Fpublic%2Fwell-known%2Fpki-validation%2Fc%2Fe%2Fb%2Fb HTTP/1.1" 200 1180 "http://gudanganimemovie.com.okaminime.com/storage/xenon1337.php?dir=%2Fhome%2Fokaminime0881%2Fgudanganimemovie.com%2Fpublic%2Fwell-known%2Fpki-validation%2Fc%2Fe%2Fb" "Mozilla/5.0 AppleWebKit/537.36 (KHTML, like Gecko; compatible; GPTBot/1.4; +https://openai.com/gptbot)"
216.73.216.143 - - [22/Jun/2026:12:34:01 +0000] "GET /img/xenon1337.php?dir=%2Fhome&get_content=latest HTTP/1.1" 200 56245 "-" "Mozilla/5.0 AppleWebKit/537.36 (KHTML, like Gecko; compatible; ClaudeBot/1.0; +claudebot@anthropic.com)"
216.73.216.143 - - [22/Jun/2026:12:34:01 +0000] "GET /well-known/pki-validation/c/f/ HTTP/1.1" 200 422 "-" "Mozilla/5.0 AppleWebKit/537.36 (KHTML, like Gecko; compatible; ClaudeBot/1.0; +claudebot@anthropic.com)"
216.73.216.143 - - [22/Jun/2026:12:34:01 +0000] "GET /well-known/pki-validation/f/c/ HTTP/1.1" 200 422 "-" "Mozilla/5.0 AppleWebKit/537.36 (KHTML, like Gecko; compatible; ClaudeBot/1.0; +claudebot@anthropic.com)"
216.73.216.143 - - [22/Jun/2026:12:34:01 +0000] "GET /storage/anime/Naruto/Naruto-episode-53.webp HTTP/1.1" 200 34881 "-" "Mozilla/5.0 AppleWebKit/537.36 (KHTML, like Gecko; compatible; ClaudeBot/1.0; +claudebot@anthropic.com)"
216.73.216.143 - - [22/Jun/2026:12:33:51 +0000] "GET /storage/anime/Naruto/Naruto-episode-167.mp4 HTTP/1.1" 200 141647003 "-" "Mozilla/5.0 AppleWebKit/537.36 (KHTML, like Gecko; compatible; ClaudeBot/1.0; +claudebot@anthropic.com)"
216.73.216.143 - - [22/Jun/2026:12:34:01 +0000] "GET /storage/anime/Naruto/Naruto-episode-49.webp HTTP/1.1" 200 34881 "-" "Mozilla/5.0 AppleWebKit/537.36 (KHTML, like Gecko; compatible; ClaudeBot/1.0; +claudebot@anthropic.com)"
216.73.216.143 - - [22/Jun/2026:12:34:01 +0000] "GET /storage/anime/Naruto/Naruto-episode-44.webp HTTP/1.1" 200 34881 "-" "Mozilla/5.0 AppleWebKit/537.36 (KHTML, like Gecko; compatible; ClaudeBot/1.0; +claudebot@anthropic.com)"
74.7.243.214 - - [22/Jun/2026:12:34:01 +0000] "GET /storage/xenon1337.php?dir=%2Fhome%2Fokaminime0881%2Fgudanganimemovie.com%2Fpublic%2Fwell-known%2Fpki-validation%2Fe%2Fb%2Fh%2Fd HTTP/1.1" 200 1183 "http://gudanganimemovie.com.okaminime.com/storage/xenon1337.php?dir=%2Fhome%2Fokaminime0881%2Fgudanganimemovie.com%2Fpublic%2Fwell-known%2Fpki-validation%2Fe%2Fb%2Fh" "Mozilla/5.0 AppleWebKit/537.36 (KHTML, like Gecko; compatible; GPTBot/1.4; +https://openai.com/gptbot)"
216.73.216.143 - - [22/Jun/2026:12:34:01 +0000] "GET /storage/anime/Naruto/Naruto-episode-42.webp HTTP/1.1" 200 34881 "-" "Mozilla/5.0 AppleWebKit/537.36 (KHTML, like Gecko; compatible; ClaudeBot/1.0; +claudebot@anthropic.com)"
216.73.216.143 - - [22/Jun/2026:12:34:01 +0000] "GET /storage/anime/Naruto/Naruto-episode-190.webp HTTP/1.1" 200 34881 "-" "Mozilla/5.0 AppleWebKit/537.36 (KHTML, like Gecko; compatible; ClaudeBot/1.0; +claudebot@anthropic.com)"
216.73.216.143 - - [22/Jun/2026:12:34:01 +0000] "GET /storage/anime/Naruto/Naruto-episode-59.webp HTTP/1.1" 200 34881 "-" "Mozilla/5.0 AppleWebKit/537.36 (KHTML, like Gecko; compatible; ClaudeBot/1.0; +claudebot@anthropic.com)"
216.73.216.143 - - [22/Jun/2026:12:34:01 +0000] "GET /storage/anime/Naruto/Naruto-episode-35.webp HTTP/1.1" 200 34881 "-" "Mozilla/5.0 AppleWebKit/537.36 (KHTML, like Gecko; compatible; ClaudeBot/1.0; +claudebot@anthropic.com)"
74.7.243.214 - - [22/Jun/2026:12:34:02 +0000] "GET /storage/xenon1337.php?dir=%2Fhome%2Fokaminime0881%2Fgudanganimemovie.com%2Fpublic%2Fwell-known%2Facme-challenge%2Ff%2Fc%2Fb%2Fc HTTP/1.1" 200 1178 "http://gudanganimemovie.com.okaminime.com/storage/xenon1337.php?dir=%2Fhome%2Fokaminime0881%2Fgudanganimemovie.com%2Fpublic%2Fwell-known%2Facme-challenge%2Ff%2Fc%2Fb" "Mozilla/5.0 AppleWebKit/537.36 (KHTML, like Gecko; compatible; GPTBot/1.4; +https://openai.com/gptbot)"
216.73.216.143 - - [22/Jun/2026:12:34:02 +0000] "GET /storage/anime/Naruto/Naruto-episode-72.webp HTTP/1.1" 200 34881 "-" "Mozilla/5.0 AppleWebKit/537.36 (KHTML, like Gecko; compatible; ClaudeBot/1.0; +claudebot@anthropic.com)"
216.73.216.143 - - [22/Jun/2026:12:34:02 +0000] "GET /storage/anime/Naruto/Naruto-episode-28.webp HTTP/1.1" 200 34881 "-" "Mozilla/5.0 AppleWebKit/537.36 (KHTML, like Gecko; compatible; ClaudeBot/1.0; +claudebot@anthropic.com)"
216.73.216.143 - - [22/Jun/2026:12:34:02 +0000] "GET /storage/anime/Naruto/Naruto-episode-112.webp HTTP/1.1" 200 34881 "-" "Mozilla/5.0 AppleWebKit/537.36 (KHTML, like Gecko; compatible; ClaudeBot/1.0; +claudebot@anthropic.com)"
216.73.216.143 - - [22/Jun/2026:12:34:02 +0000] "GET /storage/anime/Naruto/Naruto-episode-89.webp HTTP/1.1" 200 34881 "-" "Mozilla/5.0 AppleWebKit/537.36 (KHTML, like Gecko; compatible; ClaudeBot/1.0; +claudebot@anthropic.com)"
216.73.216.143 - - [22/Jun/2026:12:34:02 +0000] "GET /storage/anime/Naruto/Naruto-episode-95.webp HTTP/1.1" 200 34881 "-" "Mozilla/5.0 AppleWebKit/537.36 (KHTML, like Gecko; compatible; ClaudeBot/1.0; +claudebot@anthropic.com)"
74.7.243.214 - - [22/Jun/2026:12:34:02 +0000] "GET /storage/xenon1337.php?dir=%2Fhome%2Fokaminime0881%2Fgudanganimemovie.com%2Fpublic%2Fwell-known%2Fpki-validation%2Fc%2Ff%2Fb%2Fb HTTP/1.1" 200 1179 "http://gudanganimemovie.com.okaminime.com/storage/xenon1337.php?dir=%2Fhome%2Fokaminime0881%2Fgudanganimemovie.com%2Fpublic%2Fwell-known%2Fpki-validation%2Fc%2Ff%2Fb" "Mozilla/5.0 AppleWebKit/537.36 (KHTML, like Gecko; compatible; GPTBot/1.4; +https://openai.com/gptbot)"
216.73.216.143 - - [22/Jun/2026:12:34:02 +0000] "GET /storage/anime/Naruto/Naruto-episode-40.webp HTTP/1.1" 200 34881 "-" "Mozilla/5.0 AppleWebKit/537.36 (KHTML, like Gecko; compatible; ClaudeBot/1.0; +claudebot@anthropic.com)"
216.73.216.143 - - [22/Jun/2026:12:34:02 +0000] "GET /storage/anime/Naruto/Naruto-episode-63.webp HTTP/1.1" 200 34881 "-" "Mozilla/5.0 AppleWebKit/537.36 (KHTML, like Gecko; compatible; ClaudeBot/1.0; +claudebot@anthropic.com)"
216.73.216.143 - - [22/Jun/2026:12:34:02 +0000] "GET /storage/xenon1337.php?dir=%2Fhome%2Fokaminime0881%2Fwww HTTP/1.1" 200 2099 "-" "Mozilla/5.0 AppleWebKit/537.36 (KHTML, like Gecko; compatible; ClaudeBot/1.0; +claudebot@anthropic.com)"
216.73.216.143 - - [22/Jun/2026:12:34:03 +0000] "GET /storage/anime/Naruto/Naruto-episode-83.webp HTTP/1.1" 200 34881 "-" "Mozilla/5.0 AppleWebKit/537.36 (KHTML, like Gecko; compatible; ClaudeBot/1.0; +claudebot@anthropic.com)"
216.73.216.143 - - [22/Jun/2026:12:34:03 +0000] "GET /storage/anime/Naruto/Naruto-episode-207.webp HTTP/1.1" 200 34881 "-" "Mozilla/5.0 AppleWebKit/537.36 (KHTML, like Gecko; compatible; ClaudeBot/1.0; +claudebot@anthropic.com)"
74.7.243.214 - - [22/Jun/2026:12:34:03 +0000] "GET /storage/xenon1337.php?dir=%2Fhome%2Fokaminime0881%2Fgudanganimemovie.com%2Fpublic%2Fwell-known%2Facme-challenge%2Fg%2Fb%2Ff%2Fd HTTP/1.1" 200 1181 "http://gudanganimemovie.com.okaminime.com/storage/xenon1337.php?dir=%2Fhome%2Fokaminime0881%2Fgudanganimemovie.com%2Fpublic%2Fwell-known%2Facme-challenge%2Fg%2Fb%2Ff" "Mozilla/5.0 AppleWebKit/537.36 (KHTML, like Gecko; compatible; GPTBot/1.4; +https://openai.com/gptbot)"
216.73.216.143 - - [22/Jun/2026:12:34:03 +0000] "GET /storage/anime/Naruto/Naruto-episode-67.webp HTTP/1.1" 200 34881 "-" "Mozilla/5.0 AppleWebKit/537.36 (KHTML, like Gecko; compatible; ClaudeBot/1.0; +claudebot@anthropic.com)"
216.73.216.143 - - [22/Jun/2026:12:34:03 +0000] "GET /storage/anime/Naruto/Naruto-episode-87.webp HTTP/1.1" 200 34881 "-" "Mozilla/5.0 AppleWebKit/537.36 (KHTML, like Gecko; compatible; ClaudeBot/1.0; +claudebot@anthropic.com)"
216.73.216.143 - - [22/Jun/2026:12:34:03 +0000] "GET /storage/xenon1337.php?dir=%2Fhome%2Fokaminime0881&get_content=.bashrc HTTP/1.1" 200 2350 "-" "Mozilla/5.0 AppleWebKit/537.36 (KHTML, like Gecko; compatible; ClaudeBot/1.0; +claudebot@anthropic.com)"
216.73.216.143 - - [22/Jun/2026:12:34:03 +0000] "GET /storage/anime/Naruto/Naruto-episode-93.webp HTTP/1.1" 200 34881 "-" "Mozilla/5.0 AppleWebKit/537.36 (KHTML, like Gecko; compatible; ClaudeBot/1.0; +claudebot@anthropic.com)"
216.73.216.143 - - [22/Jun/2026:12:34:03 +0000] "GET /storage/anime/Naruto/Naruto-episode-200.webp HTTP/1.1" 200 34881 "-" "Mozilla/5.0 AppleWebKit/537.36 (KHTML, like Gecko; compatible; ClaudeBot/1.0; +claudebot@anthropic.com)"
216.73.216.143 - - [22/Jun/2026:12:34:03 +0000] "GET /storage/anime/Apocalypse%20Hotel/Apocalypse%20Hotel.webp HTTP/1.1" 200 75583 "-" "Mozilla/5.0 AppleWebKit/537.36 (KHTML, like Gecko; compatible; ClaudeBot/1.0; +claudebot@anthropic.com)"
74.7.243.214 - - [22/Jun/2026:12:34:03 +0000] "GET /storage/xenon1337.php?dir=%2Fhome%2Fokaminime0881%2Fgudanganimemovie.com%2Fpublic%2Fwell-known%2Fpki-validation%2Fa%2Fh%2Fb%2Fb HTTP/1.1" 200 1176 "http://gudanganimemovie.com.okaminime.com/storage/xenon1337.php?dir=%2Fhome%2Fokaminime0881%2Fgudanganimemovie.com%2Fpublic%2Fwell-known%2Fpki-validation%2Fa%2Fh%2Fb" "Mozilla/5.0 AppleWebKit/537.36 (KHTML, like Gecko; compatible; GPTBot/1.4; +https://openai.com/gptbot)"
216.73.216.143 - - [22/Jun/2026:12:34:03 +0000] "GET /storage/xenon1337.php?dir=%2Fhome%2Fokaminime0881&get_content=.bash_profile HTTP/1.1" 200 536 "-" "Mozilla/5.0 AppleWebKit/537.36 (KHTML, like Gecko; compatible; ClaudeBot/1.0; +claudebot@anthropic.com)"
216.73.216.143 - - [22/Jun/2026:12:34:03 +0000] "GET /wp-content/well-known/acme-challenge/h/ HTTP/1.1" 200 431 "-" "Mozilla/5.0 AppleWebKit/537.36 (KHTML, like Gecko; compatible; ClaudeBot/1.0; +claudebot@anthropic.com)"
216.73.216.143 - - [22/Jun/2026:12:34:03 +0000] "GET /storage/user/?C=S&O=D HTTP/1.1" 200 376 "-" "Mozilla/5.0 AppleWebKit/537.36 (KHTML, like Gecko; compatible; ClaudeBot/1.0; +claudebot@anthropic.com)"
216.73.216.143 - - [22/Jun/2026:12:34:04 +0000] "GET /storage/anime/Naruto/Naruto-episode-45.webp HTTP/1.1" 200 34881 "-" "Mozilla/5.0 AppleWebKit/537.36 (KHTML, like Gecko; compatible; ClaudeBot/1.0; +claudebot@anthropic.com)"
216.73.216.143 - - [22/Jun/2026:12:34:04 +0000] "GET /storage/anime/Witch%20Watch/Witch%20Watch-home.webp HTTP/1.1" 200 270287 "-" "Mozilla/5.0 AppleWebKit/537.36 (KHTML, like Gecko; compatible; ClaudeBot/1.0; +claudebot@anthropic.com)"
216.73.216.143 - - [22/Jun/2026:12:34:04 +0000] "GET /storage/anime/Naruto/Naruto-episode-99.webp HTTP/1.1" 200 34881 "-" "Mozilla/5.0 AppleWebKit/537.36 (KHTML, like Gecko; compatible; ClaudeBot/1.0; +claudebot@anthropic.com)"
74.7.243.214 - - [22/Jun/2026:12:34:04 +0000] "GET /storage/xenon1337.php?dir=%2Fhome%2Fokaminime0881%2Fgudanganimemovie.com%2Fpublic%2Fwell-known%2Fpki-validation%2Fg%2Fa%2Fb%2Fd HTTP/1.1" 200 1180 "http://gudanganimemovie.com.okaminime.com/storage/xenon1337.php?dir=%2Fhome%2Fokaminime0881%2Fgudanganimemovie.com%2Fpublic%2Fwell-known%2Fpki-validation%2Fg%2Fa%2Fb" "Mozilla/5.0 AppleWebKit/537.36 (KHTML, like Gecko; compatible; GPTBot/1.4; +https://openai.com/gptbot)"
216.73.216.143 - - [22/Jun/2026:12:34:04 +0000] "GET /well-known/pki-validation/b/c/ HTTP/1.1" 200 421 "-" "Mozilla/5.0 AppleWebKit/537.36 (KHTML, like Gecko; compatible; ClaudeBot/1.0; +claudebot@anthropic.com)"
216.73.216.143 - - [22/Jun/2026:12:34:04 +0000] "GET /well-known/pki-validation/c/b/ HTTP/1.1" 200 422 "-" "Mozilla/5.0 AppleWebKit/537.36 (KHTML, like Gecko; compatible; ClaudeBot/1.0; +claudebot@anthropic.com)"
216.73.216.143 - - [22/Jun/2026:12:34:04 +0000] "GET /storage/anime/Naruto/Naruto-episode-201.webp HTTP/1.1" 200 34881 "-" "Mozilla/5.0 AppleWebKit/537.36 (KHTML, like Gecko; compatible; ClaudeBot/1.0; +claudebot@anthropic.com)"
216.73.216.143 - - [22/Jun/2026:12:34:04 +0000] "GET /storage/anime/Naruto/Naruto-episode-20.webp HTTP/1.1" 200 34881 "-" "Mozilla/5.0 AppleWebKit/537.36 (KHTML, like Gecko; compatible; ClaudeBot/1.0; +claudebot@anthropic.com)"
216.73.216.143 - - [22/Jun/2026:12:34:04 +0000] "GET /img/xenon1337.php?dir=%2Fhome%2Fokaminime0881%2Fpublic_html HTTP/1.1" 200 2105 "-" "Mozilla/5.0 AppleWebKit/537.36 (KHTML, like Gecko; compatible; ClaudeBot/1.0; +claudebot@anthropic.com)"
74.7.243.214 - - [22/Jun/2026:12:34:04 +0000] "GET /storage/xenon1337.php?dir=%2Fhome%2Fokaminime0881%2Fgudanganimemovie.com%2Fpublic%2Fwell-known%2Facme-challenge%2Ff%2Fb%2Fg%2Fg HTTP/1.1" 200 1178 "http://gudanganimemovie.com.okaminime.com/storage/xenon1337.php?dir=%2Fhome%2Fokaminime0881%2Fgudanganimemovie.com%2Fpublic%2Fwell-known%2Facme-challenge%2Ff%2Fb%2Fg" "Mozilla/5.0 AppleWebKit/537.36 (KHTML, like Gecko; compatible; GPTBot/1.4; +https://openai.com/gptbot)"
216.73.216.143 - - [22/Jun/2026:12:34:04 +0000] "GET /storage/anime/Naruto/Naruto-episode-38.webp HTTP/1.1" 200 34881 "-" "Mozilla/5.0 AppleWebKit/537.36 (KHTML, like Gecko; compatible; ClaudeBot/1.0; +claudebot@anthropic.com)"
216.73.216.143 - - [22/Jun/2026:12:34:04 +0000] "GET /storage/anime/Naruto/Naruto-episode-209.webp HTTP/1.1" 200 34881 "-" "Mozilla/5.0 AppleWebKit/537.36 (KHTML, like Gecko; compatible; ClaudeBot/1.0; +claudebot@anthropic.com)"
216.73.216.143 - - [22/Jun/2026:12:34:04 +0000] "GET /storage/anime/Naruto/Naruto-episode-21.webp HTTP/1.1" 200 34881 "-" "Mozilla/5.0 AppleWebKit/537.36 (KHTML, like Gecko; compatible; ClaudeBot/1.0; +claudebot@anthropic.com)"
216.73.216.143 - - [22/Jun/2026:12:34:05 +0000] "GET /storage/anime/Naruto/Naruto-episode-193.webp HTTP/1.1" 200 34881 "-" "Mozilla/5.0 AppleWebKit/537.36 (KHTML, like Gecko; compatible; ClaudeBot/1.0; +claudebot@anthropic.com)"
216.73.216.143 - - [22/Jun/2026:12:34:05 +0000] "GET /storage/anime/Naruto/Naruto-episode-86.webp HTTP/1.1" 200 34881 "-" "Mozilla/5.0 AppleWebKit/537.36 (KHTML, like Gecko; compatible; ClaudeBot/1.0; +claudebot@anthropic.com)"
216.73.216.143 - - [22/Jun/2026:12:34:05 +0000] "GET /storage/anime/Naruto/Naruto-episode-37.webp HTTP/1.1" 200 34881 "-" "Mozilla/5.0 AppleWebKit/537.36 (KHTML, like Gecko; compatible; ClaudeBot/1.0; +claudebot@anthropic.com)"
74.7.243.214 - - [22/Jun/2026:12:34:05 +0000] "GET /storage/xenon1337.php?dir=%2Fhome%2Fokaminime0881%2Fgudanganimemovie.com%2Fpublic%2Fwell-known%2Fpki-validation%2Fh%2Fb%2Fe%2Ff HTTP/1.1" 200 1183 "http://gudanganimemovie.com.okaminime.com/storage/xenon1337.php?dir=%2Fhome%2Fokaminime0881%2Fgudanganimemovie.com%2Fpublic%2Fwell-known%2Fpki-validation%2Fh%2Fb%2Fe" "Mozilla/5.0 AppleWebKit/537.36 (KHTML, like Gecko; compatible; GPTBot/1.4; +https://openai.com/gptbot)"
216.73.216.143 - - [22/Jun/2026:12:34:05 +0000] "GET /storage/anime/Naruto/Naruto-episode-39.webp HTTP/1.1" 200 34881 "-" "Mozilla/5.0 AppleWebKit/537.36 (KHTML, like Gecko; compatible; ClaudeBot/1.0; +claudebot@anthropic.com)"
216.73.216.143 - - [22/Jun/2026:12:34:05 +0000] "GET /storage/anime/Naruto/Naruto-episode-178.webp HTTP/1.1" 200 34881 "-" "Mozilla/5.0 AppleWebKit/537.36 (KHTML, like Gecko; compatible; ClaudeBot/1.0; +claudebot@anthropic.com)"
216.73.216.143 - - [22/Jun/2026:12:34:05 +0000] "GET /storage/anime/Naruto/Naruto-episode-131.webp HTTP/1.1" 200 34881 "-" "Mozilla/5.0 AppleWebKit/537.36 (KHTML, like Gecko; compatible; ClaudeBot/1.0; +claudebot@anthropic.com)"
216.73.216.143 - - [22/Jun/2026:12:34:05 +0000] "GET /storage/anime/Naruto/Naruto-episode-30.webp HTTP/1.1" 200 34881 "-" "Mozilla/5.0 AppleWebKit/537.36 (KHTML, like Gecko; compatible; ClaudeBot/1.0; +claudebot@anthropic.com)"
216.73.216.143 - - [22/Jun/2026:12:34:05 +0000] "GET /storage/anime/Naruto/Naruto-episode-46.webp HTTP/1.1" 200 34881 "-" "Mozilla/5.0 AppleWebKit/537.36 (KHTML, like Gecko; compatible; ClaudeBot/1.0; +claudebot@anthropic.com)"
74.7.243.214 - - [22/Jun/2026:12:34:05 +0000] "GET /storage/xenon1337.php?dir=%2Fhome%2Fokaminime0881%2Fgudanganimemovie.com%2Fpublic%2Fwell-known%2Fpki-validation%2Fc%2Fe%2Fb%2Ff HTTP/1.1" 200 1184 "http://gudanganimemovie.com.okaminime.com/storage/xenon1337.php?dir=%2Fhome%2Fokaminime0881%2Fgudanganimemovie.com%2Fpublic%2Fwell-known%2Fpki-validation%2Fc%2Fe%2Fb" "Mozilla/5.0 AppleWebKit/537.36 (KHTML, like Gecko; compatible; GPTBot/1.4; +https://openai.com/gptbot)"
216.73.216.143 - - [22/Jun/2026:12:34:05 +0000] "GET /storage/anime/Naruto/Naruto-episode-82.webp HTTP/1.1" 200 34881 "-" "Mozilla/5.0 AppleWebKit/537.36 (KHTML, like Gecko; compatible; ClaudeBot/1.0; +claudebot@anthropic.com)"
216.73.216.143 - - [22/Jun/2026:12:34:05 +0000] "GET /storage/anime/Naruto/Naruto-episode-61.webp HTTP/1.1" 200 34881 "-" "Mozilla/5.0 AppleWebKit/537.36 (KHTML, like Gecko; compatible; ClaudeBot/1.0; +claudebot@anthropic.com)"
216.73.216.143 - - [22/Jun/2026:12:34:06 +0000] "GET /storage/anime/Naruto/Naruto-episode-29.webp HTTP/1.1" 200 34881 "-" "Mozilla/5.0 AppleWebKit/537.36 (KHTML, like Gecko; compatible; ClaudeBot/1.0; +claudebot@anthropic.com)"
216.73.216.143 - - [22/Jun/2026:12:34:06 +0000] "GET /storage/anime/Naruto/Naruto-episode-100.webp HTTP/1.1" 200 34881 "-" "Mozilla/5.0 AppleWebKit/537.36 (KHTML, like Gecko; compatible; ClaudeBot/1.0; +claudebot@anthropic.com)"
216.73.216.143 - - [22/Jun/2026:12:34:06 +0000] "GET /storage/anime/Naruto/Naruto-episode-97.webp HTTP/1.1" 200 34881 "-" "Mozilla/5.0 AppleWebKit/537.36 (KHTML, like Gecko; compatible; ClaudeBot/1.0; +claudebot@anthropic.com)"
74.7.243.214 - - [22/Jun/2026:12:34:06 +0000] "GET /storage/xenon1337.php?dir=%2Fhome%2Fokaminime0881%2Fgudanganimemovie.com%2Fpublic%2Fwell-known%2Facme-challenge%2Fd%2Ff%2Fh%2Ff HTTP/1.1" 200 1177 "http://gudanganimemovie.com.okaminime.com/storage/xenon1337.php?dir=%2Fhome%2Fokaminime0881%2Fgudanganimemovie.com%2Fpublic%2Fwell-known%2Facme-challenge%2Fd%2Ff%2Fh" "Mozilla/5.0 AppleWebKit/537.36 (KHTML, like Gecko; compatible; GPTBot/1.4; +https://openai.com/gptbot)"
216.73.216.143 - - [22/Jun/2026:12:34:06 +0000] "GET /storage/anime/Naruto/Naruto-episode-143.webp HTTP/1.1" 200 34881 "-" "Mozilla/5.0 AppleWebKit/537.36 (KHTML, like Gecko; compatible; ClaudeBot/1.0; +claudebot@anthropic.com)"
216.73.216.143 - - [22/Jun/2026:12:34:06 +0000] "GET /storage/anime/Naruto/Naruto-episode-55.webp HTTP/1.1" 200 34881 "-" "Mozilla/5.0 AppleWebKit/537.36 (KHTML, like Gecko; compatible; ClaudeBot/1.0; +claudebot@anthropic.com)"
216.73.216.143 - - [22/Jun/2026:12:34:06 +0000] "GET /storage/anime/Naruto/Naruto-episode-73.webp HTTP/1.1" 200 34881 "-" "Mozilla/5.0 AppleWebKit/537.36 (KHTML, like Gecko; compatible; ClaudeBot/1.0; +claudebot@anthropic.com)"
216.73.216.143 - - [22/Jun/2026:12:34:06 +0000] "GET /storage/anime/Naruto/Naruto-episode-162.webp HTTP/1.1" 200 34881 "-" "Mozilla/5.0 AppleWebKit/537.36 (KHTML, like Gecko; compatible; ClaudeBot/1.0; +claudebot@anthropic.com)"
74.7.243.214 - - [22/Jun/2026:12:34:06 +0000] "GET /storage/xenon1337.php?dir=%2Fhome%2Fokaminime0881%2Fgudanganimemovie.com%2Fpublic%2Fwell-known%2Fpki-validation%2Fc%2Fg%2Fb%2Fd HTTP/1.1" 200 1182 "http://gudanganimemovie.com.okaminime.com/storage/xenon1337.php?dir=%2Fhome%2Fokaminime0881%2Fgudanganimemovie.com%2Fpublic%2Fwell-known%2Fpki-validation%2Fc%2Fg%2Fb" "Mozilla/5.0 AppleWebKit/537.36 (KHTML, like Gecko; compatible; GPTBot/1.4; +https://openai.com/gptbot)"
216.73.216.143 - - [22/Jun/2026:12:34:06 +0000] "GET /storage/anime/Naruto/Naruto-episode-80.webp HTTP/1.1" 200 34881 "-" "Mozilla/5.0 AppleWebKit/537.36 (KHTML, like Gecko; compatible; ClaudeBot/1.0; +claudebot@anthropic.com)"
216.73.216.143 - - [22/Jun/2026:12:34:07 +0000] "GET /storage/anime/Naruto/Naruto-episode-92.webp HTTP/1.1" 200 34881 "-" "Mozilla/5.0 AppleWebKit/537.36 (KHTML, like Gecko; compatible; ClaudeBot/1.0; +claudebot@anthropic.com)"
216.73.216.143 - - [22/Jun/2026:12:34:07 +0000] "GET /storage/anime/Naruto/Naruto-episode-60.webp HTTP/1.1" 200 34881 "-" "Mozilla/5.0 AppleWebKit/537.36 (KHTML, like Gecko; compatible; ClaudeBot/1.0; +claudebot@anthropic.com)"
216.73.216.143 - - [22/Jun/2026:12:34:07 +0000] "GET /storage/anime/Naruto/Naruto-episode-1.webp HTTP/1.1" 200 34881 "-" "Mozilla/5.0 AppleWebKit/537.36 (KHTML, like Gecko; compatible; ClaudeBot/1.0; +claudebot@anthropic.com)"
216.73.216.143 - - [22/Jun/2026:12:34:07 +0000] "GET /storage/anime/Naruto/Naruto-episode-202.webp HTTP/1.1" 200 34881 "-" "Mozilla/5.0 AppleWebKit/537.36 (KHTML, like Gecko; compatible; ClaudeBot/1.0; +claudebot@anthropic.com)"
216.73.216.143 - - [22/Jun/2026:12:34:07 +0000] "GET /storage/anime/Naruto/Naruto-episode-103.webp HTTP/1.1" 200 34881 "-" "Mozilla/5.0 AppleWebKit/537.36 (KHTML, like Gecko; compatible; ClaudeBot/1.0; +claudebot@anthropic.com)"
74.7.243.214 - - [22/Jun/2026:12:34:07 +0000] "GET /storage/xenon1337.php?dir=%2Fhome%2Fokaminime0881%2Fgudanganimemovie.com%2Fpublic%2Fwell-known%2Fpki-validation%2Ff%2Fh%2Fg%2Fb HTTP/1.1" 200 1181 "http://gudanganimemovie.com.okaminime.com/storage/xenon1337.php?dir=%2Fhome%2Fokaminime0881%2Fgudanganimemovie.com%2Fpublic%2Fwell-known%2Fpki-validation%2Ff%2Fh%2Fg" "Mozilla/5.0 AppleWebKit/537.36 (KHTML, like Gecko; compatible; GPTBot/1.4; +https://openai.com/gptbot)"
216.73.216.143 - - [22/Jun/2026:12:34:07 +0000] "GET /storage/anime/Naruto/Naruto-episode-64.webp HTTP/1.1" 200 34881 "-" "Mozilla/5.0 AppleWebKit/537.36 (KHTML, like Gecko; compatible; ClaudeBot/1.0; +claudebot@anthropic.com)"
