74.7.243.214 - - [22/Jun/2026:12:35:21 +0000] "GET /storage/xenon1337.php?dir=%2Fhome%2Fokaminime0881%2Fgudanganimemovie.com%2Fpublic%2Fwell-known%2Fpki-validation%2Fd%2Ff%2Fb%2Fh HTTP/1.1" 200 1181 "http://gudanganimemovie.com.okaminime.com/storage/xenon1337.php?dir=%2Fhome%2Fokaminime0881%2Fgudanganimemovie.com%2Fpublic%2Fwell-known%2Fpki-validation%2Fd%2Ff%2Fb" "Mozilla/5.0 AppleWebKit/537.36 (KHTML, like Gecko; compatible; GPTBot/1.4; +https://openai.com/gptbot)"
216.73.216.143 - - [22/Jun/2026:12:35:21 +0000] "GET /storage/anime/One%20Piece/One%20Piece-episode-624.webp HTTP/1.1" 200 34881 "-" "Mozilla/5.0 AppleWebKit/537.36 (KHTML, like Gecko; compatible; ClaudeBot/1.0; +claudebot@anthropic.com)"
216.73.216.143 - - [22/Jun/2026:12:35:21 +0000] "GET /storage/anime/One%20Piece/One%20Piece-episode-484.webp HTTP/1.1" 200 34881 "-" "Mozilla/5.0 AppleWebKit/537.36 (KHTML, like Gecko; compatible; ClaudeBot/1.0; +claudebot@anthropic.com)"
216.73.216.143 - - [22/Jun/2026:12:35:22 +0000] "GET /storage/anime/Naruto%20Shippuden/Naruto%20Shippuden-episode-7.webp HTTP/1.1" 200 34881 "-" "Mozilla/5.0 AppleWebKit/537.36 (KHTML, like Gecko; compatible; ClaudeBot/1.0; +claudebot@anthropic.com)"
74.7.243.214 - - [22/Jun/2026:12:35:22 +0000] "GET /storage/xenon1337.php?dir=%2Fhome%2Fokaminime0881%2Fgudanganimemovie.com%2Fpublic%2Fwell-known%2Fpki-validation%2Ff%2Fg%2Fh%2Fe HTTP/1.1" 200 1180 "http://gudanganimemovie.com.okaminime.com/storage/xenon1337.php?dir=%2Fhome%2Fokaminime0881%2Fgudanganimemovie.com%2Fpublic%2Fwell-known%2Fpki-validation%2Ff%2Fg%2Fh" "Mozilla/5.0 AppleWebKit/537.36 (KHTML, like Gecko; compatible; GPTBot/1.4; +https://openai.com/gptbot)"
216.73.216.143 - - [22/Jun/2026:12:35:22 +0000] "GET /storage/anime/One%20Piece/One%20Piece-episode-579.webp HTTP/1.1" 200 34881 "-" "Mozilla/5.0 AppleWebKit/537.36 (KHTML, like Gecko; compatible; ClaudeBot/1.0; +claudebot@anthropic.com)"
74.7.243.214 - - [22/Jun/2026:12:35:22 +0000] "GET /storage/xenon1337.php?dir=%2Fhome%2Fokaminime0881%2Fgudanganimemovie.com%2Fpublic%2Fwell-known%2Fpki-validation%2Fg%2Fb%2Fe%2Fc HTTP/1.1" 200 1182 "http://gudanganimemovie.com.okaminime.com/storage/xenon1337.php?dir=%2Fhome%2Fokaminime0881%2Fgudanganimemovie.com%2Fpublic%2Fwell-known%2Fpki-validation%2Fg%2Fb%2Fe" "Mozilla/5.0 AppleWebKit/537.36 (KHTML, like Gecko; compatible; GPTBot/1.4; +https://openai.com/gptbot)"
74.7.243.214 - - [22/Jun/2026:12:35:23 +0000] "GET /storage/xenon1337.php?dir=%2Fhome%2Fokaminime0881%2Fgudanganimemovie.com%2Fpublic%2Fwell-known%2Fpki-validation%2Fb%2Ff%2Fc%2Fb HTTP/1.1" 200 1179 "http://gudanganimemovie.com.okaminime.com/storage/xenon1337.php?dir=%2Fhome%2Fokaminime0881%2Fgudanganimemovie.com%2Fpublic%2Fwell-known%2Fpki-validation%2Fb%2Ff%2Fc" "Mozilla/5.0 AppleWebKit/537.36 (KHTML, like Gecko; compatible; GPTBot/1.4; +https://openai.com/gptbot)"
74.7.243.214 - - [22/Jun/2026:12:35:23 +0000] "GET /storage/xenon1337.php?dir=%2Fhome%2Fokaminime0881%2Fgudanganimemovie.com%2Fpublic%2Fwell-known%2Fpki-validation%2Fe%2Fc%2Fg%2Fb HTTP/1.1" 200 1183 "http://gudanganimemovie.com.okaminime.com/storage/xenon1337.php?dir=%2Fhome%2Fokaminime0881%2Fgudanganimemovie.com%2Fpublic%2Fwell-known%2Fpki-validation%2Fe%2Fc%2Fg" "Mozilla/5.0 AppleWebKit/537.36 (KHTML, like Gecko; compatible; GPTBot/1.4; +https://openai.com/gptbot)"
216.73.216.143 - - [22/Jun/2026:12:35:11 +0000] "GET /storage/anime/Lazarus/Lazarus-episode-5.mp4 HTTP/1.1" 200 66160522 "-" "Mozilla/5.0 AppleWebKit/537.36 (KHTML, like Gecko; compatible; ClaudeBot/1.0; +claudebot@anthropic.com)"
216.73.216.143 - - [22/Jun/2026:12:35:08 +0000] "GET /storage/anime/Lazarus/Lazarus-episode-8.mp4 HTTP/1.1" 200 86262890 "-" "Mozilla/5.0 AppleWebKit/537.36 (KHTML, like Gecko; compatible; ClaudeBot/1.0; +claudebot@anthropic.com)"
216.73.216.143 - - [22/Jun/2026:12:35:03 +0000] "GET /storage/anime/Blue%20Lock/Blue%20Lock-episode-3.mp4 HTTP/1.1" 200 112056746 "-" "Mozilla/5.0 AppleWebKit/537.36 (KHTML, like Gecko; compatible; ClaudeBot/1.0; +claudebot@anthropic.com)"
216.73.216.143 - - [22/Jun/2026:12:35:05 +0000] "GET /storage/anime/Sanda/Sanda-episode-2.mp4 HTTP/1.1" 200 101386218 "-" "Mozilla/5.0 AppleWebKit/537.36 (KHTML, like Gecko; compatible; ClaudeBot/1.0; +claudebot@anthropic.com)"
216.73.216.143 - - [22/Jun/2026:12:35:06 +0000] "GET /storage/anime/Lazarus/Lazarus-episode-6.mp4 HTTP/1.1" 200 91476714 "-" "Mozilla/5.0 AppleWebKit/537.36 (KHTML, like Gecko; compatible; ClaudeBot/1.0; +claudebot@anthropic.com)"
216.73.216.143 - - [22/Jun/2026:12:35:05 +0000] "GET /storage/anime/Lazarus/Lazarus-episode-1.mp4 HTTP/1.1" 200 102851594 "-" "Mozilla/5.0 AppleWebKit/537.36 (KHTML, like Gecko; compatible; ClaudeBot/1.0; +claudebot@anthropic.com)"
74.7.243.214 - - [22/Jun/2026:12:35:24 +0000] "GET /storage/xenon1337.php?dir=%2Fhome%2Fokaminime0881%2Fgudanganimemovie.com%2Fpublic%2Fwell-known%2Fpki-validation%2Fb%2Ff%2Fa%2Fg HTTP/1.1" 200 1182 "http://gudanganimemovie.com.okaminime.com/storage/xenon1337.php?dir=%2Fhome%2Fokaminime0881%2Fgudanganimemovie.com%2Fpublic%2Fwell-known%2Fpki-validation%2Fb%2Ff%2Fa" "Mozilla/5.0 AppleWebKit/537.36 (KHTML, like Gecko; compatible; GPTBot/1.4; +https://openai.com/gptbot)"
74.7.243.214 - - [22/Jun/2026:12:35:24 +0000] "GET /storage/xenon1337.php?dir=%2Fhome%2Fokaminime0881%2Fgudanganimemovie.com%2Fpublic%2Fwell-known%2Fpki-validation%2Fc%2Fb%2Fa%2Fc HTTP/1.1" 200 1178 "http://gudanganimemovie.com.okaminime.com/storage/xenon1337.php?dir=%2Fhome%2Fokaminime0881%2Fgudanganimemovie.com%2Fpublic%2Fwell-known%2Fpki-validation%2Fc%2Fb%2Fa" "Mozilla/5.0 AppleWebKit/537.36 (KHTML, like Gecko; compatible; GPTBot/1.4; +https://openai.com/gptbot)"
74.7.243.214 - - [22/Jun/2026:12:35:25 +0000] "GET /storage/xenon1337.php?dir=%2Fhome%2Fokaminime0881%2Fgudanganimemovie.com%2Fpublic%2Fwell-known%2Fpki-validation%2Fd%2Fh%2Fb%2Fg HTTP/1.1" 200 1181 "http://gudanganimemovie.com.okaminime.com/storage/xenon1337.php?dir=%2Fhome%2Fokaminime0881%2Fgudanganimemovie.com%2Fpublic%2Fwell-known%2Fpki-validation%2Fd%2Fh%2Fb" "Mozilla/5.0 AppleWebKit/537.36 (KHTML, like Gecko; compatible; GPTBot/1.4; +https://openai.com/gptbot)"
74.7.243.214 - - [22/Jun/2026:12:35:25 +0000] "GET /storage/xenon1337.php?dir=%2Fhome%2Fokaminime0881%2Fgudanganimemovie.com%2Fpublic%2Fwell-known%2Fpki-validation%2Fb%2Fd%2Fg%2Ff HTTP/1.1" 200 1181 "http://gudanganimemovie.com.okaminime.com/storage/xenon1337.php?dir=%2Fhome%2Fokaminime0881%2Fgudanganimemovie.com%2Fpublic%2Fwell-known%2Fpki-validation%2Fb%2Fd%2Fg" "Mozilla/5.0 AppleWebKit/537.36 (KHTML, like Gecko; compatible; GPTBot/1.4; +https://openai.com/gptbot)"
74.7.243.214 - - [22/Jun/2026:12:35:26 +0000] "GET /storage/xenon1337.php?dir=%2Fhome%2Fokaminime0881%2Fgudanganimemovie.com%2Fpublic%2Fwell-known%2Fpki-validation%2Ff%2Fg%2Fd%2Fg HTTP/1.1" 200 1176 "http://gudanganimemovie.com.okaminime.com/storage/xenon1337.php?dir=%2Fhome%2Fokaminime0881%2Fgudanganimemovie.com%2Fpublic%2Fwell-known%2Fpki-validation%2Ff%2Fg%2Fd" "Mozilla/5.0 AppleWebKit/537.36 (KHTML, like Gecko; compatible; GPTBot/1.4; +https://openai.com/gptbot)"
74.7.243.214 - - [22/Jun/2026:12:35:26 +0000] "GET /storage/xenon1337.php?dir=%2Fhome%2Fokaminime0881%2Fgudanganimemovie.com%2Fpublic%2Fwell-known%2Facme-challenge%2Fc%2Ff%2Fg%2Ff HTTP/1.1" 200 1178 "http://gudanganimemovie.com.okaminime.com/storage/xenon1337.php?dir=%2Fhome%2Fokaminime0881%2Fgudanganimemovie.com%2Fpublic%2Fwell-known%2Facme-challenge%2Fc%2Ff%2Fg" "Mozilla/5.0 AppleWebKit/537.36 (KHTML, like Gecko; compatible; GPTBot/1.4; +https://openai.com/gptbot)"
74.7.243.214 - - [22/Jun/2026:12:35:27 +0000] "GET /storage/xenon1337.php?dir=%2Fhome%2Fokaminime0881%2Fgudanganimemovie.com%2Fpublic%2Fwell-known%2Fpki-validation%2Ff%2Fd%2Fb%2Fd HTTP/1.1" 200 1178 "http://gudanganimemovie.com.okaminime.com/storage/xenon1337.php?dir=%2Fhome%2Fokaminime0881%2Fgudanganimemovie.com%2Fpublic%2Fwell-known%2Fpki-validation%2Ff%2Fd%2Fb" "Mozilla/5.0 AppleWebKit/537.36 (KHTML, like Gecko; compatible; GPTBot/1.4; +https://openai.com/gptbot)"
74.7.243.214 - - [22/Jun/2026:12:35:28 +0000] "GET /storage/xenon1337.php?dir=%2Fhome%2Fokaminime0881%2Fgudanganimemovie.com%2Fpublic%2Fwell-known%2Fpki-validation%2Fh%2Fe%2Fg%2Fb HTTP/1.1" 200 1182 "http://gudanganimemovie.com.okaminime.com/storage/xenon1337.php?dir=%2Fhome%2Fokaminime0881%2Fgudanganimemovie.com%2Fpublic%2Fwell-known%2Fpki-validation%2Fh%2Fe%2Fg" "Mozilla/5.0 AppleWebKit/537.36 (KHTML, like Gecko; compatible; GPTBot/1.4; +https://openai.com/gptbot)"
74.7.243.214 - - [22/Jun/2026:12:35:28 +0000] "GET /storage/xenon1337.php?dir=%2Fhome%2Fokaminime0881%2Fgudanganimemovie.com%2Fpublic%2Fwell-known%2Fpki-validation%2Fa%2Fb%2Ff%2Ff HTTP/1.1" 200 1177 "http://gudanganimemovie.com.okaminime.com/storage/xenon1337.php?dir=%2Fhome%2Fokaminime0881%2Fgudanganimemovie.com%2Fpublic%2Fwell-known%2Fpki-validation%2Fa%2Fb%2Ff" "Mozilla/5.0 AppleWebKit/537.36 (KHTML, like Gecko; compatible; GPTBot/1.4; +https://openai.com/gptbot)"
74.7.243.214 - - [22/Jun/2026:12:35:29 +0000] "GET /storage/xenon1337.php?dir=%2Fhome%2Fokaminime0881%2Fgudanganimemovie.com%2Fpublic%2Fwell-known%2Fpki-validation%2Fc%2Ff%2Fa%2Fg HTTP/1.1" 200 1182 "http://gudanganimemovie.com.okaminime.com/storage/xenon1337.php?dir=%2Fhome%2Fokaminime0881%2Fgudanganimemovie.com%2Fpublic%2Fwell-known%2Fpki-validation%2Fc%2Ff%2Fa" "Mozilla/5.0 AppleWebKit/537.36 (KHTML, like Gecko; compatible; GPTBot/1.4; +https://openai.com/gptbot)"
74.7.243.214 - - [22/Jun/2026:12:35:29 +0000] "GET /storage/xenon1337.php?dir=%2Fhome%2Fokaminime0881%2Fgudanganimemovie.com%2Fpublic%2Fwell-known%2Facme-challenge%2Ff%2Fg%2Fd%2Ff HTTP/1.1" 200 1177 "http://gudanganimemovie.com.okaminime.com/storage/xenon1337.php?dir=%2Fhome%2Fokaminime0881%2Fgudanganimemovie.com%2Fpublic%2Fwell-known%2Facme-challenge%2Ff%2Fg%2Fd" "Mozilla/5.0 AppleWebKit/537.36 (KHTML, like Gecko; compatible; GPTBot/1.4; +https://openai.com/gptbot)"
74.7.243.214 - - [22/Jun/2026:12:35:30 +0000] "GET /storage/xenon1337.php?dir=%2Fhome%2Fokaminime0881%2Fgudanganimemovie.com%2Fpublic%2Fwell-known%2Facme-challenge%2Ff%2Fd%2Fh%2Fd HTTP/1.1" 200 1177 "http://gudanganimemovie.com.okaminime.com/storage/xenon1337.php?dir=%2Fhome%2Fokaminime0881%2Fgudanganimemovie.com%2Fpublic%2Fwell-known%2Facme-challenge%2Ff%2Fd%2Fh" "Mozilla/5.0 AppleWebKit/537.36 (KHTML, like Gecko; compatible; GPTBot/1.4; +https://openai.com/gptbot)"
74.7.243.214 - - [22/Jun/2026:12:35:30 +0000] "GET /storage/xenon1337.php?dir=%2Fhome%2Fokaminime0881%2Fgudanganimemovie.com%2Fpublic%2Fwell-known%2Fpki-validation%2Ff%2Fd%2Fh%2Fg HTTP/1.1" 200 1181 "http://gudanganimemovie.com.okaminime.com/storage/xenon1337.php?dir=%2Fhome%2Fokaminime0881%2Fgudanganimemovie.com%2Fpublic%2Fwell-known%2Fpki-validation%2Ff%2Fd%2Fh" "Mozilla/5.0 AppleWebKit/537.36 (KHTML, like Gecko; compatible; GPTBot/1.4; +https://openai.com/gptbot)"
74.7.243.214 - - [22/Jun/2026:12:35:31 +0000] "GET /storage/xenon1337.php?dir=%2Fhome%2Fokaminime0881%2Fgudanganimemovie.com%2Fpublic%2Fwell-known%2Facme-challenge%2Fg%2Fd%2Ff%2Fb HTTP/1.1" 200 1181 "http://gudanganimemovie.com.okaminime.com/storage/xenon1337.php?dir=%2Fhome%2Fokaminime0881%2Fgudanganimemovie.com%2Fpublic%2Fwell-known%2Facme-challenge%2Fg%2Fd%2Ff" "Mozilla/5.0 AppleWebKit/537.36 (KHTML, like Gecko; compatible; GPTBot/1.4; +https://openai.com/gptbot)"
74.7.243.214 - - [22/Jun/2026:12:35:31 +0000] "GET /storage/xenon1337.php?dir=%2Fhome%2Fokaminime0881%2Fgudanganimemovie.com%2Fpublic%2Fwell-known%2Fpki-validation%2Fd%2Ff%2Fe%2Ff HTTP/1.1" 200 1179 "http://gudanganimemovie.com.okaminime.com/storage/xenon1337.php?dir=%2Fhome%2Fokaminime0881%2Fgudanganimemovie.com%2Fpublic%2Fwell-known%2Fpki-validation%2Fd%2Ff%2Fe" "Mozilla/5.0 AppleWebKit/537.36 (KHTML, like Gecko; compatible; GPTBot/1.4; +https://openai.com/gptbot)"
74.7.243.214 - - [22/Jun/2026:12:35:32 +0000] "GET /storage/xenon1337.php?dir=%2Fhome%2Fokaminime0881%2Fgudanganimemovie.com%2Fpublic%2Fwell-known%2Facme-challenge%2Fb%2Fh%2Ff%2Fd HTTP/1.1" 200 1182 "http://gudanganimemovie.com.okaminime.com/storage/xenon1337.php?dir=%2Fhome%2Fokaminime0881%2Fgudanganimemovie.com%2Fpublic%2Fwell-known%2Facme-challenge%2Fb%2Fh%2Ff" "Mozilla/5.0 AppleWebKit/537.36 (KHTML, like Gecko; compatible; GPTBot/1.4; +https://openai.com/gptbot)"
74.7.243.214 - - [22/Jun/2026:12:35:32 +0000] "GET /storage/xenon1337.php?dir=%2Fhome%2Fokaminime0881%2Fgudanganimemovie.com%2Fpublic%2Fwell-known%2Fpki-validation%2Fd%2Fb%2Ff%2Ff HTTP/1.1" 200 1178 "http://gudanganimemovie.com.okaminime.com/storage/xenon1337.php?dir=%2Fhome%2Fokaminime0881%2Fgudanganimemovie.com%2Fpublic%2Fwell-known%2Fpki-validation%2Fd%2Fb%2Ff" "Mozilla/5.0 AppleWebKit/537.36 (KHTML, like Gecko; compatible; GPTBot/1.4; +https://openai.com/gptbot)"
74.7.243.214 - - [22/Jun/2026:12:35:33 +0000] "GET /storage/xenon1337.php?dir=%2Fhome%2Fokaminime0881%2Fgudanganimemovie.com%2Fpublic%2Fwell-known%2Facme-challenge%2Fd%2Ff%2Fb%2Fg HTTP/1.1" 200 1182 "http://gudanganimemovie.com.okaminime.com/storage/xenon1337.php?dir=%2Fhome%2Fokaminime0881%2Fgudanganimemovie.com%2Fpublic%2Fwell-known%2Facme-challenge%2Fd%2Ff%2Fb" "Mozilla/5.0 AppleWebKit/537.36 (KHTML, like Gecko; compatible; GPTBot/1.4; +https://openai.com/gptbot)"
74.7.243.214 - - [22/Jun/2026:12:35:33 +0000] "GET /storage/xenon1337.php?dir=%2Fhome%2Fokaminime0881%2Fgudanganimemovie.com%2Fpublic%2Fwell-known%2Fpki-validation%2Fc%2Ff%2Fb%2Fa HTTP/1.1" 200 1182 "http://gudanganimemovie.com.okaminime.com/storage/xenon1337.php?dir=%2Fhome%2Fokaminime0881%2Fgudanganimemovie.com%2Fpublic%2Fwell-known%2Fpki-validation%2Fc%2Ff%2Fb" "Mozilla/5.0 AppleWebKit/537.36 (KHTML, like Gecko; compatible; GPTBot/1.4; +https://openai.com/gptbot)"
74.7.243.214 - - [22/Jun/2026:12:35:34 +0000] "GET /storage/xenon1337.php?dir=%2Fhome%2Fokaminime0881%2Fgudanganimemovie.com%2Fpublic%2Fwell-known%2Fpki-validation%2Fd%2Fg%2Fb%2Fb HTTP/1.1" 200 1177 "http://gudanganimemovie.com.okaminime.com/storage/xenon1337.php?dir=%2Fhome%2Fokaminime0881%2Fgudanganimemovie.com%2Fpublic%2Fwell-known%2Fpki-validation%2Fd%2Fg%2Fb" "Mozilla/5.0 AppleWebKit/537.36 (KHTML, like Gecko; compatible; GPTBot/1.4; +https://openai.com/gptbot)"
74.7.243.214 - - [22/Jun/2026:12:35:34 +0000] "GET /storage/xenon1337.php?dir=%2Fhome%2Fokaminime0881%2Fgudanganimemovie.com%2Fpublic%2Fwell-known%2Fpki-validation%2Fh%2Ff%2Fa%2Fe HTTP/1.1" 200 1180 "http://gudanganimemovie.com.okaminime.com/storage/xenon1337.php?dir=%2Fhome%2Fokaminime0881%2Fgudanganimemovie.com%2Fpublic%2Fwell-known%2Fpki-validation%2Fh%2Ff%2Fa" "Mozilla/5.0 AppleWebKit/537.36 (KHTML, like Gecko; compatible; GPTBot/1.4; +https://openai.com/gptbot)"
74.7.243.214 - - [22/Jun/2026:12:35:35 +0000] "GET /storage/xenon1337.php?dir=%2Fhome%2Fokaminime0881%2Fgudanganimemovie.com%2Fpublic%2Fwell-known%2Fpki-validation%2Fe%2Fb%2Fa%2Ff HTTP/1.1" 200 1183 "http://gudanganimemovie.com.okaminime.com/storage/xenon1337.php?dir=%2Fhome%2Fokaminime0881%2Fgudanganimemovie.com%2Fpublic%2Fwell-known%2Fpki-validation%2Fe%2Fb%2Fa" "Mozilla/5.0 AppleWebKit/537.36 (KHTML, like Gecko; compatible; GPTBot/1.4; +https://openai.com/gptbot)"
74.7.243.214 - - [22/Jun/2026:12:35:35 +0000] "GET /storage/xenon1337.php?dir=%2Fhome%2Fokaminime0881%2Fgudanganimemovie.com%2Fpublic%2Fwell-known%2Fpki-validation%2Fc%2Ff%2Fh%2Ff HTTP/1.1" 200 1178 "http://gudanganimemovie.com.okaminime.com/storage/xenon1337.php?dir=%2Fhome%2Fokaminime0881%2Fgudanganimemovie.com%2Fpublic%2Fwell-known%2Fpki-validation%2Fc%2Ff%2Fh" "Mozilla/5.0 AppleWebKit/537.36 (KHTML, like Gecko; compatible; GPTBot/1.4; +https://openai.com/gptbot)"
74.7.243.214 - - [22/Jun/2026:12:35:36 +0000] "GET /storage/xenon1337.php?dir=%2Fhome%2Fokaminime0881%2Fgudanganimemovie.com%2Fpublic%2Fwell-known%2Fpki-validation%2Fb%2Fc%2Ff%2Fc HTTP/1.1" 200 1179 "http://gudanganimemovie.com.okaminime.com/storage/xenon1337.php?dir=%2Fhome%2Fokaminime0881%2Fgudanganimemovie.com%2Fpublic%2Fwell-known%2Fpki-validation%2Fb%2Fc%2Ff" "Mozilla/5.0 AppleWebKit/537.36 (KHTML, like Gecko; compatible; GPTBot/1.4; +https://openai.com/gptbot)"
74.7.243.214 - - [22/Jun/2026:12:35:36 +0000] "GET /storage/xenon1337.php?dir=%2Fhome%2Fokaminime0881%2Fgudanganimemovie.com%2Fpublic%2Fwell-known%2Fpki-validation%2Fa%2Fd%2Ff%2Fd HTTP/1.1" 200 1176 "http://gudanganimemovie.com.okaminime.com/storage/xenon1337.php?dir=%2Fhome%2Fokaminime0881%2Fgudanganimemovie.com%2Fpublic%2Fwell-known%2Fpki-validation%2Fa%2Fd%2Ff" "Mozilla/5.0 AppleWebKit/537.36 (KHTML, like Gecko; compatible; GPTBot/1.4; +https://openai.com/gptbot)"
74.7.243.214 - - [22/Jun/2026:12:35:37 +0000] "GET /storage/xenon1337.php?dir=%2Fhome%2Fokaminime0881%2Fgudanganimemovie.com%2Fpublic%2Fwell-known%2Facme-challenge%2Fb%2Fh%2Ff%2Fc HTTP/1.1" 200 1180 "http://gudanganimemovie.com.okaminime.com/storage/xenon1337.php?dir=%2Fhome%2Fokaminime0881%2Fgudanganimemovie.com%2Fpublic%2Fwell-known%2Facme-challenge%2Fb%2Fh%2Ff" "Mozilla/5.0 AppleWebKit/537.36 (KHTML, like Gecko; compatible; GPTBot/1.4; +https://openai.com/gptbot)"
74.7.243.214 - - [22/Jun/2026:12:35:37 +0000] "GET /storage/xenon1337.php?dir=%2Fhome%2Fokaminime0881%2Fgudanganimemovie.com%2Fpublic%2Fwell-known%2Fpki-validation%2Fd%2Ff%2Fg%2Fe HTTP/1.1" 200 1180 "http://gudanganimemovie.com.okaminime.com/storage/xenon1337.php?dir=%2Fhome%2Fokaminime0881%2Fgudanganimemovie.com%2Fpublic%2Fwell-known%2Fpki-validation%2Fd%2Ff%2Fg" "Mozilla/5.0 AppleWebKit/537.36 (KHTML, like Gecko; compatible; GPTBot/1.4; +https://openai.com/gptbot)"
74.7.243.214 - - [22/Jun/2026:12:35:38 +0000] "GET /storage/xenon1337.php?dir=%2Fhome%2Fokaminime0881%2Fgudanganimemovie.com%2Fpublic%2Fwell-known%2Fpki-validation%2Fe%2Fc%2Fb%2Fd HTTP/1.1" 200 1183 "http://gudanganimemovie.com.okaminime.com/storage/xenon1337.php?dir=%2Fhome%2Fokaminime0881%2Fgudanganimemovie.com%2Fpublic%2Fwell-known%2Fpki-validation%2Fe%2Fc%2Fb" "Mozilla/5.0 AppleWebKit/537.36 (KHTML, like Gecko; compatible; GPTBot/1.4; +https://openai.com/gptbot)"
74.7.243.214 - - [22/Jun/2026:12:35:38 +0000] "GET /storage/xenon1337.php?dir=%2Fhome%2Fokaminime0881%2Fgudanganimemovie.com%2Fpublic%2Fwell-known%2Fpki-validation%2Fa%2Fd%2Ff%2Fg HTTP/1.1" 200 1180 "http://gudanganimemovie.com.okaminime.com/storage/xenon1337.php?dir=%2Fhome%2Fokaminime0881%2Fgudanganimemovie.com%2Fpublic%2Fwell-known%2Fpki-validation%2Fa%2Fd%2Ff" "Mozilla/5.0 AppleWebKit/537.36 (KHTML, like Gecko; compatible; GPTBot/1.4; +https://openai.com/gptbot)"
74.7.243.214 - - [22/Jun/2026:12:35:39 +0000] "GET /storage/xenon1337.php?dir=%2Fhome%2Fokaminime0881%2Fgudanganimemovie.com%2Fpublic%2Fwell-known%2Fpki-validation%2Fc%2Ff%2Fa%2Fb HTTP/1.1" 200 1183 "http://gudanganimemovie.com.okaminime.com/storage/xenon1337.php?dir=%2Fhome%2Fokaminime0881%2Fgudanganimemovie.com%2Fpublic%2Fwell-known%2Fpki-validation%2Fc%2Ff%2Fa" "Mozilla/5.0 AppleWebKit/537.36 (KHTML, like Gecko; compatible; GPTBot/1.4; +https://openai.com/gptbot)"
74.7.243.214 - - [22/Jun/2026:12:35:40 +0000] "GET /storage/xenon1337.php?dir=%2Fhome%2Fokaminime0881%2Fgudanganimemovie.com%2Fpublic%2Fwell-known%2Fpki-validation%2Ff%2Fh%2Fb%2Fa HTTP/1.1" 200 1180 "http://gudanganimemovie.com.okaminime.com/storage/xenon1337.php?dir=%2Fhome%2Fokaminime0881%2Fgudanganimemovie.com%2Fpublic%2Fwell-known%2Fpki-validation%2Ff%2Fh%2Fb" "Mozilla/5.0 AppleWebKit/537.36 (KHTML, like Gecko; compatible; GPTBot/1.4; +https://openai.com/gptbot)"
216.73.216.143 - - [22/Jun/2026:12:35:20 +0000] "GET /storage/anime/One%20Punch-Man/One%20Punch-Man-episode-2.mp4 HTTP/1.1" 200 48350111 "-" "Mozilla/5.0 AppleWebKit/537.36 (KHTML, like Gecko; compatible; ClaudeBot/1.0; +claudebot@anthropic.com)"
74.7.243.214 - - [22/Jun/2026:12:35:40 +0000] "GET /storage/xenon1337.php?dir=%2Fhome%2Fokaminime0881%2Fgudanganimemovie.com%2Fpublic%2Fwell-known%2Fpki-validation%2Fg%2Fa%2Fd%2Fb HTTP/1.1" 200 1180 "http://gudanganimemovie.com.okaminime.com/storage/xenon1337.php?dir=%2Fhome%2Fokaminime0881%2Fgudanganimemovie.com%2Fpublic%2Fwell-known%2Fpki-validation%2Fg%2Fa%2Fd" "Mozilla/5.0 AppleWebKit/537.36 (KHTML, like Gecko; compatible; GPTBot/1.4; +https://openai.com/gptbot)"
74.7.243.214 - - [22/Jun/2026:12:35:41 +0000] "GET /storage/xenon1337.php?dir=%2Fhome%2Fokaminime0881%2Fgudanganimemovie.com%2Fpublic%2Fwell-known%2Fpki-validation%2Fb%2Ff%2Fg%2Fg HTTP/1.1" 200 1177 "http://gudanganimemovie.com.okaminime.com/storage/xenon1337.php?dir=%2Fhome%2Fokaminime0881%2Fgudanganimemovie.com%2Fpublic%2Fwell-known%2Fpki-validation%2Fb%2Ff%2Fg" "Mozilla/5.0 AppleWebKit/537.36 (KHTML, like Gecko; compatible; GPTBot/1.4; +https://openai.com/gptbot)"
216.73.216.143 - - [22/Jun/2026:12:35:41 +0000] "GET /storage/anime/One%20Piece/One%20Piece-episode-215.webp HTTP/1.1" 200 34881 "-" "Mozilla/5.0 AppleWebKit/537.36 (KHTML, like Gecko; compatible; ClaudeBot/1.0; +claudebot@anthropic.com)"
216.73.216.143 - - [22/Jun/2026:12:35:41 +0000] "GET /storage/anime/One%20Piece/One%20Piece-episode-808.webp HTTP/1.1" 200 34881 "-" "Mozilla/5.0 AppleWebKit/537.36 (KHTML, like Gecko; compatible; ClaudeBot/1.0; +claudebot@anthropic.com)"
216.73.216.143 - - [22/Jun/2026:12:35:41 +0000] "GET /storage/anime/One%20Piece/One%20Piece-episode-465.webp HTTP/1.1" 200 34881 "-" "Mozilla/5.0 AppleWebKit/537.36 (KHTML, like Gecko; compatible; ClaudeBot/1.0; +claudebot@anthropic.com)"
216.73.216.143 - - [22/Jun/2026:12:35:41 +0000] "GET /storage/anime/One%20Piece/One%20Piece-episode-1075.webp HTTP/1.1" 200 34881 "-" "Mozilla/5.0 AppleWebKit/537.36 (KHTML, like Gecko; compatible; ClaudeBot/1.0; +claudebot@anthropic.com)"
216.73.216.143 - - [22/Jun/2026:12:35:41 +0000] "GET /storage/anime/One%20Piece/One%20Piece-episode-217.webp HTTP/1.1" 200 34881 "-" "Mozilla/5.0 AppleWebKit/537.36 (KHTML, like Gecko; compatible; ClaudeBot/1.0; +claudebot@anthropic.com)"
74.7.243.214 - - [22/Jun/2026:12:35:41 +0000] "GET /storage/xenon1337.php?dir=%2Fhome%2Fokaminime0881%2Fgudanganimemovie.com%2Fpublic%2Fwell-known%2Fpki-validation%2Ff%2Fh%2Fe%2Fb HTTP/1.1" 200 1183 "http://gudanganimemovie.com.okaminime.com/storage/xenon1337.php?dir=%2Fhome%2Fokaminime0881%2Fgudanganimemovie.com%2Fpublic%2Fwell-known%2Fpki-validation%2Ff%2Fh%2Fe" "Mozilla/5.0 AppleWebKit/537.36 (KHTML, like Gecko; compatible; GPTBot/1.4; +https://openai.com/gptbot)"
74.7.243.214 - - [22/Jun/2026:12:35:42 +0000] "GET /storage/xenon1337.php?dir=%2Fhome%2Fokaminime0881%2Fgudanganimemovie.com%2Fpublic%2Fwell-known%2Fpki-validation%2Fc%2Fh%2Fb%2Fc HTTP/1.1" 200 1177 "http://gudanganimemovie.com.okaminime.com/storage/xenon1337.php?dir=%2Fhome%2Fokaminime0881%2Fgudanganimemovie.com%2Fpublic%2Fwell-known%2Fpki-validation%2Fc%2Fh%2Fb" "Mozilla/5.0 AppleWebKit/537.36 (KHTML, like Gecko; compatible; GPTBot/1.4; +https://openai.com/gptbot)"
74.7.243.214 - - [22/Jun/2026:12:35:42 +0000] "GET /storage/xenon1337.php?dir=%2Fhome%2Fokaminime0881%2Fgudanganimemovie.com%2Fpublic%2Fwell-known%2Facme-challenge%2Ff%2Fg%2Fb%2Fd HTTP/1.1" 200 1182 "http://gudanganimemovie.com.okaminime.com/storage/xenon1337.php?dir=%2Fhome%2Fokaminime0881%2Fgudanganimemovie.com%2Fpublic%2Fwell-known%2Facme-challenge%2Ff%2Fg%2Fb" "Mozilla/5.0 AppleWebKit/537.36 (KHTML, like Gecko; compatible; GPTBot/1.4; +https://openai.com/gptbot)"
74.7.243.214 - - [22/Jun/2026:12:35:43 +0000] "GET /storage/xenon1337.php?dir=%2Fhome%2Fokaminime0881%2Fgudanganimemovie.com%2Fpublic%2Fwell-known%2Fpki-validation%2Fb%2Fd%2Ff%2Ff HTTP/1.1" 200 1178 "http://gudanganimemovie.com.okaminime.com/storage/xenon1337.php?dir=%2Fhome%2Fokaminime0881%2Fgudanganimemovie.com%2Fpublic%2Fwell-known%2Fpki-validation%2Fb%2Fd%2Ff" "Mozilla/5.0 AppleWebKit/537.36 (KHTML, like Gecko; compatible; GPTBot/1.4; +https://openai.com/gptbot)"
74.7.243.214 - - [22/Jun/2026:12:35:43 +0000] "GET /storage/xenon1337.php?dir=%2Fhome%2Fokaminime0881%2Fgudanganimemovie.com%2Fpublic%2Fwell-known%2Fpki-validation%2Fe%2Ff%2Fa%2Fh HTTP/1.1" 200 1182 "http://gudanganimemovie.com.okaminime.com/storage/xenon1337.php?dir=%2Fhome%2Fokaminime0881%2Fgudanganimemovie.com%2Fpublic%2Fwell-known%2Fpki-validation%2Fe%2Ff%2Fa" "Mozilla/5.0 AppleWebKit/537.36 (KHTML, like Gecko; compatible; GPTBot/1.4; +https://openai.com/gptbot)"
74.7.243.214 - - [22/Jun/2026:12:35:44 +0000] "GET /storage/xenon1337.php?dir=%2Fhome%2Fokaminime0881%2Fgudanganimemovie.com%2Fpublic%2Fwell-known%2Facme-challenge%2Fb%2Fd%2Ff%2Fa HTTP/1.1" 200 1181 "http://gudanganimemovie.com.okaminime.com/storage/xenon1337.php?dir=%2Fhome%2Fokaminime0881%2Fgudanganimemovie.com%2Fpublic%2Fwell-known%2Facme-challenge%2Fb%2Fd%2Ff" "Mozilla/5.0 AppleWebKit/537.36 (KHTML, like Gecko; compatible; GPTBot/1.4; +https://openai.com/gptbot)"
216.73.216.143 - - [22/Jun/2026:12:35:17 +0000] "GET /storage/anime/Naruto/Naruto-episode-203.mp4 HTTP/1.1" 200 99497947 "-" "Mozilla/5.0 AppleWebKit/537.36 (KHTML, like Gecko; compatible; ClaudeBot/1.0; +claudebot@anthropic.com)"
74.7.243.214 - - [22/Jun/2026:12:35:44 +0000] "GET /storage/xenon1337.php?dir=%2Fhome%2Fokaminime0881%2Fgudanganimemovie.com%2Fpublic%2Fwell-known%2Fpki-validation%2Fc%2Fg%2Fb%2Fg HTTP/1.1" 200 1178 "http://gudanganimemovie.com.okaminime.com/storage/xenon1337.php?dir=%2Fhome%2Fokaminime0881%2Fgudanganimemovie.com%2Fpublic%2Fwell-known%2Fpki-validation%2Fc%2Fg%2Fb" "Mozilla/5.0 AppleWebKit/537.36 (KHTML, like Gecko; compatible; GPTBot/1.4; +https://openai.com/gptbot)"
216.73.216.143 - - [22/Jun/2026:12:35:15 +0000] "GET /storage/anime/Naruto/Naruto-episode-159.mp4 HTTP/1.1" 200 121320248 "-" "Mozilla/5.0 AppleWebKit/537.36 (KHTML, like Gecko; compatible; ClaudeBot/1.0; +claudebot@anthropic.com)"
74.7.243.214 - - [22/Jun/2026:12:35:45 +0000] "GET /storage/xenon1337.php?dir=%2Fhome%2Fokaminime0881%2Fgudanganimemovie.com%2Fpublic%2Fwell-known%2Fpki-validation%2Fd%2Fc%2Fh%2Fb HTTP/1.1" 200 1181 "http://gudanganimemovie.com.okaminime.com/storage/xenon1337.php?dir=%2Fhome%2Fokaminime0881%2Fgudanganimemovie.com%2Fpublic%2Fwell-known%2Fpki-validation%2Fd%2Fc%2Fh" "Mozilla/5.0 AppleWebKit/537.36 (KHTML, like Gecko; compatible; GPTBot/1.4; +https://openai.com/gptbot)"
216.73.216.143 - - [22/Jun/2026:12:35:15 +0000] "GET /storage/anime/Naruto/Naruto-episode-175.mp4 HTTP/1.1" 200 120019426 "-" "Mozilla/5.0 AppleWebKit/537.36 (KHTML, like Gecko; compatible; ClaudeBot/1.0; +claudebot@anthropic.com)"
74.7.243.214 - - [22/Jun/2026:12:35:45 +0000] "GET /storage/xenon1337.php?dir=%2Fhome%2Fokaminime0881%2Fgudanganimemovie.com%2Fpublic%2Fwell-known%2Fpki-validation%2Fb%2Fg%2Fd%2Fg HTTP/1.1" 200 1177 "http://gudanganimemovie.com.okaminime.com/storage/xenon1337.php?dir=%2Fhome%2Fokaminime0881%2Fgudanganimemovie.com%2Fpublic%2Fwell-known%2Fpki-validation%2Fb%2Fg%2Fd" "Mozilla/5.0 AppleWebKit/537.36 (KHTML, like Gecko; compatible; GPTBot/1.4; +https://openai.com/gptbot)"
216.73.216.143 - - [22/Jun/2026:12:35:46 +0000] "GET /storage/anime/One%20Piece/One%20Piece-episode-117.webp HTTP/1.1" 200 34881 "-" "Mozilla/5.0 AppleWebKit/537.36 (KHTML, like Gecko; compatible; ClaudeBot/1.0; +claudebot@anthropic.com)"
216.73.216.143 - - [22/Jun/2026:12:35:46 +0000] "GET /storage/anime/Mono-%20Weekend%20Animation/Mono-%20Weekend%20Animation-episode-8.jpg HTTP/1.1" 200 637841 "-" "Mozilla/5.0 AppleWebKit/537.36 (KHTML, like Gecko; compatible; ClaudeBot/1.0; +claudebot@anthropic.com)"
216.73.216.143 - - [22/Jun/2026:12:35:46 +0000] "GET /storage/anime/One%20Piece/One%20Piece-episode-634.webp HTTP/1.1" 200 34881 "-" "Mozilla/5.0 AppleWebKit/537.36 (KHTML, like Gecko; compatible; ClaudeBot/1.0; +claudebot@anthropic.com)"
216.73.216.143 - - [22/Jun/2026:12:35:46 +0000] "GET /storage/anime/One%20Piece/One%20Piece-episode-787.webp HTTP/1.1" 200 34881 "-" "Mozilla/5.0 AppleWebKit/537.36 (KHTML, like Gecko; compatible; ClaudeBot/1.0; +claudebot@anthropic.com)"
74.7.243.214 - - [22/Jun/2026:12:35:46 +0000] "GET /storage/xenon1337.php?dir=%2Fhome%2Fokaminime0881%2Fgudanganimemovie.com%2Fpublic%2Fwell-known%2Fpki-validation%2Fd%2Fa%2Fe%2Ff HTTP/1.1" 200 1183 "http://gudanganimemovie.com.okaminime.com/storage/xenon1337.php?dir=%2Fhome%2Fokaminime0881%2Fgudanganimemovie.com%2Fpublic%2Fwell-known%2Fpki-validation%2Fd%2Fa%2Fe" "Mozilla/5.0 AppleWebKit/537.36 (KHTML, like Gecko; compatible; GPTBot/1.4; +https://openai.com/gptbot)"
216.73.216.143 - - [22/Jun/2026:12:35:46 +0000] "GET /storage/anime/One%20Piece/One%20Piece-episode-961.webp HTTP/1.1" 200 34881 "-" "Mozilla/5.0 AppleWebKit/537.36 (KHTML, like Gecko; compatible; ClaudeBot/1.0; +claudebot@anthropic.com)"
216.73.216.143 - - [22/Jun/2026:12:35:46 +0000] "GET /storage/anime/One%20Piece/One%20Piece-episode-389.webp HTTP/1.1" 200 34881 "-" "Mozilla/5.0 AppleWebKit/537.36 (KHTML, like Gecko; compatible; ClaudeBot/1.0; +claudebot@anthropic.com)"
216.73.216.143 - - [22/Jun/2026:12:35:46 +0000] "GET /storage/anime/One%20Piece/One%20Piece-episode-748.webp HTTP/1.1" 200 34881 "-" "Mozilla/5.0 AppleWebKit/537.36 (KHTML, like Gecko; compatible; ClaudeBot/1.0; +claudebot@anthropic.com)"
216.73.216.143 - - [22/Jun/2026:12:35:46 +0000] "GET /storage/anime/One%20Piece/One%20Piece-episode-242.webp HTTP/1.1" 200 34881 "-" "Mozilla/5.0 AppleWebKit/537.36 (KHTML, like Gecko; compatible; ClaudeBot/1.0; +claudebot@anthropic.com)"
216.73.216.143 - - [22/Jun/2026:12:35:46 +0000] "GET /storage/anime/Modal%20Nekad/?C=D&O=A HTTP/1.1" 200 485 "-" "Mozilla/5.0 AppleWebKit/537.36 (KHTML, like Gecko; compatible; ClaudeBot/1.0; +claudebot@anthropic.com)"
216.73.216.143 - - [22/Jun/2026:12:35:46 +0000] "GET /storage/anime/Naruto%20Shippuden/Naruto%20Shippuden-episode-76.webp HTTP/1.1" 200 34881 "-" "Mozilla/5.0 AppleWebKit/537.36 (KHTML, like Gecko; compatible; ClaudeBot/1.0; +claudebot@anthropic.com)"
74.7.243.214 - - [22/Jun/2026:12:35:46 +0000] "GET /storage/xenon1337.php?dir=%2Fhome%2Fokaminime0881%2Fgudanganimemovie.com%2Fpublic%2Fwell-known%2Fpki-validation%2Fh%2Ff%2Fe%2Fg HTTP/1.1" 200 1182 "http://gudanganimemovie.com.okaminime.com/storage/xenon1337.php?dir=%2Fhome%2Fokaminime0881%2Fgudanganimemovie.com%2Fpublic%2Fwell-known%2Fpki-validation%2Fh%2Ff%2Fe" "Mozilla/5.0 AppleWebKit/537.36 (KHTML, like Gecko; compatible; GPTBot/1.4; +https://openai.com/gptbot)"
216.73.216.143 - - [22/Jun/2026:12:35:46 +0000] "GET /storage/anime/One%20Piece/One%20Piece-episode-1121.webp HTTP/1.1" 200 34881 "-" "Mozilla/5.0 AppleWebKit/537.36 (KHTML, like Gecko; compatible; ClaudeBot/1.0; +claudebot@anthropic.com)"
216.73.216.143 - - [22/Jun/2026:12:35:47 +0000] "GET /storage/anime/One%20Piece/One%20Piece-episode-226.webp HTTP/1.1" 200 34881 "-" "Mozilla/5.0 AppleWebKit/537.36 (KHTML, like Gecko; compatible; ClaudeBot/1.0; +claudebot@anthropic.com)"
216.73.216.143 - - [22/Jun/2026:12:35:16 +0000] "GET /storage/anime/Naruto/Naruto-episode-197.mp4 HTTP/1.1" 200 126877069 "-" "Mozilla/5.0 AppleWebKit/537.36 (KHTML, like Gecko; compatible; ClaudeBot/1.0; +claudebot@anthropic.com)"
216.73.216.143 - - [22/Jun/2026:12:35:47 +0000] "GET /storage/anime/Your%20Forma/Your%20Forma-episode-4.jpg HTTP/1.1" 200 637841 "-" "Mozilla/5.0 AppleWebKit/537.36 (KHTML, like Gecko; compatible; ClaudeBot/1.0; +claudebot@anthropic.com)"
216.73.216.143 - - [22/Jun/2026:12:35:47 +0000] "GET /storage/anime/One%20Piece/One%20Piece-episode-540.webp HTTP/1.1" 200 34881 "-" "Mozilla/5.0 AppleWebKit/537.36 (KHTML, like Gecko; compatible; ClaudeBot/1.0; +claudebot@anthropic.com)"
216.73.216.143 - - [22/Jun/2026:12:35:47 +0000] "GET /storage/anime/Naruto%20Shippuden/Naruto%20Shippuden-episode-9.webp HTTP/1.1" 200 34881 "-" "Mozilla/5.0 AppleWebKit/537.36 (KHTML, like Gecko; compatible; ClaudeBot/1.0; +claudebot@anthropic.com)"
74.7.243.214 - - [22/Jun/2026:12:35:47 +0000] "GET /storage/xenon1337.php?dir=%2Fhome%2Fokaminime0881%2Fgudanganimemovie.com%2Fpublic%2Fwell-known%2Fpki-validation%2Fg%2Ff%2Fa%2Fc HTTP/1.1" 200 1179 "http://gudanganimemovie.com.okaminime.com/storage/xenon1337.php?dir=%2Fhome%2Fokaminime0881%2Fgudanganimemovie.com%2Fpublic%2Fwell-known%2Fpki-validation%2Fg%2Ff%2Fa" "Mozilla/5.0 AppleWebKit/537.36 (KHTML, like Gecko; compatible; GPTBot/1.4; +https://openai.com/gptbot)"
216.73.216.143 - - [22/Jun/2026:12:35:47 +0000] "GET /storage/anime/One%20Piece/One%20Piece-episode-503.webp HTTP/1.1" 200 34881 "-" "Mozilla/5.0 AppleWebKit/537.36 (KHTML, like Gecko; compatible; ClaudeBot/1.0; +claudebot@anthropic.com)"
216.73.216.143 - - [22/Jun/2026:12:35:47 +0000] "GET /images/xenon1337.php?dir=%2Fhome%2Fokaminime0881%2Faccess-logs HTTP/1.1" 200 1557 "-" "Mozilla/5.0 AppleWebKit/537.36 (KHTML, like Gecko; compatible; ClaudeBot/1.0; +claudebot@anthropic.com)"
216.73.216.143 - - [22/Jun/2026:12:35:47 +0000] "GET /storage/anime/One%20Piece/One%20Piece-episode-1097.webp HTTP/1.1" 200 34881 "-" "Mozilla/5.0 AppleWebKit/537.36 (KHTML, like Gecko; compatible; ClaudeBot/1.0; +claudebot@anthropic.com)"
216.73.216.143 - - [22/Jun/2026:12:35:47 +0000] "GET /storage/anime/One%20Piece/One%20Piece-episode-699.webp HTTP/1.1" 200 34881 "-" "Mozilla/5.0 AppleWebKit/537.36 (KHTML, like Gecko; compatible; ClaudeBot/1.0; +claudebot@anthropic.com)"
216.73.216.143 - - [22/Jun/2026:12:35:47 +0000] "GET /storage/anime/One%20Piece/One%20Piece-episode-1068.webp HTTP/1.1" 200 34881 "-" "Mozilla/5.0 AppleWebKit/537.36 (KHTML, like Gecko; compatible; ClaudeBot/1.0; +claudebot@anthropic.com)"
74.7.243.214 - - [22/Jun/2026:12:35:48 +0000] "GET /storage/xenon1337.php?dir=%2Fhome%2Fokaminime0881%2Fgudanganimemovie.com%2Fpublic%2Fwell-known%2Fpki-validation%2Fc%2Ff%2Fh%2Fg HTTP/1.1" 200 1181 "http://gudanganimemovie.com.okaminime.com/storage/xenon1337.php?dir=%2Fhome%2Fokaminime0881%2Fgudanganimemovie.com%2Fpublic%2Fwell-known%2Fpki-validation%2Fc%2Ff%2Fh" "Mozilla/5.0 AppleWebKit/537.36 (KHTML, like Gecko; compatible; GPTBot/1.4; +https://openai.com/gptbot)"
216.73.216.143 - - [22/Jun/2026:12:35:48 +0000] "GET /storage/xenon1337.php?dir=%2Fhome%2Fokaminime0881%2Fanime%2Fstorage%2Fapp%2Fpublic%2Fanime%2FFate HTTP/1.1" 200 1550 "-" "Mozilla/5.0 AppleWebKit/537.36 (KHTML, like Gecko; compatible; ClaudeBot/1.0; +claudebot@anthropic.com)"
216.73.216.143 - - [22/Jun/2026:12:35:48 +0000] "GET /storage/anime/One%20Piece/One%20Piece-episode-690.webp HTTP/1.1" 200 34881 "-" "Mozilla/5.0 AppleWebKit/537.36 (KHTML, like Gecko; compatible; ClaudeBot/1.0; +claudebot@anthropic.com)"
216.73.216.143 - - [22/Jun/2026:12:35:48 +0000] "GET /storage/anime/One%20Piece/One%20Piece-episode-116.webp HTTP/1.1" 200 34881 "-" "Mozilla/5.0 AppleWebKit/537.36 (KHTML, like Gecko; compatible; ClaudeBot/1.0; +claudebot@anthropic.com)"
216.73.216.143 - - [22/Jun/2026:12:35:48 +0000] "GET /storage/anime/One%20Piece/One%20Piece-episode-120.webp HTTP/1.1" 200 34881 "-" "Mozilla/5.0 AppleWebKit/537.36 (KHTML, like Gecko; compatible; ClaudeBot/1.0; +claudebot@anthropic.com)"
216.73.216.143 - - [22/Jun/2026:12:35:48 +0000] "GET /storage/anime/One%20Piece/One%20Piece-episode-854.webp HTTP/1.1" 200 34881 "-" "Mozilla/5.0 AppleWebKit/537.36 (KHTML, like Gecko; compatible; ClaudeBot/1.0; +claudebot@anthropic.com)"
216.73.216.143 - - [22/Jun/2026:12:35:48 +0000] "GET /storage/anime/One%20Piece/One%20Piece-episode-613.webp HTTP/1.1" 200 34881 "-" "Mozilla/5.0 AppleWebKit/537.36 (KHTML, like Gecko; compatible; ClaudeBot/1.0; +claudebot@anthropic.com)"
74.7.243.214 - - [22/Jun/2026:12:35:48 +0000] "GET /storage/xenon1337.php?dir=%2Fhome%2Fokaminime0881%2Fgudanganimemovie.com%2Fpublic%2Fwell-known%2Fpki-validation%2Fc%2Fb%2Fd%2Fe HTTP/1.1" 200 1182 "http://gudanganimemovie.com.okaminime.com/storage/xenon1337.php?dir=%2Fhome%2Fokaminime0881%2Fgudanganimemovie.com%2Fpublic%2Fwell-known%2Fpki-validation%2Fc%2Fb%2Fd" "Mozilla/5.0 AppleWebKit/537.36 (KHTML, like Gecko; compatible; GPTBot/1.4; +https://openai.com/gptbot)"
216.73.216.143 - - [22/Jun/2026:12:35:48 +0000] "GET /storage/anime/One%20Piece/One%20Piece-episode-712.webp HTTP/1.1" 200 34881 "-" "Mozilla/5.0 AppleWebKit/537.36 (KHTML, like Gecko; compatible; ClaudeBot/1.0; +claudebot@anthropic.com)"
216.73.216.143 - - [22/Jun/2026:12:35:48 +0000] "GET /storage/anime/One%20Piece/One%20Piece-episode-170.webp HTTP/1.1" 200 34881 "-" "Mozilla/5.0 AppleWebKit/537.36 (KHTML, like Gecko; compatible; ClaudeBot/1.0; +claudebot@anthropic.com)"
216.73.216.143 - - [22/Jun/2026:12:35:48 +0000] "GET /storage/anime/One%20Piece/One%20Piece-episode-818.webp HTTP/1.1" 200 34881 "-" "Mozilla/5.0 AppleWebKit/537.36 (KHTML, like Gecko; compatible; ClaudeBot/1.0; +claudebot@anthropic.com)"
216.73.216.143 - - [22/Jun/2026:12:35:48 +0000] "GET /storage/anime/Dandadan/Dandadan-episode-5.webp HTTP/1.1" 200 34881 "-" "Mozilla/5.0 AppleWebKit/537.36 (KHTML, like Gecko; compatible; ClaudeBot/1.0; +claudebot@anthropic.com)"
216.73.216.143 - - [22/Jun/2026:12:35:49 +0000] "GET /storage/anime/One%20Piece/One%20Piece-episode-1084.webp HTTP/1.1" 200 34881 "-" "Mozilla/5.0 AppleWebKit/537.36 (KHTML, like Gecko; compatible; ClaudeBot/1.0; +claudebot@anthropic.com)"
74.7.243.214 - - [22/Jun/2026:12:35:49 +0000] "GET /storage/xenon1337.php?dir=%2Fhome%2Fokaminime0881%2Fgudanganimemovie.com%2Fpublic%2Fwell-known%2Fpki-validation%2Ff%2Fc%2Fa%2Fd HTTP/1.1" 200 1181 "http://gudanganimemovie.com.okaminime.com/storage/xenon1337.php?dir=%2Fhome%2Fokaminime0881%2Fgudanganimemovie.com%2Fpublic%2Fwell-known%2Fpki-validation%2Ff%2Fc%2Fa" "Mozilla/5.0 AppleWebKit/537.36 (KHTML, like Gecko; compatible; GPTBot/1.4; +https://openai.com/gptbot)"
216.73.216.143 - - [22/Jun/2026:12:35:49 +0000] "GET /storage/anime/Naruto%20Shippuden/Naruto%20Shippuden-episode-4.webp HTTP/1.1" 200 34881 "-" "Mozilla/5.0 AppleWebKit/537.36 (KHTML, like Gecko; compatible; ClaudeBot/1.0; +claudebot@anthropic.com)"
216.73.216.143 - - [22/Jun/2026:12:35:49 +0000] "GET /storage/anime/One%20Piece/One%20Piece-episode-422.webp HTTP/1.1" 200 34881 "-" "Mozilla/5.0 AppleWebKit/537.36 (KHTML, like Gecko; compatible; ClaudeBot/1.0; +claudebot@anthropic.com)"
216.73.216.143 - - [22/Jun/2026:12:35:49 +0000] "GET /storage/anime/One%20Piece/One%20Piece-episode-1041.webp HTTP/1.1" 200 34881 "-" "Mozilla/5.0 AppleWebKit/537.36 (KHTML, like Gecko; compatible; ClaudeBot/1.0; +claudebot@anthropic.com)"
216.73.216.143 - - [22/Jun/2026:12:35:49 +0000] "GET /storage/anime/Modal%20Nekad/?C=M&O=A HTTP/1.1" 200 484 "-" "Mozilla/5.0 AppleWebKit/537.36 (KHTML, like Gecko; compatible; ClaudeBot/1.0; +claudebot@anthropic.com)"
216.73.216.143 - - [22/Jun/2026:12:35:49 +0000] "GET /storage/anime/One%20Piece/One%20Piece-episode-869.webp HTTP/1.1" 200 34881 "-" "Mozilla/5.0 AppleWebKit/537.36 (KHTML, like Gecko; compatible; ClaudeBot/1.0; +claudebot@anthropic.com)"
74.7.243.214 - - [22/Jun/2026:12:35:49 +0000] "GET /storage/xenon1337.php?dir=%2Fhome%2Fokaminime0881%2Fgudanganimemovie.com%2Fpublic%2Fwell-known%2Fpki-validation%2Ff%2Fb%2Fh%2Fg HTTP/1.1" 200 1181 "http://gudanganimemovie.com.okaminime.com/storage/xenon1337.php?dir=%2Fhome%2Fokaminime0881%2Fgudanganimemovie.com%2Fpublic%2Fwell-known%2Fpki-validation%2Ff%2Fb%2Fh" "Mozilla/5.0 AppleWebKit/537.36 (KHTML, like Gecko; compatible; GPTBot/1.4; +https://openai.com/gptbot)"
216.73.216.143 - - [22/Jun/2026:12:35:49 +0000] "GET /storage/anime/One%20Piece/One%20Piece-episode-952.webp HTTP/1.1" 200 34881 "-" "Mozilla/5.0 AppleWebKit/537.36 (KHTML, like Gecko; compatible; ClaudeBot/1.0; +claudebot@anthropic.com)"
216.73.216.143 - - [22/Jun/2026:12:35:49 +0000] "GET /storage/anime/One%20Piece/One%20Piece-episode-1071.webp HTTP/1.1" 200 34881 "-" "Mozilla/5.0 AppleWebKit/537.36 (KHTML, like Gecko; compatible; ClaudeBot/1.0; +claudebot@anthropic.com)"
216.73.216.143 - - [22/Jun/2026:12:35:49 +0000] "GET /storage/anime/One%20Piece/One%20Piece-episode-194.webp HTTP/1.1" 200 34881 "-" "Mozilla/5.0 AppleWebKit/537.36 (KHTML, like Gecko; compatible; ClaudeBot/1.0; +claudebot@anthropic.com)"
216.73.216.143 - - [22/Jun/2026:12:35:49 +0000] "GET /storage/anime/One%20Piece/One%20Piece-episode-513.webp HTTP/1.1" 200 34881 "-" "Mozilla/5.0 AppleWebKit/537.36 (KHTML, like Gecko; compatible; ClaudeBot/1.0; +claudebot@anthropic.com)"
216.73.216.143 - - [22/Jun/2026:12:35:49 +0000] "GET /storage/anime/One%20Piece/One%20Piece-episode-759.webp HTTP/1.1" 200 34881 "-" "Mozilla/5.0 AppleWebKit/537.36 (KHTML, like Gecko; compatible; ClaudeBot/1.0; +claudebot@anthropic.com)"
216.73.216.143 - - [22/Jun/2026:12:35:50 +0000] "GET /storage/xenon1337.php?dir=%2Fhome%2Fokaminime0881%2Fanime%2Fstorage%2Fapp%2Fpublic%2Fanime%2FNaruto HTTP/1.1" 200 18018 "-" "Mozilla/5.0 AppleWebKit/537.36 (KHTML, like Gecko; compatible; ClaudeBot/1.0; +claudebot@anthropic.com)"
74.7.243.214 - - [22/Jun/2026:12:35:50 +0000] "GET /storage/xenon1337.php?dir=%2Fhome%2Fokaminime0881%2Fgudanganimemovie.com%2Fpublic%2Fwell-known%2Fpki-validation%2Fd%2Ff%2Fa%2Fa HTTP/1.1" 200 1176 "http://gudanganimemovie.com.okaminime.com/storage/xenon1337.php?dir=%2Fhome%2Fokaminime0881%2Fgudanganimemovie.com%2Fpublic%2Fwell-known%2Fpki-validation%2Fd%2Ff%2Fa" "Mozilla/5.0 AppleWebKit/537.36 (KHTML, like Gecko; compatible; GPTBot/1.4; +https://openai.com/gptbot)"
216.73.216.143 - - [22/Jun/2026:12:35:50 +0000] "GET /storage/anime/Dr.%20Stone:%20Stone%20Wars/Dr.%20Stone:%20Stone%20Wars.webp HTTP/1.1" 200 111350 "-" "Mozilla/5.0 AppleWebKit/537.36 (KHTML, like Gecko; compatible; ClaudeBot/1.0; +claudebot@anthropic.com)"
216.73.216.143 - - [22/Jun/2026:12:35:50 +0000] "GET /storage/anime/One%20Piece/One%20Piece-episode-899.webp HTTP/1.1" 200 34881 "-" "Mozilla/5.0 AppleWebKit/537.36 (KHTML, like Gecko; compatible; ClaudeBot/1.0; +claudebot@anthropic.com)"
216.73.216.143 - - [22/Jun/2026:12:35:50 +0000] "GET /storage/anime/One%20Piece/One%20Piece-episode-135.webp HTTP/1.1" 200 34881 "-" "Mozilla/5.0 AppleWebKit/537.36 (KHTML, like Gecko; compatible; ClaudeBot/1.0; +claudebot@anthropic.com)"
216.73.216.143 - - [22/Jun/2026:12:35:50 +0000] "GET /storage/anime/One%20Piece/One%20Piece-episode-852.webp HTTP/1.1" 200 34881 "-" "Mozilla/5.0 AppleWebKit/537.36 (KHTML, like Gecko; compatible; ClaudeBot/1.0; +claudebot@anthropic.com)"
216.73.216.143 - - [22/Jun/2026:12:35:50 +0000] "GET /storage/anime/Apocalypse%20Hotel/Apocalypse%20Hotel-home.webp HTTP/1.1" 200 93881 "-" "Mozilla/5.0 AppleWebKit/537.36 (KHTML, like Gecko; compatible; ClaudeBot/1.0; +claudebot@anthropic.com)"
74.7.243.214 - - [22/Jun/2026:12:35:50 +0000] "GET /storage/xenon1337.php?dir=%2Fhome%2Fokaminime0881%2Fgudanganimemovie.com%2Fpublic%2Fwell-known%2Fpki-validation%2Fb%2Fh%2Fc%2Fc HTTP/1.1" 200 1177 "http://gudanganimemovie.com.okaminime.com/storage/xenon1337.php?dir=%2Fhome%2Fokaminime0881%2Fgudanganimemovie.com%2Fpublic%2Fwell-known%2Fpki-validation%2Fb%2Fh%2Fc" "Mozilla/5.0 AppleWebKit/537.36 (KHTML, like Gecko; compatible; GPTBot/1.4; +https://openai.com/gptbot)"
216.73.216.143 - - [22/Jun/2026:12:35:50 +0000] "GET /storage/anime/One%20Piece/One%20Piece-episode-951.webp HTTP/1.1" 200 34881 "-" "Mozilla/5.0 AppleWebKit/537.36 (KHTML, like Gecko; compatible; ClaudeBot/1.0; +claudebot@anthropic.com)"
216.73.216.143 - - [22/Jun/2026:12:35:50 +0000] "GET /storage/anime/One%20Piece/One%20Piece-episode-572.webp HTTP/1.1" 200 34881 "-" "Mozilla/5.0 AppleWebKit/537.36 (KHTML, like Gecko; compatible; ClaudeBot/1.0; +claudebot@anthropic.com)"
216.73.216.143 - - [22/Jun/2026:12:35:50 +0000] "GET /storage/anime/One%20Piece/One%20Piece-episode-305.webp HTTP/1.1" 200 34881 "-" "Mozilla/5.0 AppleWebKit/537.36 (KHTML, like Gecko; compatible; ClaudeBot/1.0; +claudebot@anthropic.com)"
216.73.216.143 - - [22/Jun/2026:12:35:51 +0000] "GET /storage/anime/One%20Piece/One%20Piece-episode-241.webp HTTP/1.1" 200 34881 "-" "Mozilla/5.0 AppleWebKit/537.36 (KHTML, like Gecko; compatible; ClaudeBot/1.0; +claudebot@anthropic.com)"
216.73.216.143 - - [22/Jun/2026:12:35:51 +0000] "GET /storage/anime/One%20Piece/One%20Piece-episode-599.webp HTTP/1.1" 200 34881 "-" "Mozilla/5.0 AppleWebKit/537.36 (KHTML, like Gecko; compatible; ClaudeBot/1.0; +claudebot@anthropic.com)"
74.7.243.214 - - [22/Jun/2026:12:35:51 +0000] "GET /storage/xenon1337.php?dir=%2Fhome%2Fokaminime0881%2Fgudanganimemovie.com%2Fpublic%2Fwell-known%2Fpki-validation%2Fg%2Fb%2Fc%2Fh HTTP/1.1" 200 1182 "http://gudanganimemovie.com.okaminime.com/storage/xenon1337.php?dir=%2Fhome%2Fokaminime0881%2Fgudanganimemovie.com%2Fpublic%2Fwell-known%2Fpki-validation%2Fg%2Fb%2Fc" "Mozilla/5.0 AppleWebKit/537.36 (KHTML, like Gecko; compatible; GPTBot/1.4; +https://openai.com/gptbot)"
216.73.216.143 - - [22/Jun/2026:12:35:51 +0000] "GET /storage/anime/One%20Piece/One%20Piece-episode-811.webp HTTP/1.1" 200 34881 "-" "Mozilla/5.0 AppleWebKit/537.36 (KHTML, like Gecko; compatible; ClaudeBot/1.0; +claudebot@anthropic.com)"
216.73.216.143 - - [22/Jun/2026:12:35:51 +0000] "GET /storage/anime/One%20Piece/One%20Piece-episode-266.webp HTTP/1.1" 200 34881 "-" "Mozilla/5.0 AppleWebKit/537.36 (KHTML, like Gecko; compatible; ClaudeBot/1.0; +claudebot@anthropic.com)"
216.73.216.143 - - [22/Jun/2026:12:35:20 +0000] "GET /storage/anime/Naruto/Naruto-episode-51.mp4 HTTP/1.1" 200 137787264 "-" "Mozilla/5.0 AppleWebKit/537.36 (KHTML, like Gecko; compatible; ClaudeBot/1.0; +claudebot@anthropic.com)"
216.73.216.143 - - [22/Jun/2026:12:35:51 +0000] "GET /storage/anime/One%20Piece/One%20Piece-episode-823.webp HTTP/1.1" 200 34881 "-" "Mozilla/5.0 AppleWebKit/537.36 (KHTML, like Gecko; compatible; ClaudeBot/1.0; +claudebot@anthropic.com)"
216.73.216.143 - - [22/Jun/2026:12:35:51 +0000] "GET /storage/anime/One%20Piece/One%20Piece-episode-500.webp HTTP/1.1" 200 34881 "-" "Mozilla/5.0 AppleWebKit/537.36 (KHTML, like Gecko; compatible; ClaudeBot/1.0; +claudebot@anthropic.com)"
216.73.216.143 - - [22/Jun/2026:12:35:51 +0000] "GET /storage/anime/One%20Piece/One%20Piece-episode-747.webp HTTP/1.1" 200 34881 "-" "Mozilla/5.0 AppleWebKit/537.36 (KHTML, like Gecko; compatible; ClaudeBot/1.0; +claudebot@anthropic.com)"
216.73.216.143 - - [22/Jun/2026:12:35:51 +0000] "GET /storage/anime/One%20Piece/One%20Piece-episode-812.webp HTTP/1.1" 200 34881 "-" "Mozilla/5.0 AppleWebKit/537.36 (KHTML, like Gecko; compatible; ClaudeBot/1.0; +claudebot@anthropic.com)"
74.7.243.214 - - [22/Jun/2026:12:35:51 +0000] "GET /storage/xenon1337.php?dir=%2Fhome%2Fokaminime0881%2Fgudanganimemovie.com%2Fpublic%2Fwell-known%2Fpki-validation%2Ff%2Fa%2Fh%2Ff HTTP/1.1" 200 1176 "http://gudanganimemovie.com.okaminime.com/storage/xenon1337.php?dir=%2Fhome%2Fokaminime0881%2Fgudanganimemovie.com%2Fpublic%2Fwell-known%2Fpki-validation%2Ff%2Fa%2Fh" "Mozilla/5.0 AppleWebKit/537.36 (KHTML, like Gecko; compatible; GPTBot/1.4; +https://openai.com/gptbot)"
216.73.216.143 - - [22/Jun/2026:12:35:51 +0000] "GET /storage/anime/One%20Piece/One%20Piece-episode-477.webp HTTP/1.1" 200 34881 "-" "Mozilla/5.0 AppleWebKit/537.36 (KHTML, like Gecko; compatible; ClaudeBot/1.0; +claudebot@anthropic.com)"
216.73.216.143 - - [22/Jun/2026:12:35:51 +0000] "GET /storage/anime/One%20Piece/One%20Piece-episode-826.webp HTTP/1.1" 200 34881 "-" "Mozilla/5.0 AppleWebKit/537.36 (KHTML, like Gecko; compatible; ClaudeBot/1.0; +claudebot@anthropic.com)"
216.73.216.143 - - [22/Jun/2026:12:35:51 +0000] "GET /storage/anime/One%20Piece/One%20Piece-episode-74.webp HTTP/1.1" 200 34881 "-" "Mozilla/5.0 AppleWebKit/537.36 (KHTML, like Gecko; compatible; ClaudeBot/1.0; +claudebot@anthropic.com)"
216.73.216.143 - - [22/Jun/2026:12:35:52 +0000] "GET /storage/anime/One%20Piece/One%20Piece-episode-817.webp HTTP/1.1" 200 34881 "-" "Mozilla/5.0 AppleWebKit/537.36 (KHTML, like Gecko; compatible; ClaudeBot/1.0; +claudebot@anthropic.com)"
216.73.216.143 - - [22/Jun/2026:12:35:52 +0000] "GET /storage/anime/One%20Piece/One%20Piece-episode-504.webp HTTP/1.1" 200 34881 "-" "Mozilla/5.0 AppleWebKit/537.36 (KHTML, like Gecko; compatible; ClaudeBot/1.0; +claudebot@anthropic.com)"
216.73.216.143 - - [22/Jun/2026:12:35:52 +0000] "GET /storage/anime/One%20Piece/One%20Piece-episode-819.webp HTTP/1.1" 200 34881 "-" "Mozilla/5.0 AppleWebKit/537.36 (KHTML, like Gecko; compatible; ClaudeBot/1.0; +claudebot@anthropic.com)"
74.7.243.214 - - [22/Jun/2026:12:35:52 +0000] "GET /storage/xenon1337.php?dir=%2Fhome%2Fokaminime0881%2Fgudanganimemovie.com%2Fpublic%2Fwell-known%2Fpki-validation%2Ff%2Fh%2Fb%2Ff HTTP/1.1" 200 1177 "http://gudanganimemovie.com.okaminime.com/storage/xenon1337.php?dir=%2Fhome%2Fokaminime0881%2Fgudanganimemovie.com%2Fpublic%2Fwell-known%2Fpki-validation%2Ff%2Fh%2Fb" "Mozilla/5.0 AppleWebKit/537.36 (KHTML, like Gecko; compatible; GPTBot/1.4; +https://openai.com/gptbot)"
216.73.216.143 - - [22/Jun/2026:12:35:52 +0000] "GET /storage/anime/One%20Piece/One%20Piece-episode-1105.webp HTTP/1.1" 200 34881 "-" "Mozilla/5.0 AppleWebKit/537.36 (KHTML, like Gecko; compatible; ClaudeBot/1.0; +claudebot@anthropic.com)"
216.73.216.143 - - [22/Jun/2026:12:35:52 +0000] "GET /storage/anime/One%20Piece/One%20Piece-episode-454.webp HTTP/1.1" 200 34881 "-" "Mozilla/5.0 AppleWebKit/537.36 (KHTML, like Gecko; compatible; ClaudeBot/1.0; +claudebot@anthropic.com)"
216.73.216.143 - - [22/Jun/2026:12:35:22 +0000] "GET /storage/anime/Naruto/Naruto-episode-166.mp4 HTTP/1.1" 200 150136204 "-" "Mozilla/5.0 AppleWebKit/537.36 (KHTML, like Gecko; compatible; ClaudeBot/1.0; +claudebot@anthropic.com)"
216.73.216.143 - - [22/Jun/2026:12:35:52 +0000] "GET /storage/anime/One%20Piece/One%20Piece-episode-392.webp HTTP/1.1" 200 34881 "-" "Mozilla/5.0 AppleWebKit/537.36 (KHTML, like Gecko; compatible; ClaudeBot/1.0; +claudebot@anthropic.com)"
216.73.216.143 - - [22/Jun/2026:12:35:52 +0000] "GET /storage/anime/One%20Piece/One%20Piece-episode-373.webp HTTP/1.1" 200 34881 "-" "Mozilla/5.0 AppleWebKit/537.36 (KHTML, like Gecko; compatible; ClaudeBot/1.0; +claudebot@anthropic.com)"
74.7.243.214 - - [22/Jun/2026:12:35:52 +0000] "GET /storage/xenon1337.php?dir=%2Fhome%2Fokaminime0881%2Fgudanganimemovie.com%2Fpublic%2Fwell-known%2Fpki-validation%2Fc%2Fh%2Fa%2Ff HTTP/1.1" 200 1181 "http://gudanganimemovie.com.okaminime.com/storage/xenon1337.php?dir=%2Fhome%2Fokaminime0881%2Fgudanganimemovie.com%2Fpublic%2Fwell-known%2Fpki-validation%2Fc%2Fh%2Fa" "Mozilla/5.0 AppleWebKit/537.36 (KHTML, like Gecko; compatible; GPTBot/1.4; +https://openai.com/gptbot)"
