216.73.216.143 - - [22/Jun/2026:12:34:31 +0000] "GET /well-known/pki-validation/f/g/ HTTP/1.1" 200 422 "-" "Mozilla/5.0 AppleWebKit/537.36 (KHTML, like Gecko; compatible; ClaudeBot/1.0; +claudebot@anthropic.com)"
216.73.216.143 - - [22/Jun/2026:12:34:09 +0000] "GET /storage/anime/Blue%20Lock/Blue%20Lock-episode-10.mp4 HTTP/1.1" 200 140639718 "-" "Mozilla/5.0 AppleWebKit/537.36 (KHTML, like Gecko; compatible; ClaudeBot/1.0; +claudebot@anthropic.com)"
216.73.216.143 - - [22/Jun/2026:12:34:31 +0000] "GET /storage/xenon1337.php?dir=%2Fhome%2Fokaminime0881%2Fanime%2Fstorage%2Fapp&get_content=.gitignore HTTP/1.1" 200 486 "-" "Mozilla/5.0 AppleWebKit/537.36 (KHTML, like Gecko; compatible; ClaudeBot/1.0; +claudebot@anthropic.com)"
74.7.243.214 - - [22/Jun/2026:12:34:31 +0000] "GET /storage/xenon1337.php?dir=%2Fhome%2Fokaminime0881%2Fgudanganimemovie.com%2Fpublic%2Fwell-known%2Fpki-validation%2Fe%2Fc%2Fb%2Fg HTTP/1.1" 200 1183 "http://gudanganimemovie.com.okaminime.com/storage/xenon1337.php?dir=%2Fhome%2Fokaminime0881%2Fgudanganimemovie.com%2Fpublic%2Fwell-known%2Fpki-validation%2Fe%2Fc%2Fb" "Mozilla/5.0 AppleWebKit/537.36 (KHTML, like Gecko; compatible; GPTBot/1.4; +https://openai.com/gptbot)"
216.73.216.143 - - [22/Jun/2026:12:34:31 +0000] "GET /storage/xenon1337.php?dir=%2Fhome%2Fokaminime0881&get_content=.wp-toolkit-identifier HTTP/1.1" 200 1034 "-" "Mozilla/5.0 AppleWebKit/537.36 (KHTML, like Gecko; compatible; ClaudeBot/1.0; +claudebot@anthropic.com)"
216.73.216.143 - - [22/Jun/2026:12:34:31 +0000] "GET /storage/xenon1337.php?dir=%2Fhome%2Fokaminime0881&get_content=.htaccess HTTP/1.1" 200 890 "-" "Mozilla/5.0 AppleWebKit/537.36 (KHTML, like Gecko; compatible; ClaudeBot/1.0; +claudebot@anthropic.com)"
216.73.216.143 - - [22/Jun/2026:12:34:31 +0000] "GET /storage/xenon1337.php?dir=%2Fhome%2Fokaminime0881&get_content=.spamassassinboxenable HTTP/1.1" 200 459 "-" "Mozilla/5.0 AppleWebKit/537.36 (KHTML, like Gecko; compatible; ClaudeBot/1.0; +claudebot@anthropic.com)"
216.73.216.143 - - [22/Jun/2026:12:34:32 +0000] "GET /storage/anime/Naruto/Naruto-episode-160.webp HTTP/1.1" 200 34881 "-" "Mozilla/5.0 AppleWebKit/537.36 (KHTML, like Gecko; compatible; ClaudeBot/1.0; +claudebot@anthropic.com)"
74.7.243.214 - - [22/Jun/2026:12:34:32 +0000] "GET /storage/xenon1337.php?dir=%2Fhome%2Fokaminime0881%2Fgudanganimemovie.com%2Fpublic%2Fwell-known%2Fpki-validation%2Ff%2Fd%2Fg%2Fe HTTP/1.1" 200 1180 "http://gudanganimemovie.com.okaminime.com/storage/xenon1337.php?dir=%2Fhome%2Fokaminime0881%2Fgudanganimemovie.com%2Fpublic%2Fwell-known%2Fpki-validation%2Ff%2Fd%2Fg" "Mozilla/5.0 AppleWebKit/537.36 (KHTML, like Gecko; compatible; GPTBot/1.4; +https://openai.com/gptbot)"
216.73.216.143 - - [22/Jun/2026:12:34:26 +0000] "GET /storage/anime/One%20Piece/One%20Piece-episode-252.mp4 HTTP/1.1" 200 72251488 "-" "Mozilla/5.0 AppleWebKit/537.36 (KHTML, like Gecko; compatible; ClaudeBot/1.0; +claudebot@anthropic.com)"
74.7.243.214 - - [22/Jun/2026:12:34:32 +0000] "GET /storage/xenon1337.php?dir=%2Fhome%2Fokaminime0881%2Fgudanganimemovie.com%2Fpublic%2Fwell-known%2Fpki-validation%2Fb%2Fc%2Fa%2Fh HTTP/1.1" 200 1181 "http://gudanganimemovie.com.okaminime.com/storage/xenon1337.php?dir=%2Fhome%2Fokaminime0881%2Fgudanganimemovie.com%2Fpublic%2Fwell-known%2Fpki-validation%2Fb%2Fc%2Fa" "Mozilla/5.0 AppleWebKit/537.36 (KHTML, like Gecko; compatible; GPTBot/1.4; +https://openai.com/gptbot)"
216.73.216.143 - - [22/Jun/2026:12:34:33 +0000] "GET /storage/anime/Naruto/Naruto-episode-168.webp HTTP/1.1" 200 34881 "-" "Mozilla/5.0 AppleWebKit/537.36 (KHTML, like Gecko; compatible; ClaudeBot/1.0; +claudebot@anthropic.com)"
74.7.243.214 - - [22/Jun/2026:12:34:33 +0000] "GET /storage/xenon1337.php?dir=%2Fhome%2Fokaminime0881%2Fgudanganimemovie.com%2Fpublic%2Fwell-known%2Facme-challenge%2Fh%2Ff%2Fc%2Ff HTTP/1.1" 200 1177 "http://gudanganimemovie.com.okaminime.com/storage/xenon1337.php?dir=%2Fhome%2Fokaminime0881%2Fgudanganimemovie.com%2Fpublic%2Fwell-known%2Facme-challenge%2Fh%2Ff%2Fc" "Mozilla/5.0 AppleWebKit/537.36 (KHTML, like Gecko; compatible; GPTBot/1.4; +https://openai.com/gptbot)"
216.73.216.143 - - [22/Jun/2026:12:34:33 +0000] "GET /storage/anime/Sakamoto%20Days/Sakamoto%20Days-episode-2.webp HTTP/1.1" 200 34881 "-" "Mozilla/5.0 AppleWebKit/537.36 (KHTML, like Gecko; compatible; ClaudeBot/1.0; +claudebot@anthropic.com)"
74.7.243.214 - - [22/Jun/2026:12:34:33 +0000] "GET /storage/xenon1337.php?dir=%2Fhome%2Fokaminime0881%2Fgudanganimemovie.com%2Fpublic%2Fwell-known%2Fpki-validation%2Fd%2Fe%2Fg%2Ff HTTP/1.1" 200 1182 "http://gudanganimemovie.com.okaminime.com/storage/xenon1337.php?dir=%2Fhome%2Fokaminime0881%2Fgudanganimemovie.com%2Fpublic%2Fwell-known%2Fpki-validation%2Fd%2Fe%2Fg" "Mozilla/5.0 AppleWebKit/537.36 (KHTML, like Gecko; compatible; GPTBot/1.4; +https://openai.com/gptbot)"
74.7.243.214 - - [22/Jun/2026:12:34:34 +0000] "GET /storage/xenon1337.php?dir=%2Fhome%2Fokaminime0881%2Fgudanganimemovie.com%2Fpublic%2Fwell-known%2Fpki-validation%2Fa%2Fg%2Fh%2Fb HTTP/1.1" 200 1180 "http://gudanganimemovie.com.okaminime.com/storage/xenon1337.php?dir=%2Fhome%2Fokaminime0881%2Fgudanganimemovie.com%2Fpublic%2Fwell-known%2Fpki-validation%2Fa%2Fg%2Fh" "Mozilla/5.0 AppleWebKit/537.36 (KHTML, like Gecko; compatible; GPTBot/1.4; +https://openai.com/gptbot)"
74.7.243.214 - - [22/Jun/2026:12:34:36 +0000] "GET /storage/xenon1337.php?dir=%2Fhome%2Fokaminime0881%2Fgudanganimemovie.com%2Fpublic%2Fwell-known%2Facme-challenge%2Ff%2Fe%2Fb%2Ff HTTP/1.1" 200 1179 "http://gudanganimemovie.com.okaminime.com/storage/xenon1337.php?dir=%2Fhome%2Fokaminime0881%2Fgudanganimemovie.com%2Fpublic%2Fwell-known%2Facme-challenge%2Ff%2Fe%2Fb" "Mozilla/5.0 AppleWebKit/537.36 (KHTML, like Gecko; compatible; GPTBot/1.4; +https://openai.com/gptbot)"
74.7.243.214 - - [22/Jun/2026:12:34:36 +0000] "GET /storage/xenon1337.php?dir=%2Fhome%2Fokaminime0881%2Fgudanganimemovie.com%2Fpublic%2Fwell-known%2Fpki-validation%2Ff%2Fh%2Fg%2Fd HTTP/1.1" 200 1180 "http://gudanganimemovie.com.okaminime.com/storage/xenon1337.php?dir=%2Fhome%2Fokaminime0881%2Fgudanganimemovie.com%2Fpublic%2Fwell-known%2Fpki-validation%2Ff%2Fh%2Fg" "Mozilla/5.0 AppleWebKit/537.36 (KHTML, like Gecko; compatible; GPTBot/1.4; +https://openai.com/gptbot)"
216.73.216.143 - - [22/Jun/2026:12:34:23 +0000] "GET /storage/anime/Blue%20Lock/Blue%20Lock-episode-1.mp4 HTTP/1.1" 200 148802812 "-" "Mozilla/5.0 AppleWebKit/537.36 (KHTML, like Gecko; compatible; ClaudeBot/1.0; +claudebot@anthropic.com)"
216.73.216.143 - - [22/Jun/2026:12:34:24 +0000] "GET /storage/anime/Blue%20Lock/Blue%20Lock-episode-6.mp4 HTTP/1.1" 200 142047396 "-" "Mozilla/5.0 AppleWebKit/537.36 (KHTML, like Gecko; compatible; ClaudeBot/1.0; +claudebot@anthropic.com)"
74.7.243.214 - - [22/Jun/2026:12:34:37 +0000] "GET /storage/xenon1337.php?dir=%2Fhome%2Fokaminime0881%2Fgudanganimemovie.com%2Fpublic%2Fwell-known%2Fpki-validation%2Fh%2Fa%2Fb%2Fb HTTP/1.1" 200 1176 "http://gudanganimemovie.com.okaminime.com/storage/xenon1337.php?dir=%2Fhome%2Fokaminime0881%2Fgudanganimemovie.com%2Fpublic%2Fwell-known%2Fpki-validation%2Fh%2Fa%2Fb" "Mozilla/5.0 AppleWebKit/537.36 (KHTML, like Gecko; compatible; GPTBot/1.4; +https://openai.com/gptbot)"
74.7.243.214 - - [22/Jun/2026:12:34:37 +0000] "GET /storage/xenon1337.php?dir=%2Fhome%2Fokaminime0881%2Fgudanganimemovie.com%2Fpublic%2Fwell-known%2Fpki-validation%2Fh%2Ff%2Fc%2Ff HTTP/1.1" 200 1177 "http://gudanganimemovie.com.okaminime.com/storage/xenon1337.php?dir=%2Fhome%2Fokaminime0881%2Fgudanganimemovie.com%2Fpublic%2Fwell-known%2Fpki-validation%2Fh%2Ff%2Fc" "Mozilla/5.0 AppleWebKit/537.36 (KHTML, like Gecko; compatible; GPTBot/1.4; +https://openai.com/gptbot)"
216.73.216.143 - - [22/Jun/2026:12:34:37 +0000] "GET /storage/anime/One%20Piece/One%20Piece-episode-511.webp HTTP/1.1" 200 34881 "-" "Mozilla/5.0 AppleWebKit/537.36 (KHTML, like Gecko; compatible; ClaudeBot/1.0; +claudebot@anthropic.com)"
216.73.216.143 - - [22/Jun/2026:12:34:37 +0000] "GET /storage/xenon1337.php?dir=%2Fhome%2Fokaminime0881%2Fetc HTTP/1.1" 200 1509 "-" "Mozilla/5.0 AppleWebKit/537.36 (KHTML, like Gecko; compatible; ClaudeBot/1.0; +claudebot@anthropic.com)"
216.73.216.143 - - [22/Jun/2026:12:34:37 +0000] "GET /storage/anime/Naruto/Naruto-episode-133.webp HTTP/1.1" 200 34881 "-" "Mozilla/5.0 AppleWebKit/537.36 (KHTML, like Gecko; compatible; ClaudeBot/1.0; +claudebot@anthropic.com)"
74.7.243.214 - - [22/Jun/2026:12:34:38 +0000] "GET /storage/xenon1337.php?dir=%2Fhome%2Fokaminime0881%2Fgudanganimemovie.com%2Fpublic%2Fwell-known%2Fpki-validation%2Fd%2Fa%2Ff%2Fg HTTP/1.1" 200 1180 "http://gudanganimemovie.com.okaminime.com/storage/xenon1337.php?dir=%2Fhome%2Fokaminime0881%2Fgudanganimemovie.com%2Fpublic%2Fwell-known%2Fpki-validation%2Fd%2Fa%2Ff" "Mozilla/5.0 AppleWebKit/537.36 (KHTML, like Gecko; compatible; GPTBot/1.4; +https://openai.com/gptbot)"
216.73.216.143 - - [22/Jun/2026:12:34:38 +0000] "GET /storage/anime/Naruto/Naruto-episode-125.webp HTTP/1.1" 200 34881 "-" "Mozilla/5.0 AppleWebKit/537.36 (KHTML, like Gecko; compatible; ClaudeBot/1.0; +claudebot@anthropic.com)"
216.73.216.143 - - [22/Jun/2026:12:34:38 +0000] "GET /storage/anime/Naruto/Naruto-episode-102.webp HTTP/1.1" 200 34881 "-" "Mozilla/5.0 AppleWebKit/537.36 (KHTML, like Gecko; compatible; ClaudeBot/1.0; +claudebot@anthropic.com)"
216.73.216.143 - - [22/Jun/2026:12:34:38 +0000] "GET /img/xenon1337.php?dir=%2Fhome%2Fokaminime0881&get_content=index.html HTTP/1.1" 200 2533 "-" "Mozilla/5.0 AppleWebKit/537.36 (KHTML, like Gecko; compatible; ClaudeBot/1.0; +claudebot@anthropic.com)"
216.73.216.143 - - [22/Jun/2026:12:34:38 +0000] "GET /storage/anime/Naruto/Naruto-episode-144.webp HTTP/1.1" 200 34881 "-" "Mozilla/5.0 AppleWebKit/537.36 (KHTML, like Gecko; compatible; ClaudeBot/1.0; +claudebot@anthropic.com)"
74.7.243.214 - - [22/Jun/2026:12:34:38 +0000] "GET /storage/xenon1337.php?dir=%2Fhome%2Fokaminime0881%2Fgudanganimemovie.com%2Fpublic%2Fwell-known%2Fpki-validation%2Ff%2Fc%2Fh%2Fd HTTP/1.1" 200 1181 "http://gudanganimemovie.com.okaminime.com/storage/xenon1337.php?dir=%2Fhome%2Fokaminime0881%2Fgudanganimemovie.com%2Fpublic%2Fwell-known%2Fpki-validation%2Ff%2Fc%2Fh" "Mozilla/5.0 AppleWebKit/537.36 (KHTML, like Gecko; compatible; GPTBot/1.4; +https://openai.com/gptbot)"
74.7.243.214 - - [22/Jun/2026:12:34:39 +0000] "GET /storage/xenon1337.php?dir=%2Fhome%2Fokaminime0881%2Fgudanganimemovie.com%2Fpublic%2Fwell-known%2Fpki-validation%2Fg%2Fa%2Fd%2Ff HTTP/1.1" 200 1180 "http://gudanganimemovie.com.okaminime.com/storage/xenon1337.php?dir=%2Fhome%2Fokaminime0881%2Fgudanganimemovie.com%2Fpublic%2Fwell-known%2Fpki-validation%2Fg%2Fa%2Fd" "Mozilla/5.0 AppleWebKit/537.36 (KHTML, like Gecko; compatible; GPTBot/1.4; +https://openai.com/gptbot)"
74.7.243.214 - - [22/Jun/2026:12:34:39 +0000] "GET /storage/xenon1337.php?dir=%2Fhome%2Fokaminime0881%2Fgudanganimemovie.com%2Fpublic%2Fwell-known%2Facme-challenge%2Fb%2Fd%2Fg%2Ff HTTP/1.1" 200 1182 "http://gudanganimemovie.com.okaminime.com/storage/xenon1337.php?dir=%2Fhome%2Fokaminime0881%2Fgudanganimemovie.com%2Fpublic%2Fwell-known%2Facme-challenge%2Fb%2Fd%2Fg" "Mozilla/5.0 AppleWebKit/537.36 (KHTML, like Gecko; compatible; GPTBot/1.4; +https://openai.com/gptbot)"
216.73.216.143 - - [22/Jun/2026:12:34:29 +0000] "GET /storage/anime/Blue%20Lock/Blue%20Lock-episode-8.mp4 HTTP/1.1" 200 126950354 "-" "Mozilla/5.0 AppleWebKit/537.36 (KHTML, like Gecko; compatible; ClaudeBot/1.0; +claudebot@anthropic.com)"
74.7.243.214 - - [22/Jun/2026:12:34:40 +0000] "GET /storage/xenon1337.php?dir=%2Fhome%2Fokaminime0881%2Fgudanganimemovie.com%2Fpublic%2Fwell-known%2Fpki-validation%2Fg%2Ff%2Fh%2Fd HTTP/1.1" 200 1180 "http://gudanganimemovie.com.okaminime.com/storage/xenon1337.php?dir=%2Fhome%2Fokaminime0881%2Fgudanganimemovie.com%2Fpublic%2Fwell-known%2Fpki-validation%2Fg%2Ff%2Fh" "Mozilla/5.0 AppleWebKit/537.36 (KHTML, like Gecko; compatible; GPTBot/1.4; +https://openai.com/gptbot)"
216.73.216.143 - - [22/Jun/2026:12:34:31 +0000] "GET /storage/anime/Shabake/Shabake-episode-2.mp4 HTTP/1.1" 200 113630826 "-" "Mozilla/5.0 AppleWebKit/537.36 (KHTML, like Gecko; compatible; ClaudeBot/1.0; +claudebot@anthropic.com)"
216.73.216.143 - - [22/Jun/2026:12:34:40 +0000] "GET /storage/anime/Naruto/Naruto-episode-198.webp HTTP/1.1" 200 34881 "-" "Mozilla/5.0 AppleWebKit/537.36 (KHTML, like Gecko; compatible; ClaudeBot/1.0; +claudebot@anthropic.com)"
216.73.216.143 - - [22/Jun/2026:12:34:40 +0000] "GET /storage/anime/Naruto/Naruto-episode-141.webp HTTP/1.1" 200 34881 "-" "Mozilla/5.0 AppleWebKit/537.36 (KHTML, like Gecko; compatible; ClaudeBot/1.0; +claudebot@anthropic.com)"
74.7.243.214 - - [22/Jun/2026:12:34:40 +0000] "GET /storage/xenon1337.php?dir=%2Fhome%2Fokaminime0881%2Fgudanganimemovie.com%2Fpublic%2Fwell-known%2Fpki-validation%2Fc%2Fd%2Fa%2Ff HTTP/1.1" 200 1182 "http://gudanganimemovie.com.okaminime.com/storage/xenon1337.php?dir=%2Fhome%2Fokaminime0881%2Fgudanganimemovie.com%2Fpublic%2Fwell-known%2Fpki-validation%2Fc%2Fd%2Fa" "Mozilla/5.0 AppleWebKit/537.36 (KHTML, like Gecko; compatible; GPTBot/1.4; +https://openai.com/gptbot)"
216.73.216.143 - - [22/Jun/2026:12:34:40 +0000] "GET /well-known/pki-validation/h/a/ HTTP/1.1" 200 422 "-" "Mozilla/5.0 AppleWebKit/537.36 (KHTML, like Gecko; compatible; ClaudeBot/1.0; +claudebot@anthropic.com)"
216.73.216.143 - - [22/Jun/2026:12:34:40 +0000] "GET /well-known/pki-validation/a/h/ HTTP/1.1" 200 421 "-" "Mozilla/5.0 AppleWebKit/537.36 (KHTML, like Gecko; compatible; ClaudeBot/1.0; +claudebot@anthropic.com)"
216.73.216.143 - - [22/Jun/2026:12:34:11 +0000] "GET /storage/anime/Sanda/Sanda-episode-1.mp4 HTTP/1.1" 200 285565329 "-" "Mozilla/5.0 AppleWebKit/537.36 (KHTML, like Gecko; compatible; ClaudeBot/1.0; +claudebot@anthropic.com)"
216.73.216.143 - - [22/Jun/2026:12:34:41 +0000] "GET /storage/anime/Naruto/Naruto-episode-138.webp HTTP/1.1" 200 34881 "-" "Mozilla/5.0 AppleWebKit/537.36 (KHTML, like Gecko; compatible; ClaudeBot/1.0; +claudebot@anthropic.com)"
216.73.216.143 - - [22/Jun/2026:12:34:27 +0000] "GET /storage/anime/Naruto/Naruto-episode-2.mp4 HTTP/1.1" 200 148621440 "-" "Mozilla/5.0 AppleWebKit/537.36 (KHTML, like Gecko; compatible; ClaudeBot/1.0; +claudebot@anthropic.com)"
216.73.216.143 - - [22/Jun/2026:12:34:41 +0000] "GET /storage/anime/Anne%20Shirley/Anne%20Shirley.webp HTTP/1.1" 200 92705 "-" "Mozilla/5.0 AppleWebKit/537.36 (KHTML, like Gecko; compatible; ClaudeBot/1.0; +claudebot@anthropic.com)"
74.7.243.214 - - [22/Jun/2026:12:34:41 +0000] "GET /storage/xenon1337.php?dir=%2Fhome%2Fokaminime0881%2Fgudanganimemovie.com%2Fpublic%2Fwell-known%2Facme-challenge%2Fa%2Fd%2Ff%2Fb HTTP/1.1" 200 1181 "http://gudanganimemovie.com.okaminime.com/storage/xenon1337.php?dir=%2Fhome%2Fokaminime0881%2Fgudanganimemovie.com%2Fpublic%2Fwell-known%2Facme-challenge%2Fa%2Fd%2Ff" "Mozilla/5.0 AppleWebKit/537.36 (KHTML, like Gecko; compatible; GPTBot/1.4; +https://openai.com/gptbot)"
216.73.216.143 - - [22/Jun/2026:12:34:41 +0000] "GET /storage/anime/Naruto/Naruto-episode-163.webp HTTP/1.1" 200 34881 "-" "Mozilla/5.0 AppleWebKit/537.36 (KHTML, like Gecko; compatible; ClaudeBot/1.0; +claudebot@anthropic.com)"
216.73.216.143 - - [22/Jun/2026:12:34:41 +0000] "GET /storage/xenon1337.php?dir=%2Fhome%2Fokaminime0881%2F.config HTTP/1.1" 200 1523 "-" "Mozilla/5.0 AppleWebKit/537.36 (KHTML, like Gecko; compatible; ClaudeBot/1.0; +claudebot@anthropic.com)"
216.73.216.143 - - [22/Jun/2026:12:34:41 +0000] "GET /storage/anime/One%20Piece/One%20Piece-episode-1069.webp HTTP/1.1" 200 34881 "-" "Mozilla/5.0 AppleWebKit/537.36 (KHTML, like Gecko; compatible; ClaudeBot/1.0; +claudebot@anthropic.com)"
216.73.216.143 - - [22/Jun/2026:12:34:41 +0000] "GET /well-known/pki-validation/b/g/ HTTP/1.1" 200 421 "-" "Mozilla/5.0 AppleWebKit/537.36 (KHTML, like Gecko; compatible; ClaudeBot/1.0; +claudebot@anthropic.com)"
216.73.216.143 - - [22/Jun/2026:12:34:41 +0000] "GET /storage/anime/Sorairo%20Utility/Sorairo%20Utility-episode-2.webp HTTP/1.1" 200 34881 "-" "Mozilla/5.0 AppleWebKit/537.36 (KHTML, like Gecko; compatible; ClaudeBot/1.0; +claudebot@anthropic.com)"
216.73.216.143 - - [22/Jun/2026:12:34:41 +0000] "GET /storage/anime/Naruto/Naruto-episode-139.webp HTTP/1.1" 200 34881 "-" "Mozilla/5.0 AppleWebKit/537.36 (KHTML, like Gecko; compatible; ClaudeBot/1.0; +claudebot@anthropic.com)"
74.7.243.214 - - [22/Jun/2026:12:34:41 +0000] "GET /storage/xenon1337.php?dir=%2Fhome%2Fokaminime0881%2Fgudanganimemovie.com%2Fpublic%2Fwell-known%2Fpki-validation%2Ff%2Fc%2Fe%2Ff HTTP/1.1" 200 1180 "http://gudanganimemovie.com.okaminime.com/storage/xenon1337.php?dir=%2Fhome%2Fokaminime0881%2Fgudanganimemovie.com%2Fpublic%2Fwell-known%2Fpki-validation%2Ff%2Fc%2Fe" "Mozilla/5.0 AppleWebKit/537.36 (KHTML, like Gecko; compatible; GPTBot/1.4; +https://openai.com/gptbot)"
216.73.216.143 - - [22/Jun/2026:12:34:41 +0000] "GET /storage/anime/Naruto/Naruto-episode-180.webp HTTP/1.1" 200 34881 "-" "Mozilla/5.0 AppleWebKit/537.36 (KHTML, like Gecko; compatible; ClaudeBot/1.0; +claudebot@anthropic.com)"
216.73.216.143 - - [22/Jun/2026:12:34:42 +0000] "GET /well-known/pki-validation/f/h/ HTTP/1.1" 200 422 "-" "Mozilla/5.0 AppleWebKit/537.36 (KHTML, like Gecko; compatible; ClaudeBot/1.0; +claudebot@anthropic.com)"
216.73.216.143 - - [22/Jun/2026:12:34:42 +0000] "GET /well-known/pki-validation/h/f/ HTTP/1.1" 200 422 "-" "Mozilla/5.0 AppleWebKit/537.36 (KHTML, like Gecko; compatible; ClaudeBot/1.0; +claudebot@anthropic.com)"
216.73.216.143 - - [22/Jun/2026:12:34:42 +0000] "GET /storage/anime/Naruto/Naruto-episode-114.webp HTTP/1.1" 200 34881 "-" "Mozilla/5.0 AppleWebKit/537.36 (KHTML, like Gecko; compatible; ClaudeBot/1.0; +claudebot@anthropic.com)"
74.7.243.214 - - [22/Jun/2026:12:34:42 +0000] "GET /storage/xenon1337.php?dir=%2Fhome%2Fokaminime0881%2Fgudanganimemovie.com%2Fpublic%2Fwell-known%2Fpki-validation%2Fa%2Fb%2Ff%2Fd HTTP/1.1" 200 1181 "http://gudanganimemovie.com.okaminime.com/storage/xenon1337.php?dir=%2Fhome%2Fokaminime0881%2Fgudanganimemovie.com%2Fpublic%2Fwell-known%2Fpki-validation%2Fa%2Fb%2Ff" "Mozilla/5.0 AppleWebKit/537.36 (KHTML, like Gecko; compatible; GPTBot/1.4; +https://openai.com/gptbot)"
216.73.216.143 - - [22/Jun/2026:12:34:42 +0000] "GET /storage/anime/Naruto/Naruto-episode-161.webp HTTP/1.1" 200 34881 "-" "Mozilla/5.0 AppleWebKit/537.36 (KHTML, like Gecko; compatible; ClaudeBot/1.0; +claudebot@anthropic.com)"
216.73.216.143 - - [22/Jun/2026:12:34:42 +0000] "GET /storage/xenon1337.php?dir=%2Fhome%2Fokaminime0881&get_content=.bash_history HTTP/1.1" 200 3150 "-" "Mozilla/5.0 AppleWebKit/537.36 (KHTML, like Gecko; compatible; ClaudeBot/1.0; +claudebot@anthropic.com)"
216.73.216.143 - - [22/Jun/2026:12:34:42 +0000] "GET /storage/anime/Wind%20Breaker/Wind%20Breaker-episode-2.webp HTTP/1.1" 200 34881 "-" "Mozilla/5.0 AppleWebKit/537.36 (KHTML, like Gecko; compatible; ClaudeBot/1.0; +claudebot@anthropic.com)"
216.73.216.143 - - [22/Jun/2026:12:34:42 +0000] "GET /storage/anime/Naruto/Naruto-episode-186.webp HTTP/1.1" 200 34881 "-" "Mozilla/5.0 AppleWebKit/537.36 (KHTML, like Gecko; compatible; ClaudeBot/1.0; +claudebot@anthropic.com)"
216.73.216.143 - - [22/Jun/2026:12:34:42 +0000] "GET /storage/anime/Naruto/Naruto-episode-126.webp HTTP/1.1" 200 34881 "-" "Mozilla/5.0 AppleWebKit/537.36 (KHTML, like Gecko; compatible; ClaudeBot/1.0; +claudebot@anthropic.com)"
74.7.243.214 - - [22/Jun/2026:12:34:42 +0000] "GET /storage/xenon1337.php?dir=%2Fhome%2Fokaminime0881%2Fgudanganimemovie.com%2Fpublic%2Fwell-known%2Facme-challenge%2Fc%2Fd%2Fb%2Ff HTTP/1.1" 200 1183 "http://gudanganimemovie.com.okaminime.com/storage/xenon1337.php?dir=%2Fhome%2Fokaminime0881%2Fgudanganimemovie.com%2Fpublic%2Fwell-known%2Facme-challenge%2Fc%2Fd%2Fb" "Mozilla/5.0 AppleWebKit/537.36 (KHTML, like Gecko; compatible; GPTBot/1.4; +https://openai.com/gptbot)"
216.73.216.143 - - [22/Jun/2026:12:34:42 +0000] "GET /storage/user/?C=N&O=A HTTP/1.1" 200 378 "-" "Mozilla/5.0 AppleWebKit/537.36 (KHTML, like Gecko; compatible; ClaudeBot/1.0; +claudebot@anthropic.com)"
216.73.216.143 - - [22/Jun/2026:12:34:43 +0000] "GET /storage/anime/Naruto/Naruto-episode-129.webp HTTP/1.1" 200 34881 "-" "Mozilla/5.0 AppleWebKit/537.36 (KHTML, like Gecko; compatible; ClaudeBot/1.0; +claudebot@anthropic.com)"
74.7.243.214 - - [22/Jun/2026:12:34:43 +0000] "GET /storage/xenon1337.php?dir=%2Fhome%2Fokaminime0881%2Fgudanganimemovie.com%2Fpublic%2Fwell-known%2Fpki-validation%2Fc%2Ff%2Fb%2Fc HTTP/1.1" 200 1178 "http://gudanganimemovie.com.okaminime.com/storage/xenon1337.php?dir=%2Fhome%2Fokaminime0881%2Fgudanganimemovie.com%2Fpublic%2Fwell-known%2Fpki-validation%2Fc%2Ff%2Fb" "Mozilla/5.0 AppleWebKit/537.36 (KHTML, like Gecko; compatible; GPTBot/1.4; +https://openai.com/gptbot)"
74.7.243.214 - - [22/Jun/2026:12:34:43 +0000] "GET /storage/xenon1337.php?dir=%2Fhome%2Fokaminime0881%2Fgudanganimemovie.com%2Fpublic%2Fwell-known%2Fpki-validation%2Fc%2Ff%2Fg%2Fa HTTP/1.1" 200 1181 "http://gudanganimemovie.com.okaminime.com/storage/xenon1337.php?dir=%2Fhome%2Fokaminime0881%2Fgudanganimemovie.com%2Fpublic%2Fwell-known%2Fpki-validation%2Fc%2Ff%2Fg" "Mozilla/5.0 AppleWebKit/537.36 (KHTML, like Gecko; compatible; GPTBot/1.4; +https://openai.com/gptbot)"
74.7.243.214 - - [22/Jun/2026:12:34:44 +0000] "GET /storage/xenon1337.php?dir=%2Fhome%2Fokaminime0881%2Fgudanganimemovie.com%2Fpublic%2Fwell-known%2Fpki-validation%2Fb%2Fc%2Fd%2Fc HTTP/1.1" 200 1178 "http://gudanganimemovie.com.okaminime.com/storage/xenon1337.php?dir=%2Fhome%2Fokaminime0881%2Fgudanganimemovie.com%2Fpublic%2Fwell-known%2Fpki-validation%2Fb%2Fc%2Fd" "Mozilla/5.0 AppleWebKit/537.36 (KHTML, like Gecko; compatible; GPTBot/1.4; +https://openai.com/gptbot)"
74.7.243.214 - - [22/Jun/2026:12:34:44 +0000] "GET /storage/xenon1337.php?dir=%2Fhome%2Fokaminime0881%2Fgudanganimemovie.com%2Fpublic%2Fwell-known%2Fpki-validation%2Fd%2Ff%2Fe%2Fa HTTP/1.1" 200 1182 "http://gudanganimemovie.com.okaminime.com/storage/xenon1337.php?dir=%2Fhome%2Fokaminime0881%2Fgudanganimemovie.com%2Fpublic%2Fwell-known%2Fpki-validation%2Fd%2Ff%2Fe" "Mozilla/5.0 AppleWebKit/537.36 (KHTML, like Gecko; compatible; GPTBot/1.4; +https://openai.com/gptbot)"
74.7.243.214 - - [22/Jun/2026:12:34:45 +0000] "GET /storage/xenon1337.php?dir=%2Fhome%2Fokaminime0881%2Fgudanganimemovie.com%2Fpublic%2Fwell-known%2Fpki-validation%2Fe%2Fa%2Fc%2Ff HTTP/1.1" 200 1183 "http://gudanganimemovie.com.okaminime.com/storage/xenon1337.php?dir=%2Fhome%2Fokaminime0881%2Fgudanganimemovie.com%2Fpublic%2Fwell-known%2Fpki-validation%2Fe%2Fa%2Fc" "Mozilla/5.0 AppleWebKit/537.36 (KHTML, like Gecko; compatible; GPTBot/1.4; +https://openai.com/gptbot)"
74.7.243.214 - - [22/Jun/2026:12:34:45 +0000] "GET /storage/xenon1337.php?dir=%2Fhome%2Fokaminime0881%2Fgudanganimemovie.com%2Fpublic%2Fwell-known%2Fpki-validation%2Fc%2Fh%2Fb%2Fg HTTP/1.1" 200 1182 "http://gudanganimemovie.com.okaminime.com/storage/xenon1337.php?dir=%2Fhome%2Fokaminime0881%2Fgudanganimemovie.com%2Fpublic%2Fwell-known%2Fpki-validation%2Fc%2Fh%2Fb" "Mozilla/5.0 AppleWebKit/537.36 (KHTML, like Gecko; compatible; GPTBot/1.4; +https://openai.com/gptbot)"
74.7.243.214 - - [22/Jun/2026:12:34:46 +0000] "GET /storage/xenon1337.php?dir=%2Fhome%2Fokaminime0881%2Fgudanganimemovie.com%2Fpublic%2Fwell-known%2Facme-challenge%2Fh%2Fa%2Fb%2Ff HTTP/1.1" 200 1180 "http://gudanganimemovie.com.okaminime.com/storage/xenon1337.php?dir=%2Fhome%2Fokaminime0881%2Fgudanganimemovie.com%2Fpublic%2Fwell-known%2Facme-challenge%2Fh%2Fa%2Fb" "Mozilla/5.0 AppleWebKit/537.36 (KHTML, like Gecko; compatible; GPTBot/1.4; +https://openai.com/gptbot)"
74.7.243.214 - - [22/Jun/2026:12:34:47 +0000] "GET /storage/xenon1337.php?dir=%2Fhome%2Fokaminime0881%2Fgudanganimemovie.com%2Fpublic%2Fwell-known%2Fpki-validation%2Fb%2Fc%2Fa%2Fd HTTP/1.1" 200 1182 "http://gudanganimemovie.com.okaminime.com/storage/xenon1337.php?dir=%2Fhome%2Fokaminime0881%2Fgudanganimemovie.com%2Fpublic%2Fwell-known%2Fpki-validation%2Fb%2Fc%2Fa" "Mozilla/5.0 AppleWebKit/537.36 (KHTML, like Gecko; compatible; GPTBot/1.4; +https://openai.com/gptbot)"
74.7.243.214 - - [22/Jun/2026:12:34:47 +0000] "GET /storage/xenon1337.php?dir=%2Fhome%2Fokaminime0881%2Fgudanganimemovie.com%2Fpublic%2Fwell-known%2Facme-challenge%2Ff%2Fg%2Fb%2Fc HTTP/1.1" 200 1180 "http://gudanganimemovie.com.okaminime.com/storage/xenon1337.php?dir=%2Fhome%2Fokaminime0881%2Fgudanganimemovie.com%2Fpublic%2Fwell-known%2Facme-challenge%2Ff%2Fg%2Fb" "Mozilla/5.0 AppleWebKit/537.36 (KHTML, like Gecko; compatible; GPTBot/1.4; +https://openai.com/gptbot)"
74.7.243.214 - - [22/Jun/2026:12:34:48 +0000] "GET /storage/xenon1337.php?dir=%2Fhome%2Fokaminime0881%2Fgudanganimemovie.com%2Fpublic%2Fwell-known%2Fpki-validation%2Fd%2Fg%2Ff%2Fh HTTP/1.1" 200 1180 "http://gudanganimemovie.com.okaminime.com/storage/xenon1337.php?dir=%2Fhome%2Fokaminime0881%2Fgudanganimemovie.com%2Fpublic%2Fwell-known%2Fpki-validation%2Fd%2Fg%2Ff" "Mozilla/5.0 AppleWebKit/537.36 (KHTML, like Gecko; compatible; GPTBot/1.4; +https://openai.com/gptbot)"
74.7.243.214 - - [22/Jun/2026:12:34:48 +0000] "GET /storage/xenon1337.php?dir=%2Fhome%2Fokaminime0881%2Fgudanganimemovie.com%2Fpublic%2Fwell-known%2Fpki-validation%2Fb%2Ff%2Fg%2Fh HTTP/1.1" 200 1181 "http://gudanganimemovie.com.okaminime.com/storage/xenon1337.php?dir=%2Fhome%2Fokaminime0881%2Fgudanganimemovie.com%2Fpublic%2Fwell-known%2Fpki-validation%2Fb%2Ff%2Fg" "Mozilla/5.0 AppleWebKit/537.36 (KHTML, like Gecko; compatible; GPTBot/1.4; +https://openai.com/gptbot)"
216.73.216.143 - - [22/Jun/2026:12:34:31 +0000] "GET /storage/anime/Blue%20Lock/Blue%20Lock-episode-5.mp4 HTTP/1.1" 200 145393701 "-" "Mozilla/5.0 AppleWebKit/537.36 (KHTML, like Gecko; compatible; ClaudeBot/1.0; +claudebot@anthropic.com)"
74.7.243.214 - - [22/Jun/2026:12:34:49 +0000] "GET /storage/xenon1337.php?dir=%2Fhome%2Fokaminime0881%2Fgudanganimemovie.com%2Fpublic%2Fwell-known%2Fpki-validation%2Fb%2Fh%2Fd%2Fe HTTP/1.1" 200 1181 "http://gudanganimemovie.com.okaminime.com/storage/xenon1337.php?dir=%2Fhome%2Fokaminime0881%2Fgudanganimemovie.com%2Fpublic%2Fwell-known%2Fpki-validation%2Fb%2Fh%2Fd" "Mozilla/5.0 AppleWebKit/537.36 (KHTML, like Gecko; compatible; GPTBot/1.4; +https://openai.com/gptbot)"
74.7.243.214 - - [22/Jun/2026:12:34:49 +0000] "GET /storage/xenon1337.php?dir=%2Fhome%2Fokaminime0881%2Fgudanganimemovie.com%2Fpublic%2Fwell-known%2Fpki-validation%2Fb%2Fa%2Ff%2Fa HTTP/1.1" 200 1177 "http://gudanganimemovie.com.okaminime.com/storage/xenon1337.php?dir=%2Fhome%2Fokaminime0881%2Fgudanganimemovie.com%2Fpublic%2Fwell-known%2Fpki-validation%2Fb%2Fa%2Ff" "Mozilla/5.0 AppleWebKit/537.36 (KHTML, like Gecko; compatible; GPTBot/1.4; +https://openai.com/gptbot)"
74.7.243.214 - - [22/Jun/2026:12:34:50 +0000] "GET /storage/xenon1337.php?dir=%2Fhome%2Fokaminime0881%2Fgudanganimemovie.com%2Fpublic%2Fwell-known%2Fpki-validation%2Ff%2Fg%2Fc%2Fd HTTP/1.1" 200 1182 "http://gudanganimemovie.com.okaminime.com/storage/xenon1337.php?dir=%2Fhome%2Fokaminime0881%2Fgudanganimemovie.com%2Fpublic%2Fwell-known%2Fpki-validation%2Ff%2Fg%2Fc" "Mozilla/5.0 AppleWebKit/537.36 (KHTML, like Gecko; compatible; GPTBot/1.4; +https://openai.com/gptbot)"
216.73.216.143 - - [22/Jun/2026:12:34:50 +0000] "GET /storage/anime/Naruto/Naruto-episode-124.webp HTTP/1.1" 200 34881 "-" "Mozilla/5.0 AppleWebKit/537.36 (KHTML, like Gecko; compatible; ClaudeBot/1.0; +claudebot@anthropic.com)"
216.73.216.143 - - [22/Jun/2026:12:34:50 +0000] "GET /storage/anime/Naruto/Naruto-episode-107.webp HTTP/1.1" 200 34881 "-" "Mozilla/5.0 AppleWebKit/537.36 (KHTML, like Gecko; compatible; ClaudeBot/1.0; +claudebot@anthropic.com)"
74.7.243.214 - - [22/Jun/2026:12:34:50 +0000] "GET /storage/xenon1337.php?dir=%2Fhome%2Fokaminime0881%2Fgudanganimemovie.com%2Fpublic%2Fwell-known%2Facme-challenge%2Fd%2Fc%2Ff%2Fb HTTP/1.1" 200 1183 "http://gudanganimemovie.com.okaminime.com/storage/xenon1337.php?dir=%2Fhome%2Fokaminime0881%2Fgudanganimemovie.com%2Fpublic%2Fwell-known%2Facme-challenge%2Fd%2Fc%2Ff" "Mozilla/5.0 AppleWebKit/537.36 (KHTML, like Gecko; compatible; GPTBot/1.4; +https://openai.com/gptbot)"
216.73.216.143 - - [22/Jun/2026:12:34:50 +0000] "GET /storage/anime/Naruto/Naruto-episode-115.webp HTTP/1.1" 200 34881 "-" "Mozilla/5.0 AppleWebKit/537.36 (KHTML, like Gecko; compatible; ClaudeBot/1.0; +claudebot@anthropic.com)"
216.73.216.143 - - [22/Jun/2026:12:34:50 +0000] "GET /storage/anime/Naruto/Naruto-episode-214.webp HTTP/1.1" 200 34881 "-" "Mozilla/5.0 AppleWebKit/537.36 (KHTML, like Gecko; compatible; ClaudeBot/1.0; +claudebot@anthropic.com)"
216.73.216.143 - - [22/Jun/2026:12:34:50 +0000] "GET /well-known/pki-validation/d/g/ HTTP/1.1" 200 422 "-" "Mozilla/5.0 AppleWebKit/537.36 (KHTML, like Gecko; compatible; ClaudeBot/1.0; +claudebot@anthropic.com)"
216.73.216.143 - - [22/Jun/2026:12:34:51 +0000] "GET /well-known/acme-challenge/e/c/ HTTP/1.1" 200 424 "-" "Mozilla/5.0 AppleWebKit/537.36 (KHTML, like Gecko; compatible; ClaudeBot/1.0; +claudebot@anthropic.com)"
216.73.216.143 - - [22/Jun/2026:12:34:51 +0000] "GET /storage/anime/One%20Punch-Man/One%20Punch-Man-episode-2.webp HTTP/1.1" 200 34881 "-" "Mozilla/5.0 AppleWebKit/537.36 (KHTML, like Gecko; compatible; ClaudeBot/1.0; +claudebot@anthropic.com)"
74.7.243.214 - - [22/Jun/2026:12:34:51 +0000] "GET /storage/xenon1337.php?dir=%2Fhome%2Fokaminime0881%2Fgudanganimemovie.com%2Fpublic%2Fwell-known%2Facme-challenge%2Fd%2Fb%2Fa%2Ff HTTP/1.1" 200 1181 "http://gudanganimemovie.com.okaminime.com/storage/xenon1337.php?dir=%2Fhome%2Fokaminime0881%2Fgudanganimemovie.com%2Fpublic%2Fwell-known%2Facme-challenge%2Fd%2Fb%2Fa" "Mozilla/5.0 AppleWebKit/537.36 (KHTML, like Gecko; compatible; GPTBot/1.4; +https://openai.com/gptbot)"
74.7.243.214 - - [22/Jun/2026:12:34:51 +0000] "GET /storage/xenon1337.php?dir=%2Fhome%2Fokaminime0881%2Fgudanganimemovie.com%2Fpublic%2Fwell-known%2Fpki-validation%2Fb%2Ff%2Fa%2Fa HTTP/1.1" 200 1177 "http://gudanganimemovie.com.okaminime.com/storage/xenon1337.php?dir=%2Fhome%2Fokaminime0881%2Fgudanganimemovie.com%2Fpublic%2Fwell-known%2Fpki-validation%2Fb%2Ff%2Fa" "Mozilla/5.0 AppleWebKit/537.36 (KHTML, like Gecko; compatible; GPTBot/1.4; +https://openai.com/gptbot)"
74.7.243.214 - - [22/Jun/2026:12:34:52 +0000] "GET /storage/xenon1337.php?dir=%2Fhome%2Fokaminime0881%2Fgudanganimemovie.com%2Fpublic%2Fwell-known%2Fpki-validation%2Ff%2Fg%2Fb%2Fg HTTP/1.1" 200 1177 "http://gudanganimemovie.com.okaminime.com/storage/xenon1337.php?dir=%2Fhome%2Fokaminime0881%2Fgudanganimemovie.com%2Fpublic%2Fwell-known%2Fpki-validation%2Ff%2Fg%2Fb" "Mozilla/5.0 AppleWebKit/537.36 (KHTML, like Gecko; compatible; GPTBot/1.4; +https://openai.com/gptbot)"
74.7.243.214 - - [22/Jun/2026:12:34:52 +0000] "GET /storage/xenon1337.php?dir=%2Fhome%2Fokaminime0881%2Fgudanganimemovie.com%2Fpublic%2Fwell-known%2Fpki-validation%2Ff%2Fe%2Fc%2Fa HTTP/1.1" 200 1183 "http://gudanganimemovie.com.okaminime.com/storage/xenon1337.php?dir=%2Fhome%2Fokaminime0881%2Fgudanganimemovie.com%2Fpublic%2Fwell-known%2Fpki-validation%2Ff%2Fe%2Fc" "Mozilla/5.0 AppleWebKit/537.36 (KHTML, like Gecko; compatible; GPTBot/1.4; +https://openai.com/gptbot)"
74.7.243.214 - - [22/Jun/2026:12:34:53 +0000] "GET /storage/xenon1337.php?dir=%2Fhome%2Fokaminime0881%2Fgudanganimemovie.com%2Fpublic%2Fwell-known%2Fpki-validation%2Ff%2Fd%2Fe%2Fh HTTP/1.1" 200 1183 "http://gudanganimemovie.com.okaminime.com/storage/xenon1337.php?dir=%2Fhome%2Fokaminime0881%2Fgudanganimemovie.com%2Fpublic%2Fwell-known%2Fpki-validation%2Ff%2Fd%2Fe" "Mozilla/5.0 AppleWebKit/537.36 (KHTML, like Gecko; compatible; GPTBot/1.4; +https://openai.com/gptbot)"
74.7.243.214 - - [22/Jun/2026:12:34:53 +0000] "GET /storage/xenon1337.php?dir=%2Fhome%2Fokaminime0881%2Fgudanganimemovie.com%2Fpublic%2Fwell-known%2Facme-challenge%2Fb%2Ff%2Fd%2Fc HTTP/1.1" 200 1181 "http://gudanganimemovie.com.okaminime.com/storage/xenon1337.php?dir=%2Fhome%2Fokaminime0881%2Fgudanganimemovie.com%2Fpublic%2Fwell-known%2Facme-challenge%2Fb%2Ff%2Fd" "Mozilla/5.0 AppleWebKit/537.36 (KHTML, like Gecko; compatible; GPTBot/1.4; +https://openai.com/gptbot)"
74.7.243.214 - - [22/Jun/2026:12:34:54 +0000] "GET /storage/xenon1337.php?dir=%2Fhome%2Fokaminime0881%2Fgudanganimemovie.com%2Fpublic%2Fwell-known%2Facme-challenge%2Fc%2Ff%2Fb%2Fh HTTP/1.1" 200 1183 "http://gudanganimemovie.com.okaminime.com/storage/xenon1337.php?dir=%2Fhome%2Fokaminime0881%2Fgudanganimemovie.com%2Fpublic%2Fwell-known%2Facme-challenge%2Fc%2Ff%2Fb" "Mozilla/5.0 AppleWebKit/537.36 (KHTML, like Gecko; compatible; GPTBot/1.4; +https://openai.com/gptbot)"
74.7.243.214 - - [22/Jun/2026:12:34:55 +0000] "GET /storage/xenon1337.php?dir=%2Fhome%2Fokaminime0881%2Fgudanganimemovie.com%2Fpublic%2Fwell-known%2Fpki-validation%2Fh%2Fa%2Fb%2Fh HTTP/1.1" 200 1176 "http://gudanganimemovie.com.okaminime.com/storage/xenon1337.php?dir=%2Fhome%2Fokaminime0881%2Fgudanganimemovie.com%2Fpublic%2Fwell-known%2Fpki-validation%2Fh%2Fa%2Fb" "Mozilla/5.0 AppleWebKit/537.36 (KHTML, like Gecko; compatible; GPTBot/1.4; +https://openai.com/gptbot)"
74.7.243.214 - - [22/Jun/2026:12:34:55 +0000] "GET /storage/xenon1337.php?dir=%2Fhome%2Fokaminime0881%2Fgudanganimemovie.com%2Fpublic%2Fwell-known%2Fpki-validation%2Fb%2Fh%2Fe%2Fd HTTP/1.1" 200 1183 "http://gudanganimemovie.com.okaminime.com/storage/xenon1337.php?dir=%2Fhome%2Fokaminime0881%2Fgudanganimemovie.com%2Fpublic%2Fwell-known%2Fpki-validation%2Fb%2Fh%2Fe" "Mozilla/5.0 AppleWebKit/537.36 (KHTML, like Gecko; compatible; GPTBot/1.4; +https://openai.com/gptbot)"
74.7.243.214 - - [22/Jun/2026:12:34:56 +0000] "GET /storage/xenon1337.php?dir=%2Fhome%2Fokaminime0881%2Fgudanganimemovie.com%2Fpublic%2Fwell-known%2Fpki-validation%2Fa%2Ff%2Fd%2Fh HTTP/1.1" 200 1180 "http://gudanganimemovie.com.okaminime.com/storage/xenon1337.php?dir=%2Fhome%2Fokaminime0881%2Fgudanganimemovie.com%2Fpublic%2Fwell-known%2Fpki-validation%2Fa%2Ff%2Fd" "Mozilla/5.0 AppleWebKit/537.36 (KHTML, like Gecko; compatible; GPTBot/1.4; +https://openai.com/gptbot)"
74.7.243.214 - - [22/Jun/2026:12:34:56 +0000] "GET /storage/xenon1337.php?dir=%2Fhome%2Fokaminime0881%2Fgudanganimemovie.com%2Fpublic%2Fwell-known%2Facme-challenge%2Ff%2Fd%2Fb%2Fg HTTP/1.1" 200 1182 "http://gudanganimemovie.com.okaminime.com/storage/xenon1337.php?dir=%2Fhome%2Fokaminime0881%2Fgudanganimemovie.com%2Fpublic%2Fwell-known%2Facme-challenge%2Ff%2Fd%2Fb" "Mozilla/5.0 AppleWebKit/537.36 (KHTML, like Gecko; compatible; GPTBot/1.4; +https://openai.com/gptbot)"
74.7.243.214 - - [22/Jun/2026:12:34:57 +0000] "GET /storage/xenon1337.php?dir=%2Fhome%2Fokaminime0881%2Fgudanganimemovie.com%2Fpublic%2Fwell-known%2Fpki-validation%2Fg%2Fb%2Fd%2Fg HTTP/1.1" 200 1177 "http://gudanganimemovie.com.okaminime.com/storage/xenon1337.php?dir=%2Fhome%2Fokaminime0881%2Fgudanganimemovie.com%2Fpublic%2Fwell-known%2Fpki-validation%2Fg%2Fb%2Fd" "Mozilla/5.0 AppleWebKit/537.36 (KHTML, like Gecko; compatible; GPTBot/1.4; +https://openai.com/gptbot)"
74.7.243.214 - - [22/Jun/2026:12:34:57 +0000] "GET /storage/xenon1337.php?dir=%2Fhome%2Fokaminime0881%2Fgudanganimemovie.com%2Fpublic%2Fwell-known%2Fpki-validation%2Ff%2Fb%2Fc%2Fd HTTP/1.1" 200 1183 "http://gudanganimemovie.com.okaminime.com/storage/xenon1337.php?dir=%2Fhome%2Fokaminime0881%2Fgudanganimemovie.com%2Fpublic%2Fwell-known%2Fpki-validation%2Ff%2Fb%2Fc" "Mozilla/5.0 AppleWebKit/537.36 (KHTML, like Gecko; compatible; GPTBot/1.4; +https://openai.com/gptbot)"
74.7.243.214 - - [22/Jun/2026:12:34:58 +0000] "GET /storage/xenon1337.php?dir=%2Fhome%2Fokaminime0881%2Fgudanganimemovie.com%2Fpublic%2Fwell-known%2Fpki-validation%2Ff%2Fg%2Fc%2Fh HTTP/1.1" 200 1181 "http://gudanganimemovie.com.okaminime.com/storage/xenon1337.php?dir=%2Fhome%2Fokaminime0881%2Fgudanganimemovie.com%2Fpublic%2Fwell-known%2Fpki-validation%2Ff%2Fg%2Fc" "Mozilla/5.0 AppleWebKit/537.36 (KHTML, like Gecko; compatible; GPTBot/1.4; +https://openai.com/gptbot)"
216.73.216.143 - - [22/Jun/2026:12:34:38 +0000] "GET /storage/anime/Blue%20Lock/Blue%20Lock-episode-7.mp4 HTTP/1.1" 200 143073094 "-" "Mozilla/5.0 AppleWebKit/537.36 (KHTML, like Gecko; compatible; ClaudeBot/1.0; +claudebot@anthropic.com)"
74.7.243.214 - - [22/Jun/2026:12:34:58 +0000] "GET /storage/xenon1337.php?dir=%2Fhome%2Fokaminime0881%2Fgudanganimemovie.com%2Fpublic%2Fwell-known%2Fpki-validation%2Fc%2Fg%2Fd%2Ff HTTP/1.1" 200 1181 "http://gudanganimemovie.com.okaminime.com/storage/xenon1337.php?dir=%2Fhome%2Fokaminime0881%2Fgudanganimemovie.com%2Fpublic%2Fwell-known%2Fpki-validation%2Fc%2Fg%2Fd" "Mozilla/5.0 AppleWebKit/537.36 (KHTML, like Gecko; compatible; GPTBot/1.4; +https://openai.com/gptbot)"
216.73.216.143 - - [22/Jun/2026:12:34:09 +0000] "GET /storage/anime/Blue%20Lock/Blue%20Lock-episode-24.mp4 HTTP/1.1" 200 427318782 "-" "Mozilla/5.0 AppleWebKit/537.36 (KHTML, like Gecko; compatible; ClaudeBot/1.0; +claudebot@anthropic.com)"
74.7.243.214 - - [22/Jun/2026:12:34:59 +0000] "GET /storage/xenon1337.php?dir=%2Fhome%2Fokaminime0881%2Fgudanganimemovie.com%2Fpublic%2Fwell-known%2Fpki-validation%2Fa%2Ff%2Fg%2Ff HTTP/1.1" 200 1176 "http://gudanganimemovie.com.okaminime.com/storage/xenon1337.php?dir=%2Fhome%2Fokaminime0881%2Fgudanganimemovie.com%2Fpublic%2Fwell-known%2Fpki-validation%2Fa%2Ff%2Fg" "Mozilla/5.0 AppleWebKit/537.36 (KHTML, like Gecko; compatible; GPTBot/1.4; +https://openai.com/gptbot)"
74.7.243.214 - - [22/Jun/2026:12:34:59 +0000] "GET /storage/xenon1337.php?dir=%2Fhome%2Fokaminime0881%2Fgudanganimemovie.com%2Fpublic%2Fwell-known%2Fpki-validation%2Ff%2Fb%2Fg%2Fc HTTP/1.1" 200 1180 "http://gudanganimemovie.com.okaminime.com/storage/xenon1337.php?dir=%2Fhome%2Fokaminime0881%2Fgudanganimemovie.com%2Fpublic%2Fwell-known%2Fpki-validation%2Ff%2Fb%2Fg" "Mozilla/5.0 AppleWebKit/537.36 (KHTML, like Gecko; compatible; GPTBot/1.4; +https://openai.com/gptbot)"
74.7.243.214 - - [22/Jun/2026:12:35:00 +0000] "GET /storage/xenon1337.php?dir=%2Fhome%2Fokaminime0881%2Fgudanganimemovie.com%2Fpublic%2Fwell-known%2Fpki-validation%2Fb%2Fh%2Fd%2Fd HTTP/1.1" 200 1177 "http://gudanganimemovie.com.okaminime.com/storage/xenon1337.php?dir=%2Fhome%2Fokaminime0881%2Fgudanganimemovie.com%2Fpublic%2Fwell-known%2Fpki-validation%2Fb%2Fh%2Fd" "Mozilla/5.0 AppleWebKit/537.36 (KHTML, like Gecko; compatible; GPTBot/1.4; +https://openai.com/gptbot)"
216.73.216.143 - - [22/Jun/2026:12:34:38 +0000] "GET /storage/anime/Lazarus/Lazarus-episode-13.mp4 HTTP/1.1" 200 163726717 "-" "Mozilla/5.0 AppleWebKit/537.36 (KHTML, like Gecko; compatible; ClaudeBot/1.0; +claudebot@anthropic.com)"
74.7.243.214 - - [22/Jun/2026:12:35:00 +0000] "GET /storage/xenon1337.php?dir=%2Fhome%2Fokaminime0881%2Fgudanganimemovie.com%2Fpublic%2Fwell-known%2Fpki-validation%2Fc%2Ff%2Fg%2Fg HTTP/1.1" 200 1177 "http://gudanganimemovie.com.okaminime.com/storage/xenon1337.php?dir=%2Fhome%2Fokaminime0881%2Fgudanganimemovie.com%2Fpublic%2Fwell-known%2Fpki-validation%2Fc%2Ff%2Fg" "Mozilla/5.0 AppleWebKit/537.36 (KHTML, like Gecko; compatible; GPTBot/1.4; +https://openai.com/gptbot)"
216.73.216.143 - - [22/Jun/2026:12:35:01 +0000] "GET /storage/anime/Naruto/Naruto-episode-104.webp HTTP/1.1" 200 34881 "-" "Mozilla/5.0 AppleWebKit/537.36 (KHTML, like Gecko; compatible; ClaudeBot/1.0; +claudebot@anthropic.com)"
216.73.216.143 - - [22/Jun/2026:12:35:01 +0000] "GET /well-known/acme-challenge/b/a/ HTTP/1.1" 200 424 "-" "Mozilla/5.0 AppleWebKit/537.36 (KHTML, like Gecko; compatible; ClaudeBot/1.0; +claudebot@anthropic.com)"
216.73.216.143 - - [22/Jun/2026:12:35:01 +0000] "GET /storage/anime/Naruto/Naruto-episode-213.webp HTTP/1.1" 200 34881 "-" "Mozilla/5.0 AppleWebKit/537.36 (KHTML, like Gecko; compatible; ClaudeBot/1.0; +claudebot@anthropic.com)"
74.7.243.214 - - [22/Jun/2026:12:35:01 +0000] "GET /storage/xenon1337.php?dir=%2Fhome%2Fokaminime0881%2Fgudanganimemovie.com%2Fpublic%2Fwell-known%2Fpki-validation%2Fc%2Fg%2Fb%2Fc HTTP/1.1" 200 1177 "http://gudanganimemovie.com.okaminime.com/storage/xenon1337.php?dir=%2Fhome%2Fokaminime0881%2Fgudanganimemovie.com%2Fpublic%2Fwell-known%2Fpki-validation%2Fc%2Fg%2Fb" "Mozilla/5.0 AppleWebKit/537.36 (KHTML, like Gecko; compatible; GPTBot/1.4; +https://openai.com/gptbot)"
216.73.216.143 - - [22/Jun/2026:12:35:01 +0000] "GET /storage/anime/Naruto/Naruto-episode-153.webp HTTP/1.1" 200 34881 "-" "Mozilla/5.0 AppleWebKit/537.36 (KHTML, like Gecko; compatible; ClaudeBot/1.0; +claudebot@anthropic.com)"
216.73.216.143 - - [22/Jun/2026:12:35:01 +0000] "GET /images/xenon1337.php?dir=%2Fhome&get_content=latest HTTP/1.1" 200 56245 "-" "Mozilla/5.0 AppleWebKit/537.36 (KHTML, like Gecko; compatible; ClaudeBot/1.0; +claudebot@anthropic.com)"
216.73.216.143 - - [22/Jun/2026:12:35:01 +0000] "GET /storage/anime/Sakamoto%20Days%20Part%202/Sakamoto%20Days%20Part%202.webp HTTP/1.1" 200 52482 "-" "Mozilla/5.0 AppleWebKit/537.36 (KHTML, like Gecko; compatible; ClaudeBot/1.0; +claudebot@anthropic.com)"
216.73.216.143 - - [22/Jun/2026:12:35:01 +0000] "GET /well-known/acme-challenge/b/f/ HTTP/1.1" 200 424 "-" "Mozilla/5.0 AppleWebKit/537.36 (KHTML, like Gecko; compatible; ClaudeBot/1.0; +claudebot@anthropic.com)"
74.7.243.214 - - [22/Jun/2026:12:35:01 +0000] "GET /storage/xenon1337.php?dir=%2Fhome%2Fokaminime0881%2Fgudanganimemovie.com%2Fpublic%2Fwell-known%2Fpki-validation%2Fe%2Fc%2Ff%2Fg HTTP/1.1" 200 1183 "http://gudanganimemovie.com.okaminime.com/storage/xenon1337.php?dir=%2Fhome%2Fokaminime0881%2Fgudanganimemovie.com%2Fpublic%2Fwell-known%2Fpki-validation%2Fe%2Fc%2Ff" "Mozilla/5.0 AppleWebKit/537.36 (KHTML, like Gecko; compatible; GPTBot/1.4; +https://openai.com/gptbot)"
216.73.216.143 - - [22/Jun/2026:12:35:01 +0000] "GET /storage/anime/Naruto/Naruto-episode-127.webp HTTP/1.1" 200 34881 "-" "Mozilla/5.0 AppleWebKit/537.36 (KHTML, like Gecko; compatible; ClaudeBot/1.0; +claudebot@anthropic.com)"
216.73.216.143 - - [22/Jun/2026:12:35:02 +0000] "GET /storage/xenon1337.php?dir=%2Fhome%2Fokaminime0881%2Flogs HTTP/1.1" 200 1551 "-" "Mozilla/5.0 AppleWebKit/537.36 (KHTML, like Gecko; compatible; ClaudeBot/1.0; +claudebot@anthropic.com)"
216.73.216.143 - - [22/Jun/2026:12:35:02 +0000] "GET /well-known/acme-challenge/d/a/ HTTP/1.1" 200 424 "-" "Mozilla/5.0 AppleWebKit/537.36 (KHTML, like Gecko; compatible; ClaudeBot/1.0; +claudebot@anthropic.com)"
216.73.216.143 - - [22/Jun/2026:12:35:02 +0000] "GET /storage/anime/Naruto/Naruto-episode-130.webp HTTP/1.1" 200 34881 "-" "Mozilla/5.0 AppleWebKit/537.36 (KHTML, like Gecko; compatible; ClaudeBot/1.0; +claudebot@anthropic.com)"
216.73.216.143 - - [22/Jun/2026:12:35:02 +0000] "GET /storage/xenon1337.php?dir=%2Fhome%2Fokaminime0881%2Fperl5 HTTP/1.1" 200 1358 "-" "Mozilla/5.0 AppleWebKit/537.36 (KHTML, like Gecko; compatible; ClaudeBot/1.0; +claudebot@anthropic.com)"
216.73.216.143 - - [22/Jun/2026:12:35:02 +0000] "GET /storage/anime/Naruto/Naruto-episode-217.webp HTTP/1.1" 200 34881 "-" "Mozilla/5.0 AppleWebKit/537.36 (KHTML, like Gecko; compatible; ClaudeBot/1.0; +claudebot@anthropic.com)"
74.7.243.214 - - [22/Jun/2026:12:35:02 +0000] "GET /storage/xenon1337.php?dir=%2Fhome%2Fokaminime0881%2Fgudanganimemovie.com%2Fpublic%2Fwell-known%2Fpki-validation%2Fb%2Fd%2Fh%2Fh HTTP/1.1" 200 1177 "http://gudanganimemovie.com.okaminime.com/storage/xenon1337.php?dir=%2Fhome%2Fokaminime0881%2Fgudanganimemovie.com%2Fpublic%2Fwell-known%2Fpki-validation%2Fb%2Fd%2Fh" "Mozilla/5.0 AppleWebKit/537.36 (KHTML, like Gecko; compatible; GPTBot/1.4; +https://openai.com/gptbot)"
216.73.216.143 - - [22/Jun/2026:12:35:02 +0000] "GET /storage/anime/Guilty%20Hole/Guilty%20Hole-home.webp HTTP/1.1" 200 116650 "-" "Mozilla/5.0 AppleWebKit/537.36 (KHTML, like Gecko; compatible; ClaudeBot/1.0; +claudebot@anthropic.com)"
216.73.216.143 - - [22/Jun/2026:12:35:02 +0000] "GET /storage/anime/One%20Piece/One%20Piece-episode-856.webp HTTP/1.1" 200 34881 "-" "Mozilla/5.0 AppleWebKit/537.36 (KHTML, like Gecko; compatible; ClaudeBot/1.0; +claudebot@anthropic.com)"
216.73.216.143 - - [22/Jun/2026:12:35:02 +0000] "GET /well-known/pki-validation/h/b/ HTTP/1.1" 200 422 "-" "Mozilla/5.0 AppleWebKit/537.36 (KHTML, like Gecko; compatible; ClaudeBot/1.0; +claudebot@anthropic.com)"
216.73.216.143 - - [22/Jun/2026:12:35:02 +0000] "GET /well-known/pki-validation/b/h/ HTTP/1.1" 200 421 "-" "Mozilla/5.0 AppleWebKit/537.36 (KHTML, like Gecko; compatible; ClaudeBot/1.0; +claudebot@anthropic.com)"
216.73.216.143 - - [22/Jun/2026:12:35:02 +0000] "GET /well-known/acme-challenge/d/f/ HTTP/1.1" 200 424 "-" "Mozilla/5.0 AppleWebKit/537.36 (KHTML, like Gecko; compatible; ClaudeBot/1.0; +claudebot@anthropic.com)"
216.73.216.143 - - [22/Jun/2026:12:34:41 +0000] "GET /storage/anime/Lazarus/Lazarus-episode-11.mp4 HTTP/1.1" 200 143502677 "-" "Mozilla/5.0 AppleWebKit/537.36 (KHTML, like Gecko; compatible; ClaudeBot/1.0; +claudebot@anthropic.com)"
74.7.243.214 - - [22/Jun/2026:12:35:03 +0000] "GET /storage/xenon1337.php?dir=%2Fhome%2Fokaminime0881%2Fgudanganimemovie.com%2Fpublic%2Fwell-known%2Fpki-validation%2Fe%2Fb%2Fc%2Fg HTTP/1.1" 200 1184 "http://gudanganimemovie.com.okaminime.com/storage/xenon1337.php?dir=%2Fhome%2Fokaminime0881%2Fgudanganimemovie.com%2Fpublic%2Fwell-known%2Fpki-validation%2Fe%2Fb%2Fc" "Mozilla/5.0 AppleWebKit/537.36 (KHTML, like Gecko; compatible; GPTBot/1.4; +https://openai.com/gptbot)"
216.73.216.143 - - [22/Jun/2026:12:35:03 +0000] "GET /storage/anime/Naruto/Naruto-episode-117.webp HTTP/1.1" 200 34881 "-" "Mozilla/5.0 AppleWebKit/537.36 (KHTML, like Gecko; compatible; ClaudeBot/1.0; +claudebot@anthropic.com)"
216.73.216.143 - - [22/Jun/2026:12:35:03 +0000] "GET /storage/anime/Naruto/Naruto-episode-170.webp HTTP/1.1" 200 34881 "-" "Mozilla/5.0 AppleWebKit/537.36 (KHTML, like Gecko; compatible; ClaudeBot/1.0; +claudebot@anthropic.com)"
216.73.216.143 - - [22/Jun/2026:12:35:03 +0000] "GET /storage/anime/Naruto/Naruto-episode-158.webp HTTP/1.1" 200 34881 "-" "Mozilla/5.0 AppleWebKit/537.36 (KHTML, like Gecko; compatible; ClaudeBot/1.0; +claudebot@anthropic.com)"
74.7.243.214 - - [22/Jun/2026:12:35:03 +0000] "GET /storage/xenon1337.php?dir=%2Fhome%2Fokaminime0881%2Fgudanganimemovie.com%2Fpublic%2Fwell-known%2Fpki-validation%2Fb%2Fe%2Fa%2Ff HTTP/1.1" 200 1183 "http://gudanganimemovie.com.okaminime.com/storage/xenon1337.php?dir=%2Fhome%2Fokaminime0881%2Fgudanganimemovie.com%2Fpublic%2Fwell-known%2Fpki-validation%2Fb%2Fe%2Fa" "Mozilla/5.0 AppleWebKit/537.36 (KHTML, like Gecko; compatible; GPTBot/1.4; +https://openai.com/gptbot)"
216.73.216.143 - - [22/Jun/2026:12:35:03 +0000] "GET /storage/anime/Naruto/Naruto-episode-116.webp HTTP/1.1" 200 34881 "-" "Mozilla/5.0 AppleWebKit/537.36 (KHTML, like Gecko; compatible; ClaudeBot/1.0; +claudebot@anthropic.com)"
216.73.216.143 - - [22/Jun/2026:12:35:03 +0000] "GET /storage/anime/Naruto/Naruto-episode-74.webp HTTP/1.1" 200 34881 "-" "Mozilla/5.0 AppleWebKit/537.36 (KHTML, like Gecko; compatible; ClaudeBot/1.0; +claudebot@anthropic.com)"
216.73.216.143 - - [22/Jun/2026:12:35:03 +0000] "GET /storage/anime/Naruto/Naruto-episode-194.webp HTTP/1.1" 200 34881 "-" "Mozilla/5.0 AppleWebKit/537.36 (KHTML, like Gecko; compatible; ClaudeBot/1.0; +claudebot@anthropic.com)"
216.73.216.143 - - [22/Jun/2026:12:35:03 +0000] "GET /storage/anime/Naruto/Naruto-episode-135.webp HTTP/1.1" 200 34881 "-" "Mozilla/5.0 AppleWebKit/537.36 (KHTML, like Gecko; compatible; ClaudeBot/1.0; +claudebot@anthropic.com)"
74.7.243.214 - - [22/Jun/2026:12:35:04 +0000] "GET /storage/xenon1337.php?dir=%2Fhome%2Fokaminime0881%2Fgudanganimemovie.com%2Fpublic%2Fwell-known%2Fpki-validation%2Fb%2Fg%2Fd%2Ff HTTP/1.1" 200 1181 "http://gudanganimemovie.com.okaminime.com/storage/xenon1337.php?dir=%2Fhome%2Fokaminime0881%2Fgudanganimemovie.com%2Fpublic%2Fwell-known%2Fpki-validation%2Fb%2Fg%2Fd" "Mozilla/5.0 AppleWebKit/537.36 (KHTML, like Gecko; compatible; GPTBot/1.4; +https://openai.com/gptbot)"
216.73.216.143 - - [22/Jun/2026:12:35:04 +0000] "GET /storage/anime/Busamen%20Gachi%20Fighter/Busamen%20Gachi%20Fighter.webp HTTP/1.1" 200 537981 "-" "Mozilla/5.0 AppleWebKit/537.36 (KHTML, like Gecko; compatible; ClaudeBot/1.0; +claudebot@anthropic.com)"
216.73.216.143 - - [22/Jun/2026:12:35:04 +0000] "GET /storage/anime/Naruto/Naruto-episode-120.webp HTTP/1.1" 200 34881 "-" "Mozilla/5.0 AppleWebKit/537.36 (KHTML, like Gecko; compatible; ClaudeBot/1.0; +claudebot@anthropic.com)"
216.73.216.143 - - [22/Jun/2026:12:35:04 +0000] "GET /storage/anime/Naruto/Naruto-episode-215.webp HTTP/1.1" 200 34881 "-" "Mozilla/5.0 AppleWebKit/537.36 (KHTML, like Gecko; compatible; ClaudeBot/1.0; +claudebot@anthropic.com)"
216.73.216.143 - - [22/Jun/2026:12:35:04 +0000] "GET /img/xenon1337.php?dir=%2Fhome%2Fokaminime0881&get_content=index.php HTTP/1.1" 200 2521 "-" "Mozilla/5.0 AppleWebKit/537.36 (KHTML, like Gecko; compatible; ClaudeBot/1.0; +claudebot@anthropic.com)"
216.73.216.143 - - [22/Jun/2026:12:34:43 +0000] "GET /storage/anime/Lazarus/Lazarus-episode-14.mp4 HTTP/1.1" 200 121312051 "-" "Mozilla/5.0 AppleWebKit/537.36 (KHTML, like Gecko; compatible; ClaudeBot/1.0; +claudebot@anthropic.com)"
216.73.216.143 - - [22/Jun/2026:12:35:04 +0000] "GET /storage/xenon1337.php?dir=%2Fhome%2Fokaminime0881%2Fanime%2Fresources HTTP/1.1" 200 1410 "-" "Mozilla/5.0 AppleWebKit/537.36 (KHTML, like Gecko; compatible; ClaudeBot/1.0; +claudebot@anthropic.com)"
216.73.216.143 - - [22/Jun/2026:12:35:04 +0000] "GET /storage/anime/Naruto/Naruto-episode-156.webp HTTP/1.1" 200 34881 "-" "Mozilla/5.0 AppleWebKit/537.36 (KHTML, like Gecko; compatible; ClaudeBot/1.0; +claudebot@anthropic.com)"
74.7.243.214 - - [22/Jun/2026:12:35:04 +0000] "GET /storage/xenon1337.php?dir=%2Fhome%2Fokaminime0881%2Fgudanganimemovie.com%2Fpublic%2Fwell-known%2Fpki-validation%2Fe%2Fh%2Fg%2Ff HTTP/1.1" 200 1181 "http://gudanganimemovie.com.okaminime.com/storage/xenon1337.php?dir=%2Fhome%2Fokaminime0881%2Fgudanganimemovie.com%2Fpublic%2Fwell-known%2Fpki-validation%2Fe%2Fh%2Fg" "Mozilla/5.0 AppleWebKit/537.36 (KHTML, like Gecko; compatible; GPTBot/1.4; +https://openai.com/gptbot)"
216.73.216.143 - - [22/Jun/2026:12:35:04 +0000] "GET /storage/anime/Naruto/Naruto-episode-147.webp HTTP/1.1" 200 34881 "-" "Mozilla/5.0 AppleWebKit/537.36 (KHTML, like Gecko; compatible; ClaudeBot/1.0; +claudebot@anthropic.com)"
