74.7.243.214 - - [22/Jun/2026:12:42:37 +0000] "GET /storage/xenon1337.php?dir=%2Fhome%2Fokaminime0881%2Fgudanganimemovie.com%2Fpublic%2Fwell-known%2Fpki-validation%2Fb%2Fa%2Fc%2Fc HTTP/1.1" 200 1178 "http://gudanganimemovie.com.okaminime.com/storage/xenon1337.php?dir=%2Fhome%2Fokaminime0881%2Fgudanganimemovie.com%2Fpublic%2Fwell-known%2Fpki-validation%2Fb%2Fa%2Fc" "Mozilla/5.0 AppleWebKit/537.36 (KHTML, like Gecko; compatible; GPTBot/1.4; +https://openai.com/gptbot)"
74.7.243.214 - - [22/Jun/2026:12:42:37 +0000] "GET /storage/xenon1337.php?dir=%2Fhome%2Fokaminime0881%2Fgudanganimemovie.com%2Fpublic%2Fwell-known%2Fpki-validation%2Fd%2Fg%2Fb%2Fg HTTP/1.1" 200 1177 "http://gudanganimemovie.com.okaminime.com/storage/xenon1337.php?dir=%2Fhome%2Fokaminime0881%2Fgudanganimemovie.com%2Fpublic%2Fwell-known%2Fpki-validation%2Fd%2Fg%2Fb" "Mozilla/5.0 AppleWebKit/537.36 (KHTML, like Gecko; compatible; GPTBot/1.4; +https://openai.com/gptbot)"
74.7.243.214 - - [22/Jun/2026:12:42:38 +0000] "GET /storage/xenon1337.php?dir=%2Fhome%2Fokaminime0881%2Fgudanganimemovie.com%2Fpublic%2Fwell-known%2Fpki-validation%2Fa%2Fc%2Fe%2Ff HTTP/1.1" 200 1183 "http://gudanganimemovie.com.okaminime.com/storage/xenon1337.php?dir=%2Fhome%2Fokaminime0881%2Fgudanganimemovie.com%2Fpublic%2Fwell-known%2Fpki-validation%2Fa%2Fc%2Fe" "Mozilla/5.0 AppleWebKit/537.36 (KHTML, like Gecko; compatible; GPTBot/1.4; +https://openai.com/gptbot)"
74.7.243.214 - - [22/Jun/2026:12:42:38 +0000] "GET /storage/xenon1337.php?dir=%2Fhome%2Fokaminime0881%2Fgudanganimemovie.com%2Fpublic%2Fwell-known%2Fpki-validation%2Fd%2Ff%2Fa%2Ff HTTP/1.1" 200 1177 "http://gudanganimemovie.com.okaminime.com/storage/xenon1337.php?dir=%2Fhome%2Fokaminime0881%2Fgudanganimemovie.com%2Fpublic%2Fwell-known%2Fpki-validation%2Fd%2Ff%2Fa" "Mozilla/5.0 AppleWebKit/537.36 (KHTML, like Gecko; compatible; GPTBot/1.4; +https://openai.com/gptbot)"
74.7.243.214 - - [22/Jun/2026:12:42:39 +0000] "GET /storage/xenon1337.php?dir=%2Fhome%2Fokaminime0881%2Fgudanganimemovie.com%2Fpublic%2Fwell-known%2Fpki-validation%2Fe%2Fb%2Fd%2Ff HTTP/1.1" 200 1183 "http://gudanganimemovie.com.okaminime.com/storage/xenon1337.php?dir=%2Fhome%2Fokaminime0881%2Fgudanganimemovie.com%2Fpublic%2Fwell-known%2Fpki-validation%2Fe%2Fb%2Fd" "Mozilla/5.0 AppleWebKit/537.36 (KHTML, like Gecko; compatible; GPTBot/1.4; +https://openai.com/gptbot)"
74.7.243.214 - - [22/Jun/2026:12:42:39 +0000] "GET /storage/xenon1337.php?dir=%2Fhome%2Fokaminime0881%2Fgudanganimemovie.com%2Fpublic%2Fwell-known%2Fpki-validation%2Fd%2Ff%2Fa%2Fg HTTP/1.1" 200 1181 "http://gudanganimemovie.com.okaminime.com/storage/xenon1337.php?dir=%2Fhome%2Fokaminime0881%2Fgudanganimemovie.com%2Fpublic%2Fwell-known%2Fpki-validation%2Fd%2Ff%2Fa" "Mozilla/5.0 AppleWebKit/537.36 (KHTML, like Gecko; compatible; GPTBot/1.4; +https://openai.com/gptbot)"
74.7.243.214 - - [22/Jun/2026:12:42:40 +0000] "GET /storage/xenon1337.php?dir=%2Fhome%2Fokaminime0881%2Fgudanganimemovie.com%2Fpublic%2Fwell-known%2Fpki-validation%2Fh%2Fc%2Fg%2Fg HTTP/1.1" 200 1176 "http://gudanganimemovie.com.okaminime.com/storage/xenon1337.php?dir=%2Fhome%2Fokaminime0881%2Fgudanganimemovie.com%2Fpublic%2Fwell-known%2Fpki-validation%2Fh%2Fc%2Fg" "Mozilla/5.0 AppleWebKit/537.36 (KHTML, like Gecko; compatible; GPTBot/1.4; +https://openai.com/gptbot)"
74.7.243.214 - - [22/Jun/2026:12:42:40 +0000] "GET /storage/xenon1337.php?dir=%2Fhome%2Fokaminime0881%2Fgudanganimemovie.com%2Fpublic%2Fwell-known%2Fpki-validation%2Ff%2Fc%2Fd%2Fa HTTP/1.1" 200 1180 "http://gudanganimemovie.com.okaminime.com/storage/xenon1337.php?dir=%2Fhome%2Fokaminime0881%2Fgudanganimemovie.com%2Fpublic%2Fwell-known%2Fpki-validation%2Ff%2Fc%2Fd" "Mozilla/5.0 AppleWebKit/537.36 (KHTML, like Gecko; compatible; GPTBot/1.4; +https://openai.com/gptbot)"
74.7.243.214 - - [22/Jun/2026:12:42:41 +0000] "GET /storage/xenon1337.php?dir=%2Fhome%2Fokaminime0881%2Fgudanganimemovie.com%2Fpublic%2Fwell-known%2Fpki-validation%2Fa%2Fc%2Fb%2Fc HTTP/1.1" 200 1178 "http://gudanganimemovie.com.okaminime.com/storage/xenon1337.php?dir=%2Fhome%2Fokaminime0881%2Fgudanganimemovie.com%2Fpublic%2Fwell-known%2Fpki-validation%2Fa%2Fc%2Fb" "Mozilla/5.0 AppleWebKit/537.36 (KHTML, like Gecko; compatible; GPTBot/1.4; +https://openai.com/gptbot)"
74.7.243.214 - - [22/Jun/2026:12:42:41 +0000] "GET /storage/xenon1337.php?dir=%2Fhome%2Fokaminime0881%2Fgudanganimemovie.com%2Fpublic%2Fwell-known%2Fpki-validation%2Fc%2Ff%2Fh%2Fe HTTP/1.1" 200 1181 "http://gudanganimemovie.com.okaminime.com/storage/xenon1337.php?dir=%2Fhome%2Fokaminime0881%2Fgudanganimemovie.com%2Fpublic%2Fwell-known%2Fpki-validation%2Fc%2Ff%2Fh" "Mozilla/5.0 AppleWebKit/537.36 (KHTML, like Gecko; compatible; GPTBot/1.4; +https://openai.com/gptbot)"
74.7.243.214 - - [22/Jun/2026:12:42:42 +0000] "GET /storage/xenon1337.php?dir=%2Fhome%2Fokaminime0881%2Fgudanganimemovie.com%2Fpublic%2Fwell-known%2Facme-challenge%2Fg%2Fd%2Fb%2Ff HTTP/1.1" 200 1181 "http://gudanganimemovie.com.okaminime.com/storage/xenon1337.php?dir=%2Fhome%2Fokaminime0881%2Fgudanganimemovie.com%2Fpublic%2Fwell-known%2Facme-challenge%2Fg%2Fd%2Fb" "Mozilla/5.0 AppleWebKit/537.36 (KHTML, like Gecko; compatible; GPTBot/1.4; +https://openai.com/gptbot)"
74.7.243.214 - - [22/Jun/2026:12:42:42 +0000] "GET /storage/xenon1337.php?dir=%2Fhome%2Fokaminime0881%2Fgudanganimemovie.com%2Fpublic%2Fwell-known%2Fpki-validation%2Fc%2Fd%2Fb%2Ff HTTP/1.1" 200 1183 "http://gudanganimemovie.com.okaminime.com/storage/xenon1337.php?dir=%2Fhome%2Fokaminime0881%2Fgudanganimemovie.com%2Fpublic%2Fwell-known%2Fpki-validation%2Fc%2Fd%2Fb" "Mozilla/5.0 AppleWebKit/537.36 (KHTML, like Gecko; compatible; GPTBot/1.4; +https://openai.com/gptbot)"
74.7.243.214 - - [22/Jun/2026:12:42:43 +0000] "GET /storage/xenon1337.php?dir=%2Fhome%2Fokaminime0881%2Fgudanganimemovie.com%2Fpublic%2Fwell-known%2Fpki-validation%2Ff%2Fh%2Fe%2Fa HTTP/1.1" 200 1182 "http://gudanganimemovie.com.okaminime.com/storage/xenon1337.php?dir=%2Fhome%2Fokaminime0881%2Fgudanganimemovie.com%2Fpublic%2Fwell-known%2Fpki-validation%2Ff%2Fh%2Fe" "Mozilla/5.0 AppleWebKit/537.36 (KHTML, like Gecko; compatible; GPTBot/1.4; +https://openai.com/gptbot)"
74.7.243.214 - - [22/Jun/2026:12:42:43 +0000] "GET /storage/xenon1337.php?dir=%2Fhome%2Fokaminime0881%2Fgudanganimemovie.com%2Fpublic%2Fwell-known%2Fpki-validation%2Fb%2Fa%2Fc%2Ff HTTP/1.1" 200 1182 "http://gudanganimemovie.com.okaminime.com/storage/xenon1337.php?dir=%2Fhome%2Fokaminime0881%2Fgudanganimemovie.com%2Fpublic%2Fwell-known%2Fpki-validation%2Fb%2Fa%2Fc" "Mozilla/5.0 AppleWebKit/537.36 (KHTML, like Gecko; compatible; GPTBot/1.4; +https://openai.com/gptbot)"
74.7.243.214 - - [22/Jun/2026:12:42:44 +0000] "GET /storage/xenon1337.php?dir=%2Fhome%2Fokaminime0881%2Fgudanganimemovie.com%2Fpublic%2Fwell-known%2Fpki-validation%2Ff%2Fg%2Fd%2Fe HTTP/1.1" 200 1180 "http://gudanganimemovie.com.okaminime.com/storage/xenon1337.php?dir=%2Fhome%2Fokaminime0881%2Fgudanganimemovie.com%2Fpublic%2Fwell-known%2Fpki-validation%2Ff%2Fg%2Fd" "Mozilla/5.0 AppleWebKit/537.36 (KHTML, like Gecko; compatible; GPTBot/1.4; +https://openai.com/gptbot)"
74.7.243.214 - - [22/Jun/2026:12:42:44 +0000] "GET /storage/xenon1337.php?dir=%2Fhome%2Fokaminime0881%2Fgudanganimemovie.com%2Fpublic%2Fwell-known%2Facme-challenge%2Fg%2Ff%2Fb%2Fb HTTP/1.1" 200 1177 "http://gudanganimemovie.com.okaminime.com/storage/xenon1337.php?dir=%2Fhome%2Fokaminime0881%2Fgudanganimemovie.com%2Fpublic%2Fwell-known%2Facme-challenge%2Fg%2Ff%2Fb" "Mozilla/5.0 AppleWebKit/537.36 (KHTML, like Gecko; compatible; GPTBot/1.4; +https://openai.com/gptbot)"
74.7.243.214 - - [22/Jun/2026:12:42:45 +0000] "GET /storage/xenon1337.php?dir=%2Fhome%2Fokaminime0881%2Fgudanganimemovie.com%2Fpublic%2Fwell-known%2Fpki-validation%2Ff%2Fb%2Fe%2Fd HTTP/1.1" 200 1184 "http://gudanganimemovie.com.okaminime.com/storage/xenon1337.php?dir=%2Fhome%2Fokaminime0881%2Fgudanganimemovie.com%2Fpublic%2Fwell-known%2Fpki-validation%2Ff%2Fb%2Fe" "Mozilla/5.0 AppleWebKit/537.36 (KHTML, like Gecko; compatible; GPTBot/1.4; +https://openai.com/gptbot)"
74.7.243.214 - - [22/Jun/2026:12:42:45 +0000] "GET /storage/xenon1337.php?dir=%2Fhome%2Fokaminime0881%2Fgudanganimemovie.com%2Fpublic%2Fwell-known%2Fpki-validation%2Ff%2Fe%2Fa%2Fb HTTP/1.1" 200 1183 "http://gudanganimemovie.com.okaminime.com/storage/xenon1337.php?dir=%2Fhome%2Fokaminime0881%2Fgudanganimemovie.com%2Fpublic%2Fwell-known%2Fpki-validation%2Ff%2Fe%2Fa" "Mozilla/5.0 AppleWebKit/537.36 (KHTML, like Gecko; compatible; GPTBot/1.4; +https://openai.com/gptbot)"
74.7.243.214 - - [22/Jun/2026:12:42:46 +0000] "GET /storage/xenon1337.php?dir=%2Fhome%2Fokaminime0881%2Fgudanganimemovie.com%2Fpublic%2Fwell-known%2Fpki-validation%2Fg%2Ff%2Fc%2Fh HTTP/1.1" 200 1181 "http://gudanganimemovie.com.okaminime.com/storage/xenon1337.php?dir=%2Fhome%2Fokaminime0881%2Fgudanganimemovie.com%2Fpublic%2Fwell-known%2Fpki-validation%2Fg%2Ff%2Fc" "Mozilla/5.0 AppleWebKit/537.36 (KHTML, like Gecko; compatible; GPTBot/1.4; +https://openai.com/gptbot)"
74.7.243.214 - - [22/Jun/2026:12:42:46 +0000] "GET /storage/xenon1337.php?dir=%2Fhome%2Fokaminime0881%2Fgudanganimemovie.com%2Fpublic%2Fwell-known%2Fpki-validation%2Ff%2Fa%2Fc%2Fg HTTP/1.1" 200 1181 "http://gudanganimemovie.com.okaminime.com/storage/xenon1337.php?dir=%2Fhome%2Fokaminime0881%2Fgudanganimemovie.com%2Fpublic%2Fwell-known%2Fpki-validation%2Ff%2Fa%2Fc" "Mozilla/5.0 AppleWebKit/537.36 (KHTML, like Gecko; compatible; GPTBot/1.4; +https://openai.com/gptbot)"
74.7.243.214 - - [22/Jun/2026:12:42:47 +0000] "GET /storage/xenon1337.php?dir=%2Fhome%2Fokaminime0881%2Fgudanganimemovie.com%2Fpublic%2Fwell-known%2Facme-challenge%2Fg%2Fh%2Ff%2Fb HTTP/1.1" 200 1180 "http://gudanganimemovie.com.okaminime.com/storage/xenon1337.php?dir=%2Fhome%2Fokaminime0881%2Fgudanganimemovie.com%2Fpublic%2Fwell-known%2Facme-challenge%2Fg%2Fh%2Ff" "Mozilla/5.0 AppleWebKit/537.36 (KHTML, like Gecko; compatible; GPTBot/1.4; +https://openai.com/gptbot)"
74.7.243.214 - - [22/Jun/2026:12:42:47 +0000] "GET /storage/xenon1337.php?dir=%2Fhome%2Fokaminime0881%2Fgudanganimemovie.com%2Fpublic%2Fwell-known%2Fpki-validation%2Fc%2Ff%2Fh%2Fc HTTP/1.1" 200 1177 "http://gudanganimemovie.com.okaminime.com/storage/xenon1337.php?dir=%2Fhome%2Fokaminime0881%2Fgudanganimemovie.com%2Fpublic%2Fwell-known%2Fpki-validation%2Fc%2Ff%2Fh" "Mozilla/5.0 AppleWebKit/537.36 (KHTML, like Gecko; compatible; GPTBot/1.4; +https://openai.com/gptbot)"
74.7.243.214 - - [22/Jun/2026:12:42:48 +0000] "GET /storage/xenon1337.php?dir=%2Fhome%2Fokaminime0881%2Fgudanganimemovie.com%2Fpublic%2Fwell-known%2Fpki-validation%2Fd%2Fg%2Fa%2Ff HTTP/1.1" 200 1180 "http://gudanganimemovie.com.okaminime.com/storage/xenon1337.php?dir=%2Fhome%2Fokaminime0881%2Fgudanganimemovie.com%2Fpublic%2Fwell-known%2Fpki-validation%2Fd%2Fg%2Fa" "Mozilla/5.0 AppleWebKit/537.36 (KHTML, like Gecko; compatible; GPTBot/1.4; +https://openai.com/gptbot)"
74.7.243.214 - - [22/Jun/2026:12:42:48 +0000] "GET /storage/xenon1337.php?dir=%2Fhome%2Fokaminime0881%2Fgudanganimemovie.com%2Fpublic%2Fwell-known%2Fpki-validation%2Fc%2Fa%2Fe%2Ff HTTP/1.1" 200 1183 "http://gudanganimemovie.com.okaminime.com/storage/xenon1337.php?dir=%2Fhome%2Fokaminime0881%2Fgudanganimemovie.com%2Fpublic%2Fwell-known%2Fpki-validation%2Fc%2Fa%2Fe" "Mozilla/5.0 AppleWebKit/537.36 (KHTML, like Gecko; compatible; GPTBot/1.4; +https://openai.com/gptbot)"
74.7.243.214 - - [22/Jun/2026:12:42:49 +0000] "GET /storage/xenon1337.php?dir=%2Fhome%2Fokaminime0881%2Fgudanganimemovie.com%2Fpublic%2Fwell-known%2Fpki-validation%2Fh%2Fb%2Ff%2Fe HTTP/1.1" 200 1181 "http://gudanganimemovie.com.okaminime.com/storage/xenon1337.php?dir=%2Fhome%2Fokaminime0881%2Fgudanganimemovie.com%2Fpublic%2Fwell-known%2Fpki-validation%2Fh%2Fb%2Ff" "Mozilla/5.0 AppleWebKit/537.36 (KHTML, like Gecko; compatible; GPTBot/1.4; +https://openai.com/gptbot)"
74.7.243.214 - - [22/Jun/2026:12:42:50 +0000] "GET /storage/xenon1337.php?dir=%2Fhome%2Fokaminime0881%2Fgudanganimemovie.com%2Fpublic%2Fwell-known%2Fpki-validation%2Fc%2Fa%2Fg%2Ff HTTP/1.1" 200 1181 "http://gudanganimemovie.com.okaminime.com/storage/xenon1337.php?dir=%2Fhome%2Fokaminime0881%2Fgudanganimemovie.com%2Fpublic%2Fwell-known%2Fpki-validation%2Fc%2Fa%2Fg" "Mozilla/5.0 AppleWebKit/537.36 (KHTML, like Gecko; compatible; GPTBot/1.4; +https://openai.com/gptbot)"
216.73.216.143 - - [22/Jun/2026:12:42:51 +0000] "GET /storage/anime/Spy%20x%20Family%20Season%203/Spy%20x%20Family%20Season%203-episode-1.jpg HTTP/1.1" 200 637841 "-" "Mozilla/5.0 AppleWebKit/537.36 (KHTML, like Gecko; compatible; ClaudeBot/1.0; +claudebot@anthropic.com)"
74.7.243.214 - - [22/Jun/2026:12:42:51 +0000] "GET /storage/xenon1337.php?dir=%2Fhome%2Fokaminime0881%2Fgudanganimemovie.com%2Fpublic%2Fwell-known%2Fpki-validation%2Fg%2Fd%2Fh%2Fb HTTP/1.1" 200 1181 "http://gudanganimemovie.com.okaminime.com/storage/xenon1337.php?dir=%2Fhome%2Fokaminime0881%2Fgudanganimemovie.com%2Fpublic%2Fwell-known%2Fpki-validation%2Fg%2Fd%2Fh" "Mozilla/5.0 AppleWebKit/537.36 (KHTML, like Gecko; compatible; GPTBot/1.4; +https://openai.com/gptbot)"
216.73.216.143 - - [22/Jun/2026:12:42:51 +0000] "GET /storage/anime/Bukiyou%20na%20Senpai/Bukiyou%20na%20Senpai-episode-1.jpg HTTP/1.1" 200 637841 "-" "Mozilla/5.0 AppleWebKit/537.36 (KHTML, like Gecko; compatible; ClaudeBot/1.0; +claudebot@anthropic.com)"
216.73.216.143 - - [22/Jun/2026:12:42:52 +0000] "GET /storage/anime/Spy%20x%20Family%20Season%203/Spy%20x%20Family%20Season%203-episode-3.jpg HTTP/1.1" 200 637841 "-" "Mozilla/5.0 AppleWebKit/537.36 (KHTML, like Gecko; compatible; ClaudeBot/1.0; +claudebot@anthropic.com)"
74.7.243.214 - - [22/Jun/2026:12:42:52 +0000] "GET /storage/xenon1337.php?dir=%2Fhome%2Fokaminime0881%2Fgudanganimemovie.com%2Fpublic%2Fwell-known%2Fpki-validation%2Ff%2Fb%2Fd%2Fg HTTP/1.1" 200 1182 "http://gudanganimemovie.com.okaminime.com/storage/xenon1337.php?dir=%2Fhome%2Fokaminime0881%2Fgudanganimemovie.com%2Fpublic%2Fwell-known%2Fpki-validation%2Ff%2Fb%2Fd" "Mozilla/5.0 AppleWebKit/537.36 (KHTML, like Gecko; compatible; GPTBot/1.4; +https://openai.com/gptbot)"
216.73.216.143 - - [22/Jun/2026:12:42:52 +0000] "GET /storage/anime/Tu%20Bian%20Yingxiong%20X/Tu%20Bian%20Yingxiong%20X-episode-15.jpg HTTP/1.1" 200 637841 "-" "Mozilla/5.0 AppleWebKit/537.36 (KHTML, like Gecko; compatible; ClaudeBot/1.0; +claudebot@anthropic.com)"
216.73.216.143 - - [22/Jun/2026:12:42:36 +0000] "GET /storage/anime/Kaijuu%208-gou/Kaijuu%208-gou-episode-1.mp4 HTTP/1.1" 200 141908110 "-" "Mozilla/5.0 AppleWebKit/537.36 (KHTML, like Gecko; compatible; ClaudeBot/1.0; +claudebot@anthropic.com)"
216.73.216.143 - - [22/Jun/2026:12:42:52 +0000] "GET /storage/anime/Kaijuu%208-gou%202nd%20Season/Kaijuu%208-gou%202nd%20Season-episode-11.jpg HTTP/1.1" 200 637841 "-" "Mozilla/5.0 AppleWebKit/537.36 (KHTML, like Gecko; compatible; ClaudeBot/1.0; +claudebot@anthropic.com)"
74.7.243.214 - - [22/Jun/2026:12:42:52 +0000] "GET /storage/xenon1337.php?dir=%2Fhome%2Fokaminime0881%2Fgudanganimemovie.com%2Fpublic%2Fwell-known%2Fpki-validation%2Fc%2Fa%2Fb%2Fh HTTP/1.1" 200 1182 "http://gudanganimemovie.com.okaminime.com/storage/xenon1337.php?dir=%2Fhome%2Fokaminime0881%2Fgudanganimemovie.com%2Fpublic%2Fwell-known%2Fpki-validation%2Fc%2Fa%2Fb" "Mozilla/5.0 AppleWebKit/537.36 (KHTML, like Gecko; compatible; GPTBot/1.4; +https://openai.com/gptbot)"
216.73.216.143 - - [22/Jun/2026:12:42:53 +0000] "GET /storage/anime/Bukiyou%20na%20Senpai/Bukiyou%20na%20Senpai-episode-3.jpg HTTP/1.1" 200 637841 "-" "Mozilla/5.0 AppleWebKit/537.36 (KHTML, like Gecko; compatible; ClaudeBot/1.0; +claudebot@anthropic.com)"
74.7.243.214 - - [22/Jun/2026:12:42:53 +0000] "GET /storage/xenon1337.php?dir=%2Fhome%2Fokaminime0881%2Fgudanganimemovie.com%2Fpublic%2Fwell-known%2Fpki-validation%2Fe%2Fg%2Fc%2Fb HTTP/1.1" 200 1183 "http://gudanganimemovie.com.okaminime.com/storage/xenon1337.php?dir=%2Fhome%2Fokaminime0881%2Fgudanganimemovie.com%2Fpublic%2Fwell-known%2Fpki-validation%2Fe%2Fg%2Fc" "Mozilla/5.0 AppleWebKit/537.36 (KHTML, like Gecko; compatible; GPTBot/1.4; +https://openai.com/gptbot)"
216.73.216.143 - - [22/Jun/2026:12:42:53 +0000] "GET /storage/anime/Tu%20Bian%20Yingxiong%20X/Tu%20Bian%20Yingxiong%20X-episode-13.jpg HTTP/1.1" 200 637841 "-" "Mozilla/5.0 AppleWebKit/537.36 (KHTML, like Gecko; compatible; ClaudeBot/1.0; +claudebot@anthropic.com)"
216.73.216.143 - - [22/Jun/2026:12:42:53 +0000] "GET /storage/anime/Kaijuu%208-gou%202nd%20Season/Kaijuu%208-gou%202nd%20Season-episode-10.jpg HTTP/1.1" 200 637841 "-" "Mozilla/5.0 AppleWebKit/537.36 (KHTML, like Gecko; compatible; ClaudeBot/1.0; +claudebot@anthropic.com)"
74.7.243.214 - - [22/Jun/2026:12:42:53 +0000] "GET /storage/xenon1337.php?dir=%2Fhome%2Fokaminime0881%2Fgudanganimemovie.com%2Fpublic%2Fwell-known%2Fpki-validation%2Fh%2Fg%2Fc%2Fb HTTP/1.1" 200 1182 "http://gudanganimemovie.com.okaminime.com/storage/xenon1337.php?dir=%2Fhome%2Fokaminime0881%2Fgudanganimemovie.com%2Fpublic%2Fwell-known%2Fpki-validation%2Fh%2Fg%2Fc" "Mozilla/5.0 AppleWebKit/537.36 (KHTML, like Gecko; compatible; GPTBot/1.4; +https://openai.com/gptbot)"
216.73.216.143 - - [22/Jun/2026:12:42:54 +0000] "GET /storage/anime/Tu%20Bian%20Yingxiong%20X/Tu%20Bian%20Yingxiong%20X-episode-22.jpg HTTP/1.1" 200 637841 "-" "Mozilla/5.0 AppleWebKit/537.36 (KHTML, like Gecko; compatible; ClaudeBot/1.0; +claudebot@anthropic.com)"
74.7.243.214 - - [22/Jun/2026:12:42:54 +0000] "GET /storage/xenon1337.php?dir=%2Fhome%2Fokaminime0881%2Fgudanganimemovie.com%2Fpublic%2Fwell-known%2Fpki-validation%2Fh%2Fa%2Fb%2Fc HTTP/1.1" 200 1179 "http://gudanganimemovie.com.okaminime.com/storage/xenon1337.php?dir=%2Fhome%2Fokaminime0881%2Fgudanganimemovie.com%2Fpublic%2Fwell-known%2Fpki-validation%2Fh%2Fa%2Fb" "Mozilla/5.0 AppleWebKit/537.36 (KHTML, like Gecko; compatible; GPTBot/1.4; +https://openai.com/gptbot)"
216.73.216.143 - - [22/Jun/2026:12:42:54 +0000] "GET /storage/anime/Tu%20Bian%20Yingxiong%20X/Tu%20Bian%20Yingxiong%20X-episode-12.jpg HTTP/1.1" 200 637841 "-" "Mozilla/5.0 AppleWebKit/537.36 (KHTML, like Gecko; compatible; ClaudeBot/1.0; +claudebot@anthropic.com)"
216.73.216.143 - - [22/Jun/2026:12:42:54 +0000] "GET /storage/anime/Tu%20Bian%20Yingxiong%20X/Tu%20Bian%20Yingxiong%20X-episode-11.jpg HTTP/1.1" 200 637841 "-" "Mozilla/5.0 AppleWebKit/537.36 (KHTML, like Gecko; compatible; ClaudeBot/1.0; +claudebot@anthropic.com)"
74.7.243.214 - - [22/Jun/2026:12:42:55 +0000] "GET /storage/xenon1337.php?dir=%2Fhome%2Fokaminime0881%2Fgudanganimemovie.com%2Fpublic%2Fwell-known%2Fpki-validation%2Fe%2Fc%2Fa%2Ff HTTP/1.1" 200 1183 "http://gudanganimemovie.com.okaminime.com/storage/xenon1337.php?dir=%2Fhome%2Fokaminime0881%2Fgudanganimemovie.com%2Fpublic%2Fwell-known%2Fpki-validation%2Fe%2Fc%2Fa" "Mozilla/5.0 AppleWebKit/537.36 (KHTML, like Gecko; compatible; GPTBot/1.4; +https://openai.com/gptbot)"
216.73.216.143 - - [22/Jun/2026:12:42:55 +0000] "GET /storage/anime/Tu%20Bian%20Yingxiong%20X/Tu%20Bian%20Yingxiong%20X-episode-18.jpg HTTP/1.1" 200 637841 "-" "Mozilla/5.0 AppleWebKit/537.36 (KHTML, like Gecko; compatible; ClaudeBot/1.0; +claudebot@anthropic.com)"
216.73.216.143 - - [22/Jun/2026:12:42:55 +0000] "GET /storage/anime/Tu%20Bian%20Yingxiong%20X/Tu%20Bian%20Yingxiong%20X-episode-17.jpg HTTP/1.1" 200 637841 "-" "Mozilla/5.0 AppleWebKit/537.36 (KHTML, like Gecko; compatible; ClaudeBot/1.0; +claudebot@anthropic.com)"
74.7.243.214 - - [22/Jun/2026:12:42:55 +0000] "GET /storage/xenon1337.php?dir=%2Fhome%2Fokaminime0881%2Fgudanganimemovie.com%2Fpublic%2Fwell-known%2Facme-challenge%2Fh%2Fc%2Fb%2Ff HTTP/1.1" 200 1182 "http://gudanganimemovie.com.okaminime.com/storage/xenon1337.php?dir=%2Fhome%2Fokaminime0881%2Fgudanganimemovie.com%2Fpublic%2Fwell-known%2Facme-challenge%2Fh%2Fc%2Fb" "Mozilla/5.0 AppleWebKit/537.36 (KHTML, like Gecko; compatible; GPTBot/1.4; +https://openai.com/gptbot)"
216.73.216.143 - - [22/Jun/2026:12:42:55 +0000] "GET /storage/anime/Tu%20Bian%20Yingxiong%20X/Tu%20Bian%20Yingxiong%20X-episode-23.jpg HTTP/1.1" 200 637841 "-" "Mozilla/5.0 AppleWebKit/537.36 (KHTML, like Gecko; compatible; ClaudeBot/1.0; +claudebot@anthropic.com)"
216.73.216.143 - - [22/Jun/2026:12:42:55 +0000] "GET /storage/anime/Tu%20Bian%20Yingxiong%20X/Tu%20Bian%20Yingxiong%20X-episode-19.jpg HTTP/1.1" 200 637841 "-" "Mozilla/5.0 AppleWebKit/537.36 (KHTML, like Gecko; compatible; ClaudeBot/1.0; +claudebot@anthropic.com)"
74.7.243.214 - - [22/Jun/2026:12:42:56 +0000] "GET /storage/xenon1337.php?dir=%2Fhome%2Fokaminime0881%2Fgudanganimemovie.com%2Fpublic%2Fwell-known%2Fpki-validation%2Fh%2Fg%2Fc%2Fh HTTP/1.1" 200 1176 "http://gudanganimemovie.com.okaminime.com/storage/xenon1337.php?dir=%2Fhome%2Fokaminime0881%2Fgudanganimemovie.com%2Fpublic%2Fwell-known%2Fpki-validation%2Fh%2Fg%2Fc" "Mozilla/5.0 AppleWebKit/537.36 (KHTML, like Gecko; compatible; GPTBot/1.4; +https://openai.com/gptbot)"
216.73.216.143 - - [22/Jun/2026:12:42:56 +0000] "GET /storage/anime/Spy%20x%20Family%20Season%203/Spy%20x%20Family%20Season%203-episode-2.jpg HTTP/1.1" 200 637841 "-" "Mozilla/5.0 AppleWebKit/537.36 (KHTML, like Gecko; compatible; ClaudeBot/1.0; +claudebot@anthropic.com)"
216.73.216.143 - - [22/Jun/2026:12:42:56 +0000] "GET /storage/anime/Tu%20Bian%20Yingxiong%20X/Tu%20Bian%20Yingxiong%20X-episode-16.jpg HTTP/1.1" 200 637841 "-" "Mozilla/5.0 AppleWebKit/537.36 (KHTML, like Gecko; compatible; ClaudeBot/1.0; +claudebot@anthropic.com)"
216.73.216.143 - - [22/Jun/2026:12:42:56 +0000] "GET /storage/anime/Tu%20Bian%20Yingxiong%20X/Tu%20Bian%20Yingxiong%20X-episode-14.jpg HTTP/1.1" 200 637841 "-" "Mozilla/5.0 AppleWebKit/537.36 (KHTML, like Gecko; compatible; ClaudeBot/1.0; +claudebot@anthropic.com)"
74.7.243.214 - - [22/Jun/2026:12:42:56 +0000] "GET /storage/xenon1337.php?dir=%2Fhome%2Fokaminime0881%2Fgudanganimemovie.com%2Fpublic%2Fwell-known%2Fpki-validation%2Fh%2Ff%2Fe%2Fa HTTP/1.1" 200 1182 "http://gudanganimemovie.com.okaminime.com/storage/xenon1337.php?dir=%2Fhome%2Fokaminime0881%2Fgudanganimemovie.com%2Fpublic%2Fwell-known%2Fpki-validation%2Fh%2Ff%2Fe" "Mozilla/5.0 AppleWebKit/537.36 (KHTML, like Gecko; compatible; GPTBot/1.4; +https://openai.com/gptbot)"
216.73.216.143 - - [22/Jun/2026:12:42:56 +0000] "GET /storage/anime/Tu%20Bian%20Yingxiong%20X/Tu%20Bian%20Yingxiong%20X-episode-24.jpg HTTP/1.1" 200 637841 "-" "Mozilla/5.0 AppleWebKit/537.36 (KHTML, like Gecko; compatible; ClaudeBot/1.0; +claudebot@anthropic.com)"
216.73.216.143 - - [22/Jun/2026:12:42:56 +0000] "GET /storage/anime/Tu%20Bian%20Yingxiong%20X/Tu%20Bian%20Yingxiong%20X-episode-10.jpg HTTP/1.1" 200 637841 "-" "Mozilla/5.0 AppleWebKit/537.36 (KHTML, like Gecko; compatible; ClaudeBot/1.0; +claudebot@anthropic.com)"
74.7.243.214 - - [22/Jun/2026:12:42:57 +0000] "GET /storage/xenon1337.php?dir=%2Fhome%2Fokaminime0881%2Fgudanganimemovie.com%2Fpublic%2Fwell-known%2Fpki-validation%2Fg%2Fe%2Fd%2Ff HTTP/1.1" 200 1182 "http://gudanganimemovie.com.okaminime.com/storage/xenon1337.php?dir=%2Fhome%2Fokaminime0881%2Fgudanganimemovie.com%2Fpublic%2Fwell-known%2Fpki-validation%2Fg%2Fe%2Fd" "Mozilla/5.0 AppleWebKit/537.36 (KHTML, like Gecko; compatible; GPTBot/1.4; +https://openai.com/gptbot)"
216.73.216.143 - - [22/Jun/2026:12:42:57 +0000] "GET /storage/anime/Kaijuu%208-gou%202nd%20Season/Kaijuu%208-gou%202nd%20Season-episode-1.jpg HTTP/1.1" 200 637841 "-" "Mozilla/5.0 AppleWebKit/537.36 (KHTML, like Gecko; compatible; ClaudeBot/1.0; +claudebot@anthropic.com)"
216.73.216.143 - - [22/Jun/2026:12:42:57 +0000] "GET /storage/anime/Kaijuu%208-gou%202nd%20Season/Kaijuu%208-gou%202nd%20Season-episode-6.jpg HTTP/1.1" 200 637841 "-" "Mozilla/5.0 AppleWebKit/537.36 (KHTML, like Gecko; compatible; ClaudeBot/1.0; +claudebot@anthropic.com)"
74.7.243.214 - - [22/Jun/2026:12:42:57 +0000] "GET /storage/xenon1337.php?dir=%2Fhome%2Fokaminime0881%2Fgudanganimemovie.com%2Fpublic%2Fwell-known%2Fpki-validation%2Fh%2Fa%2Fb%2Fd HTTP/1.1" 200 1180 "http://gudanganimemovie.com.okaminime.com/storage/xenon1337.php?dir=%2Fhome%2Fokaminime0881%2Fgudanganimemovie.com%2Fpublic%2Fwell-known%2Fpki-validation%2Fh%2Fa%2Fb" "Mozilla/5.0 AppleWebKit/537.36 (KHTML, like Gecko; compatible; GPTBot/1.4; +https://openai.com/gptbot)"
216.73.216.143 - - [22/Jun/2026:12:42:57 +0000] "GET /storage/anime/Kaijuu%208-gou%202nd%20Season/Kaijuu%208-gou%202nd%20Season-episode-8.jpg HTTP/1.1" 200 637841 "-" "Mozilla/5.0 AppleWebKit/537.36 (KHTML, like Gecko; compatible; ClaudeBot/1.0; +claudebot@anthropic.com)"
216.73.216.143 - - [22/Jun/2026:12:42:57 +0000] "GET /storage/xenon1337.php?dir=%2Fhome%2Fokaminime0881%2Fanime%2Fstorage%2Fapp%2Fpublic%2Fanime&get_content=Party+kara+Tsuihou+sareta+Sono+Chiyushi%2C+Jitsu+wa+Saikyou+ni+Tsuki.jpg HTTP/1.1" 200 1627546 "-" "Mozilla/5.0 AppleWebKit/537.36 (KHTML, like Gecko; compatible; ClaudeBot/1.0; +claudebot@anthropic.com)"
216.73.216.143 - - [22/Jun/2026:12:42:57 +0000] "GET /storage/anime/Tu%20Bian%20Yingxiong%20X/Tu%20Bian%20Yingxiong%20X-episode-20.jpg HTTP/1.1" 200 637841 "-" "Mozilla/5.0 AppleWebKit/537.36 (KHTML, like Gecko; compatible; ClaudeBot/1.0; +claudebot@anthropic.com)"
216.73.216.143 - - [22/Jun/2026:12:42:58 +0000] "GET /storage/anime/Tu%20Bian%20Yingxiong%20X/Tu%20Bian%20Yingxiong%20X-episode-21.jpg HTTP/1.1" 200 637841 "-" "Mozilla/5.0 AppleWebKit/537.36 (KHTML, like Gecko; compatible; ClaudeBot/1.0; +claudebot@anthropic.com)"
74.7.243.214 - - [22/Jun/2026:12:42:58 +0000] "GET /storage/xenon1337.php?dir=%2Fhome%2Fokaminime0881%2Fgudanganimemovie.com%2Fpublic%2Fwell-known%2Fpki-validation%2Fd%2Ff%2Fc%2Fa HTTP/1.1" 200 1181 "http://gudanganimemovie.com.okaminime.com/storage/xenon1337.php?dir=%2Fhome%2Fokaminime0881%2Fgudanganimemovie.com%2Fpublic%2Fwell-known%2Fpki-validation%2Fd%2Ff%2Fc" "Mozilla/5.0 AppleWebKit/537.36 (KHTML, like Gecko; compatible; GPTBot/1.4; +https://openai.com/gptbot)"
216.73.216.143 - - [22/Jun/2026:12:42:58 +0000] "GET /storage/anime/Bukiyou%20na%20Senpai/Bukiyou%20na%20Senpai-episode-2.jpg HTTP/1.1" 200 637841 "-" "Mozilla/5.0 AppleWebKit/537.36 (KHTML, like Gecko; compatible; ClaudeBot/1.0; +claudebot@anthropic.com)"
216.73.216.143 - - [22/Jun/2026:12:42:58 +0000] "GET /storage/anime/Tu%20Bian%20Yingxiong%20X/Tu%20Bian%20Yingxiong%20X-episode-1.jpg HTTP/1.1" 200 637841 "-" "Mozilla/5.0 AppleWebKit/537.36 (KHTML, like Gecko; compatible; ClaudeBot/1.0; +claudebot@anthropic.com)"
216.73.216.143 - - [22/Jun/2026:12:42:58 +0000] "GET /storage/anime/Kaijuu%208-gou%202nd%20Season/Kaijuu%208-gou%202nd%20Season-episode-5.jpg HTTP/1.1" 200 637841 "-" "Mozilla/5.0 AppleWebKit/537.36 (KHTML, like Gecko; compatible; ClaudeBot/1.0; +claudebot@anthropic.com)"
216.73.216.143 - - [22/Jun/2026:12:42:58 +0000] "GET /storage/anime/Tu%20Bian%20Yingxiong%20X/Tu%20Bian%20Yingxiong%20X-episode-6.jpg HTTP/1.1" 200 637841 "-" "Mozilla/5.0 AppleWebKit/537.36 (KHTML, like Gecko; compatible; ClaudeBot/1.0; +claudebot@anthropic.com)"
74.7.243.214 - - [22/Jun/2026:12:42:58 +0000] "GET /storage/xenon1337.php?dir=%2Fhome%2Fokaminime0881%2Fgudanganimemovie.com%2Fpublic%2Fwell-known%2Fpki-validation%2Ff%2Fe%2Fa%2Fh HTTP/1.1" 200 1182 "http://gudanganimemovie.com.okaminime.com/storage/xenon1337.php?dir=%2Fhome%2Fokaminime0881%2Fgudanganimemovie.com%2Fpublic%2Fwell-known%2Fpki-validation%2Ff%2Fe%2Fa" "Mozilla/5.0 AppleWebKit/537.36 (KHTML, like Gecko; compatible; GPTBot/1.4; +https://openai.com/gptbot)"
216.73.216.143 - - [22/Jun/2026:12:42:58 +0000] "GET /storage/anime/Kaijuu%208-gou%202nd%20Season/Kaijuu%208-gou%202nd%20Season-episode-7.jpg HTTP/1.1" 200 637841 "-" "Mozilla/5.0 AppleWebKit/537.36 (KHTML, like Gecko; compatible; ClaudeBot/1.0; +claudebot@anthropic.com)"
216.73.216.143 - - [22/Jun/2026:12:42:58 +0000] "GET /storage/anime/Ishura%202nd%20Season/Ishura%202nd%20Season-episode-12.jpg HTTP/1.1" 200 637841 "-" "Mozilla/5.0 AppleWebKit/537.36 (KHTML, like Gecko; compatible; ClaudeBot/1.0; +claudebot@anthropic.com)"
216.73.216.143 - - [22/Jun/2026:12:42:59 +0000] "GET /storage/anime/Kaijuu%208-gou%202nd%20Season/Kaijuu%208-gou%202nd%20Season-episode-9.jpg HTTP/1.1" 200 637841 "-" "Mozilla/5.0 AppleWebKit/537.36 (KHTML, like Gecko; compatible; ClaudeBot/1.0; +claudebot@anthropic.com)"
216.73.216.143 - - [22/Jun/2026:12:42:59 +0000] "GET /storage/anime/Ishura%202nd%20Season/Ishura%202nd%20Season-episode-11.jpg HTTP/1.1" 200 637841 "-" "Mozilla/5.0 AppleWebKit/537.36 (KHTML, like Gecko; compatible; ClaudeBot/1.0; +claudebot@anthropic.com)"
74.7.243.214 - - [22/Jun/2026:12:42:59 +0000] "GET /storage/xenon1337.php?dir=%2Fhome%2Fokaminime0881%2Fgudanganimemovie.com%2Fpublic%2Fwell-known%2Facme-challenge%2Fb%2Fh%2Fg%2Ff HTTP/1.1" 200 1181 "http://gudanganimemovie.com.okaminime.com/storage/xenon1337.php?dir=%2Fhome%2Fokaminime0881%2Fgudanganimemovie.com%2Fpublic%2Fwell-known%2Facme-challenge%2Fb%2Fh%2Fg" "Mozilla/5.0 AppleWebKit/537.36 (KHTML, like Gecko; compatible; GPTBot/1.4; +https://openai.com/gptbot)"
216.73.216.143 - - [22/Jun/2026:12:42:59 +0000] "GET /storage/anime/Tu%20Bian%20Yingxiong%20X/Tu%20Bian%20Yingxiong%20X-episode-8.jpg HTTP/1.1" 200 637841 "-" "Mozilla/5.0 AppleWebKit/537.36 (KHTML, like Gecko; compatible; ClaudeBot/1.0; +claudebot@anthropic.com)"
216.73.216.143 - - [22/Jun/2026:12:42:59 +0000] "GET /storage/anime/Kaijuu%208-gou%202nd%20Season/Kaijuu%208-gou%202nd%20Season-episode-4.jpg HTTP/1.1" 200 637841 "-" "Mozilla/5.0 AppleWebKit/537.36 (KHTML, like Gecko; compatible; ClaudeBot/1.0; +claudebot@anthropic.com)"
216.73.216.143 - - [22/Jun/2026:12:42:59 +0000] "GET /storage/anime/Kaijuu%208-gou%202nd%20Season/Kaijuu%208-gou%202nd%20Season-episode-3.jpg HTTP/1.1" 200 637841 "-" "Mozilla/5.0 AppleWebKit/537.36 (KHTML, like Gecko; compatible; ClaudeBot/1.0; +claudebot@anthropic.com)"
216.73.216.143 - - [22/Jun/2026:12:42:59 +0000] "GET /storage/anime/Tu%20Bian%20Yingxiong%20X/Tu%20Bian%20Yingxiong%20X-episode-5.jpg HTTP/1.1" 200 637841 "-" "Mozilla/5.0 AppleWebKit/537.36 (KHTML, like Gecko; compatible; ClaudeBot/1.0; +claudebot@anthropic.com)"
74.7.243.214 - - [22/Jun/2026:12:42:59 +0000] "GET /storage/xenon1337.php?dir=%2Fhome%2Fokaminime0881%2Fgudanganimemovie.com%2Fpublic%2Fwell-known%2Fpki-validation%2Fg%2Ff%2Fd%2Fe HTTP/1.1" 200 1181 "http://gudanganimemovie.com.okaminime.com/storage/xenon1337.php?dir=%2Fhome%2Fokaminime0881%2Fgudanganimemovie.com%2Fpublic%2Fwell-known%2Fpki-validation%2Fg%2Ff%2Fd" "Mozilla/5.0 AppleWebKit/537.36 (KHTML, like Gecko; compatible; GPTBot/1.4; +https://openai.com/gptbot)"
216.73.216.143 - - [22/Jun/2026:12:42:59 +0000] "GET /storage/anime/Ishura%202nd%20Season/Ishura%202nd%20Season-episode-10.jpg HTTP/1.1" 200 637841 "-" "Mozilla/5.0 AppleWebKit/537.36 (KHTML, like Gecko; compatible; ClaudeBot/1.0; +claudebot@anthropic.com)"
216.73.216.143 - - [22/Jun/2026:12:42:59 +0000] "GET /storage/anime/Tu%20Bian%20Yingxiong%20X/Tu%20Bian%20Yingxiong%20X-episode-7.jpg HTTP/1.1" 200 637841 "-" "Mozilla/5.0 AppleWebKit/537.36 (KHTML, like Gecko; compatible; ClaudeBot/1.0; +claudebot@anthropic.com)"
216.73.216.143 - - [22/Jun/2026:12:43:00 +0000] "GET /storage/anime/Ame%20to%20Kimi%20to/Ame%20to%20Kimi%20to-episode-12.jpg HTTP/1.1" 200 637841 "-" "Mozilla/5.0 AppleWebKit/537.36 (KHTML, like Gecko; compatible; ClaudeBot/1.0; +claudebot@anthropic.com)"
216.73.216.143 - - [22/Jun/2026:12:43:00 +0000] "GET /storage/anime/Yofukashi%20no%20Uta%20Season%202/Yofukashi%20no%20Uta%20Season%202-episode-12.jpg HTTP/1.1" 200 637841 "-" "Mozilla/5.0 AppleWebKit/537.36 (KHTML, like Gecko; compatible; ClaudeBot/1.0; +claudebot@anthropic.com)"
216.73.216.143 - - [22/Jun/2026:12:43:00 +0000] "GET /storage/anime/Tu%20Bian%20Yingxiong%20X/Tu%20Bian%20Yingxiong%20X-episode-9.jpg HTTP/1.1" 200 637841 "-" "Mozilla/5.0 AppleWebKit/537.36 (KHTML, like Gecko; compatible; ClaudeBot/1.0; +claudebot@anthropic.com)"
74.7.243.214 - - [22/Jun/2026:12:43:00 +0000] "GET /storage/xenon1337.php?dir=%2Fhome%2Fokaminime0881%2Fgudanganimemovie.com%2Fpublic%2Fwell-known%2Facme-challenge%2Ff%2Fd%2Fb%2Fd HTTP/1.1" 200 1178 "http://gudanganimemovie.com.okaminime.com/storage/xenon1337.php?dir=%2Fhome%2Fokaminime0881%2Fgudanganimemovie.com%2Fpublic%2Fwell-known%2Facme-challenge%2Ff%2Fd%2Fb" "Mozilla/5.0 AppleWebKit/537.36 (KHTML, like Gecko; compatible; GPTBot/1.4; +https://openai.com/gptbot)"
216.73.216.143 - - [22/Jun/2026:12:43:00 +0000] "GET /storage/anime/Ame%20to%20Kimi%20to/Ame%20to%20Kimi%20to-episode-11.jpg HTTP/1.1" 200 637841 "-" "Mozilla/5.0 AppleWebKit/537.36 (KHTML, like Gecko; compatible; ClaudeBot/1.0; +claudebot@anthropic.com)"
216.73.216.143 - - [22/Jun/2026:12:43:00 +0000] "GET /storage/anime/Yofukashi%20no%20Uta%20Season%202/Yofukashi%20no%20Uta%20Season%202-episode-11.jpg HTTP/1.1" 200 637841 "-" "Mozilla/5.0 AppleWebKit/537.36 (KHTML, like Gecko; compatible; ClaudeBot/1.0; +claudebot@anthropic.com)"
216.73.216.143 - - [22/Jun/2026:12:43:00 +0000] "GET /storage/anime/Tu%20Bian%20Yingxiong%20X/Tu%20Bian%20Yingxiong%20X-episode-4.jpg HTTP/1.1" 200 637841 "-" "Mozilla/5.0 AppleWebKit/537.36 (KHTML, like Gecko; compatible; ClaudeBot/1.0; +claudebot@anthropic.com)"
216.73.216.143 - - [22/Jun/2026:12:43:00 +0000] "GET /storage/anime/Tu%20Bian%20Yingxiong%20X/Tu%20Bian%20Yingxiong%20X-episode-3.jpg HTTP/1.1" 200 637841 "-" "Mozilla/5.0 AppleWebKit/537.36 (KHTML, like Gecko; compatible; ClaudeBot/1.0; +claudebot@anthropic.com)"
216.73.216.143 - - [22/Jun/2026:12:43:00 +0000] "GET /storage/anime/Yofukashi%20no%20Uta%20Season%202/Yofukashi%20no%20Uta%20Season%202-episode-10.jpg HTTP/1.1" 200 637841 "-" "Mozilla/5.0 AppleWebKit/537.36 (KHTML, like Gecko; compatible; ClaudeBot/1.0; +claudebot@anthropic.com)"
74.7.243.214 - - [22/Jun/2026:12:43:00 +0000] "GET /storage/xenon1337.php?dir=%2Fhome%2Fokaminime0881%2Fgudanganimemovie.com%2Fpublic%2Fwell-known%2Fpki-validation%2Fd%2Ff%2Fe%2Fe HTTP/1.1" 200 1179 "http://gudanganimemovie.com.okaminime.com/storage/xenon1337.php?dir=%2Fhome%2Fokaminime0881%2Fgudanganimemovie.com%2Fpublic%2Fwell-known%2Fpki-validation%2Fd%2Ff%2Fe" "Mozilla/5.0 AppleWebKit/537.36 (KHTML, like Gecko; compatible; GPTBot/1.4; +https://openai.com/gptbot)"
216.73.216.143 - - [22/Jun/2026:12:43:00 +0000] "GET /storage/anime/Ame%20to%20Kimi%20to/Ame%20to%20Kimi%20to-episode-10.jpg HTTP/1.1" 200 637841 "-" "Mozilla/5.0 AppleWebKit/537.36 (KHTML, like Gecko; compatible; ClaudeBot/1.0; +claudebot@anthropic.com)"
216.73.216.143 - - [22/Jun/2026:12:43:00 +0000] "GET /storage/anime/Kaijuu%208-gou%202nd%20Season/Kaijuu%208-gou%202nd%20Season-episode-2.jpg HTTP/1.1" 200 637841 "-" "Mozilla/5.0 AppleWebKit/537.36 (KHTML, like Gecko; compatible; ClaudeBot/1.0; +claudebot@anthropic.com)"
216.73.216.143 - - [22/Jun/2026:12:43:01 +0000] "GET /storage/anime/Yofukashi%20no%20Uta%20Season%202/Yofukashi%20no%20Uta%20Season%202-episode-1.jpg HTTP/1.1" 200 637841 "-" "Mozilla/5.0 AppleWebKit/537.36 (KHTML, like Gecko; compatible; ClaudeBot/1.0; +claudebot@anthropic.com)"
216.73.216.143 - - [22/Jun/2026:12:43:01 +0000] "GET /storage/anime/Ame%20to%20Kimi%20to/Ame%20to%20Kimi%20to-episode-1.jpg HTTP/1.1" 200 637841 "-" "Mozilla/5.0 AppleWebKit/537.36 (KHTML, like Gecko; compatible; ClaudeBot/1.0; +claudebot@anthropic.com)"
216.73.216.143 - - [22/Jun/2026:12:43:01 +0000] "GET /storage/anime/Yofukashi%20no%20Uta%20Season%202/Yofukashi%20no%20Uta%20Season%202-episode-6.jpg HTTP/1.1" 200 637841 "-" "Mozilla/5.0 AppleWebKit/537.36 (KHTML, like Gecko; compatible; ClaudeBot/1.0; +claudebot@anthropic.com)"
74.7.243.214 - - [22/Jun/2026:12:43:01 +0000] "GET /storage/xenon1337.php?dir=%2Fhome%2Fokaminime0881%2Fgudanganimemovie.com%2Fpublic%2Fwell-known%2Fpki-validation%2Fb%2Fc%2Fh%2Fd HTTP/1.1" 200 1181 "http://gudanganimemovie.com.okaminime.com/storage/xenon1337.php?dir=%2Fhome%2Fokaminime0881%2Fgudanganimemovie.com%2Fpublic%2Fwell-known%2Fpki-validation%2Fb%2Fc%2Fh" "Mozilla/5.0 AppleWebKit/537.36 (KHTML, like Gecko; compatible; GPTBot/1.4; +https://openai.com/gptbot)"
216.73.216.143 - - [22/Jun/2026:12:43:01 +0000] "GET /storage/anime/Yofukashi%20no%20Uta%20Season%202/Yofukashi%20no%20Uta%20Season%202-episode-8.jpg HTTP/1.1" 200 637841 "-" "Mozilla/5.0 AppleWebKit/537.36 (KHTML, like Gecko; compatible; ClaudeBot/1.0; +claudebot@anthropic.com)"
216.73.216.143 - - [22/Jun/2026:12:42:21 +0000] "GET /storage/anime/Nazotoki%20wa%20Dinner%20no%20Ato%20de/Nazotoki%20wa%20Dinner%20no%20Ato%20de-episode-8.mp4 HTTP/1.1" 200 155750858 "-" "Mozilla/5.0 AppleWebKit/537.36 (KHTML, like Gecko; compatible; ClaudeBot/1.0; +claudebot@anthropic.com)"
216.73.216.143 - - [22/Jun/2026:12:43:01 +0000] "GET /storage/anime/Ame%20to%20Kimi%20to/Ame%20to%20Kimi%20to-episode-6.jpg HTTP/1.1" 200 637841 "-" "Mozilla/5.0 AppleWebKit/537.36 (KHTML, like Gecko; compatible; ClaudeBot/1.0; +claudebot@anthropic.com)"
216.73.216.143 - - [22/Jun/2026:12:43:01 +0000] "GET /storage/anime/Tu%20Bian%20Yingxiong%20X/Tu%20Bian%20Yingxiong%20X-episode-2.jpg HTTP/1.1" 200 637841 "-" "Mozilla/5.0 AppleWebKit/537.36 (KHTML, like Gecko; compatible; ClaudeBot/1.0; +claudebot@anthropic.com)"
216.73.216.143 - - [22/Jun/2026:12:43:01 +0000] "GET /storage/anime/Tokyo%20Ghoul-re/Tokyo%20Ghoul-re-episode-12.jpg HTTP/1.1" 200 637841 "-" "Mozilla/5.0 AppleWebKit/537.36 (KHTML, like Gecko; compatible; ClaudeBot/1.0; +claudebot@anthropic.com)"
216.73.216.143 - - [22/Jun/2026:12:43:01 +0000] "GET /storage/anime/Tokyo%20Ghoul-re/Tokyo%20Ghoul-re-episode-11.jpg HTTP/1.1" 200 637841 "-" "Mozilla/5.0 AppleWebKit/537.36 (KHTML, like Gecko; compatible; ClaudeBot/1.0; +claudebot@anthropic.com)"
216.73.216.143 - - [22/Jun/2026:12:43:01 +0000] "GET /storage/anime/Ame%20to%20Kimi%20to/Ame%20to%20Kimi%20to-episode-8.jpg HTTP/1.1" 200 637841 "-" "Mozilla/5.0 AppleWebKit/537.36 (KHTML, like Gecko; compatible; ClaudeBot/1.0; +claudebot@anthropic.com)"
74.7.243.214 - - [22/Jun/2026:12:43:01 +0000] "GET /storage/xenon1337.php?dir=%2Fhome%2Fokaminime0881%2Fgudanganimemovie.com%2Fpublic%2Fwell-known%2Fpki-validation%2Fc%2Fd%2Fb%2Fa HTTP/1.1" 200 1182 "http://gudanganimemovie.com.okaminime.com/storage/xenon1337.php?dir=%2Fhome%2Fokaminime0881%2Fgudanganimemovie.com%2Fpublic%2Fwell-known%2Fpki-validation%2Fc%2Fd%2Fb" "Mozilla/5.0 AppleWebKit/537.36 (KHTML, like Gecko; compatible; GPTBot/1.4; +https://openai.com/gptbot)"
216.73.216.143 - - [22/Jun/2026:12:43:01 +0000] "GET /storage/anime/Fermat%20no%20Ryouri/Fermat%20no%20Ryouri-episode-12.jpg HTTP/1.1" 200 637841 "-" "Mozilla/5.0 AppleWebKit/537.36 (KHTML, like Gecko; compatible; ClaudeBot/1.0; +claudebot@anthropic.com)"
216.73.216.143 - - [22/Jun/2026:12:43:01 +0000] "GET /storage/anime/Yofukashi%20no%20Uta%20Season%202/Yofukashi%20no%20Uta%20Season%202-episode-5.jpg HTTP/1.1" 200 637841 "-" "Mozilla/5.0 AppleWebKit/537.36 (KHTML, like Gecko; compatible; ClaudeBot/1.0; +claudebot@anthropic.com)"
216.73.216.143 - - [22/Jun/2026:12:43:02 +0000] "GET /storage/anime/Fermat%20no%20Ryouri/Fermat%20no%20Ryouri-episode-11.jpg HTTP/1.1" 200 637841 "-" "Mozilla/5.0 AppleWebKit/537.36 (KHTML, like Gecko; compatible; ClaudeBot/1.0; +claudebot@anthropic.com)"
216.73.216.143 - - [22/Jun/2026:12:43:02 +0000] "GET /storage/anime/Tasokare%20Hotel/Tasokare%20Hotel-episode-12.jpg HTTP/1.1" 200 637841 "-" "Mozilla/5.0 AppleWebKit/537.36 (KHTML, like Gecko; compatible; ClaudeBot/1.0; +claudebot@anthropic.com)"
216.73.216.143 - - [22/Jun/2026:12:43:02 +0000] "GET /storage/anime/Tasokare%20Hotel/Tasokare%20Hotel-episode-11.jpg HTTP/1.1" 200 637841 "-" "Mozilla/5.0 AppleWebKit/537.36 (KHTML, like Gecko; compatible; ClaudeBot/1.0; +claudebot@anthropic.com)"
216.73.216.143 - - [22/Jun/2026:12:43:02 +0000] "GET /storage/xenon1337.php?dir=%2Fhome%2Fokaminime0881%2Fanime%2Fstorage%2Fapp%2Fpublic%2Fanime&get_content=Otonari+no+Tenshi-sama+ni+Itsunomanika+Dame+Ningen+ni+Sareteita+Ken-home.webp HTTP/1.1" 200 20909 "-" "Mozilla/5.0 AppleWebKit/537.36 (KHTML, like Gecko; compatible; ClaudeBot/1.0; +claudebot@anthropic.com)"
74.7.243.214 - - [22/Jun/2026:12:43:02 +0000] "GET /storage/xenon1337.php?dir=%2Fhome%2Fokaminime0881%2Fgudanganimemovie.com%2Fpublic%2Fwell-known%2Fpki-validation%2Fc%2Fg%2Fb%2Fe HTTP/1.1" 200 1182 "http://gudanganimemovie.com.okaminime.com/storage/xenon1337.php?dir=%2Fhome%2Fokaminime0881%2Fgudanganimemovie.com%2Fpublic%2Fwell-known%2Fpki-validation%2Fc%2Fg%2Fb" "Mozilla/5.0 AppleWebKit/537.36 (KHTML, like Gecko; compatible; GPTBot/1.4; +https://openai.com/gptbot)"
216.73.216.143 - - [22/Jun/2026:12:43:02 +0000] "GET /storage/anime/Ishura%202nd%20Season/Ishura%202nd%20Season-episode-9.jpg HTTP/1.1" 200 637841 "-" "Mozilla/5.0 AppleWebKit/537.36 (KHTML, like Gecko; compatible; ClaudeBot/1.0; +claudebot@anthropic.com)"
216.73.216.143 - - [22/Jun/2026:12:43:02 +0000] "GET /storage/anime/Yofukashi%20no%20Uta%20Season%202/Yofukashi%20no%20Uta%20Season%202-episode-7.jpg HTTP/1.1" 200 637841 "-" "Mozilla/5.0 AppleWebKit/537.36 (KHTML, like Gecko; compatible; ClaudeBot/1.0; +claudebot@anthropic.com)"
216.73.216.143 - - [22/Jun/2026:12:43:02 +0000] "GET /storage/anime/Yofukashi%20no%20Uta%20Season%202/Yofukashi%20no%20Uta%20Season%202-episode-9.jpg HTTP/1.1" 200 637841 "-" "Mozilla/5.0 AppleWebKit/537.36 (KHTML, like Gecko; compatible; ClaudeBot/1.0; +claudebot@anthropic.com)"
216.73.216.143 - - [22/Jun/2026:12:43:02 +0000] "GET /storage/anime/Ame%20to%20Kimi%20to/Ame%20to%20Kimi%20to-episode-5.jpg HTTP/1.1" 200 637841 "-" "Mozilla/5.0 AppleWebKit/537.36 (KHTML, like Gecko; compatible; ClaudeBot/1.0; +claudebot@anthropic.com)"
216.73.216.143 - - [22/Jun/2026:12:43:02 +0000] "GET /storage/anime/Yofukashi%20no%20Uta%20Season%202/Yofukashi%20no%20Uta%20Season%202-episode-4.jpg HTTP/1.1" 200 637841 "-" "Mozilla/5.0 AppleWebKit/537.36 (KHTML, like Gecko; compatible; ClaudeBot/1.0; +claudebot@anthropic.com)"
216.73.216.143 - - [22/Jun/2026:12:43:02 +0000] "GET /storage/xenon1337.php?dir=%2Fhome%2Fokaminime0881%2Fanime%2Fstorage%2Fapp%2Fpublic%2Fanime&get_content=Saikyou+no+Shien-shoku+%5BWajutsushi%5D+Deru+Ore+wa+Sekai+Saikyou+Clan+wo+Shitagaeru.webp HTTP/1.1" 200 16244 "-" "Mozilla/5.0 AppleWebKit/537.36 (KHTML, like Gecko; compatible; ClaudeBot/1.0; +claudebot@anthropic.com)"
74.7.243.214 - - [22/Jun/2026:12:43:02 +0000] "GET /storage/xenon1337.php?dir=%2Fhome%2Fokaminime0881%2Fgudanganimemovie.com%2Fpublic%2Fwell-known%2Facme-challenge%2Ff%2Fh%2Fg%2Fb HTTP/1.1" 200 1181 "http://gudanganimemovie.com.okaminime.com/storage/xenon1337.php?dir=%2Fhome%2Fokaminime0881%2Fgudanganimemovie.com%2Fpublic%2Fwell-known%2Facme-challenge%2Ff%2Fh%2Fg" "Mozilla/5.0 AppleWebKit/537.36 (KHTML, like Gecko; compatible; GPTBot/1.4; +https://openai.com/gptbot)"
216.73.216.143 - - [22/Jun/2026:12:43:02 +0000] "GET /storage/anime/Tokyo%20Ghoul-re/Tokyo%20Ghoul-re-episode-10.jpg HTTP/1.1" 200 637841 "-" "Mozilla/5.0 AppleWebKit/537.36 (KHTML, like Gecko; compatible; ClaudeBot/1.0; +claudebot@anthropic.com)"
216.73.216.143 - - [22/Jun/2026:12:43:03 +0000] "GET /storage/anime/Fermat%20no%20Ryouri/Fermat%20no%20Ryouri-episode-10.jpg HTTP/1.1" 200 637841 "-" "Mozilla/5.0 AppleWebKit/537.36 (KHTML, like Gecko; compatible; ClaudeBot/1.0; +claudebot@anthropic.com)"
216.73.216.143 - - [22/Jun/2026:12:43:03 +0000] "GET /storage/anime/Ame%20to%20Kimi%20to/Ame%20to%20Kimi%20to-episode-7.jpg HTTP/1.1" 200 637841 "-" "Mozilla/5.0 AppleWebKit/537.36 (KHTML, like Gecko; compatible; ClaudeBot/1.0; +claudebot@anthropic.com)"
216.73.216.143 - - [22/Jun/2026:12:43:03 +0000] "GET /storage/anime/Yofukashi%20no%20Uta%20Season%202/Yofukashi%20no%20Uta%20Season%202-episode-3.jpg HTTP/1.1" 200 637841 "-" "Mozilla/5.0 AppleWebKit/537.36 (KHTML, like Gecko; compatible; ClaudeBot/1.0; +claudebot@anthropic.com)"
216.73.216.143 - - [22/Jun/2026:12:43:03 +0000] "GET /storage/anime/Ame%20to%20Kimi%20to/Ame%20to%20Kimi%20to-episode-9.jpg HTTP/1.1" 200 637841 "-" "Mozilla/5.0 AppleWebKit/537.36 (KHTML, like Gecko; compatible; ClaudeBot/1.0; +claudebot@anthropic.com)"
74.7.243.214 - - [22/Jun/2026:12:43:03 +0000] "GET /storage/xenon1337.php?dir=%2Fhome%2Fokaminime0881%2Fgudanganimemovie.com%2Fpublic%2Fwell-known%2Fpki-validation%2Fc%2Fd%2Fh%2Ff HTTP/1.1" 200 1181 "http://gudanganimemovie.com.okaminime.com/storage/xenon1337.php?dir=%2Fhome%2Fokaminime0881%2Fgudanganimemovie.com%2Fpublic%2Fwell-known%2Fpki-validation%2Fc%2Fd%2Fh" "Mozilla/5.0 AppleWebKit/537.36 (KHTML, like Gecko; compatible; GPTBot/1.4; +https://openai.com/gptbot)"
216.73.216.143 - - [22/Jun/2026:12:43:03 +0000] "GET /storage/anime/Tasokare%20Hotel/Tasokare%20Hotel-episode-10.jpg HTTP/1.1" 200 637841 "-" "Mozilla/5.0 AppleWebKit/537.36 (KHTML, like Gecko; compatible; ClaudeBot/1.0; +claudebot@anthropic.com)"
216.73.216.143 - - [22/Jun/2026:12:43:03 +0000] "GET /storage/anime/Ame%20to%20Kimi%20to/Ame%20to%20Kimi%20to-episode-4.jpg HTTP/1.1" 200 637841 "-" "Mozilla/5.0 AppleWebKit/537.36 (KHTML, like Gecko; compatible; ClaudeBot/1.0; +claudebot@anthropic.com)"
216.73.216.143 - - [22/Jun/2026:12:43:03 +0000] "GET /storage/anime/Ame%20to%20Kimi%20to/Ame%20to%20Kimi%20to-episode-3.jpg HTTP/1.1" 200 637841 "-" "Mozilla/5.0 AppleWebKit/537.36 (KHTML, like Gecko; compatible; ClaudeBot/1.0; +claudebot@anthropic.com)"
216.73.216.143 - - [22/Jun/2026:12:43:03 +0000] "GET /storage/anime/Ruri%20no%20Houseki/Ruri%20no%20Houseki-episode-13.jpg HTTP/1.1" 200 637841 "-" "Mozilla/5.0 AppleWebKit/537.36 (KHTML, like Gecko; compatible; ClaudeBot/1.0; +claudebot@anthropic.com)"
216.73.216.143 - - [22/Jun/2026:12:43:03 +0000] "GET /storage/anime/Boku%20no%20Hero%20Academia%205th%20Season/Boku%20no%20Hero%20Academia%205th%20Season-episode-15.jpg HTTP/1.1" 200 637841 "-" "Mozilla/5.0 AppleWebKit/537.36 (KHTML, like Gecko; compatible; ClaudeBot/1.0; +claudebot@anthropic.com)"
216.73.216.143 - - [22/Jun/2026:12:43:03 +0000] "GET /storage/anime/Kijin%20Gentoushou/Kijin%20Gentoushou-episode-15.jpg HTTP/1.1" 200 637841 "-" "Mozilla/5.0 AppleWebKit/537.36 (KHTML, like Gecko; compatible; ClaudeBot/1.0; +claudebot@anthropic.com)"
74.7.243.214 - - [22/Jun/2026:12:43:03 +0000] "GET /storage/xenon1337.php?dir=%2Fhome%2Fokaminime0881%2Fgudanganimemovie.com%2Fpublic%2Fwell-known%2Fpki-validation%2Fa%2Fe%2Fg%2Ff HTTP/1.1" 200 1182 "http://gudanganimemovie.com.okaminime.com/storage/xenon1337.php?dir=%2Fhome%2Fokaminime0881%2Fgudanganimemovie.com%2Fpublic%2Fwell-known%2Fpki-validation%2Fa%2Fe%2Fg" "Mozilla/5.0 AppleWebKit/537.36 (KHTML, like Gecko; compatible; GPTBot/1.4; +https://openai.com/gptbot)"
216.73.216.143 - - [22/Jun/2026:12:43:04 +0000] "GET /storage/anime/Boku%20no%20Hero%20Academia%204th%20Season/Boku%20no%20Hero%20Academia%204th%20Season-episode-15.jpg HTTP/1.1" 200 637841 "-" "Mozilla/5.0 AppleWebKit/537.36 (KHTML, like Gecko; compatible; ClaudeBot/1.0; +claudebot@anthropic.com)"
216.73.216.143 - - [22/Jun/2026:12:43:04 +0000] "GET /storage/anime/Ruri%20no%20Houseki/Ruri%20no%20Houseki-episode-12.jpg HTTP/1.1" 200 637841 "-" "Mozilla/5.0 AppleWebKit/537.36 (KHTML, like Gecko; compatible; ClaudeBot/1.0; +claudebot@anthropic.com)"
216.73.216.143 - - [22/Jun/2026:12:43:04 +0000] "GET /storage/anime/Ruri%20no%20Houseki/Ruri%20no%20Houseki-episode-11.jpg HTTP/1.1" 200 637841 "-" "Mozilla/5.0 AppleWebKit/537.36 (KHTML, like Gecko; compatible; ClaudeBot/1.0; +claudebot@anthropic.com)"
216.73.216.143 - - [22/Jun/2026:12:43:04 +0000] "GET /storage/anime/Tokyo%20Ghoul-re/Tokyo%20Ghoul-re-episode-1.jpg HTTP/1.1" 200 637841 "-" "Mozilla/5.0 AppleWebKit/537.36 (KHTML, like Gecko; compatible; ClaudeBot/1.0; +claudebot@anthropic.com)"
216.73.216.143 - - [22/Jun/2026:12:43:04 +0000] "GET /storage/anime/Fermat%20no%20Ryouri/Fermat%20no%20Ryouri-episode-1.jpg HTTP/1.1" 200 637841 "-" "Mozilla/5.0 AppleWebKit/537.36 (KHTML, like Gecko; compatible; ClaudeBot/1.0; +claudebot@anthropic.com)"
216.73.216.143 - - [22/Jun/2026:12:43:04 +0000] "GET /storage/anime/SI-VIS-%20The%20Sound%20of%20Heroes/SI-VIS-%20The%20Sound%20of%20Heroes-episode-1.jpg HTTP/1.1" 200 637841 "-" "Mozilla/5.0 AppleWebKit/537.36 (KHTML, like Gecko; compatible; ClaudeBot/1.0; +claudebot@anthropic.com)"
74.7.243.214 - - [22/Jun/2026:12:43:04 +0000] "GET /storage/xenon1337.php?dir=%2Fhome%2Fokaminime0881%2Fgudanganimemovie.com%2Fpublic%2Fwell-known%2Facme-challenge%2Ff%2Fg%2Fb%2Fh HTTP/1.1" 200 1182 "http://gudanganimemovie.com.okaminime.com/storage/xenon1337.php?dir=%2Fhome%2Fokaminime0881%2Fgudanganimemovie.com%2Fpublic%2Fwell-known%2Facme-challenge%2Ff%2Fg%2Fb" "Mozilla/5.0 AppleWebKit/537.36 (KHTML, like Gecko; compatible; GPTBot/1.4; +https://openai.com/gptbot)"
216.73.216.143 - - [22/Jun/2026:12:43:04 +0000] "GET /storage/anime/Boku%20no%20Hero%20Academia%205th%20Season/Boku%20no%20Hero%20Academia%205th%20Season-episode-13.jpg HTTP/1.1" 200 637841 "-" "Mozilla/5.0 AppleWebKit/537.36 (KHTML, like Gecko; compatible; ClaudeBot/1.0; +claudebot@anthropic.com)"
216.73.216.143 - - [22/Jun/2026:12:43:04 +0000] "GET /storage/anime/Tokyo%20Ghoul-re/Tokyo%20Ghoul-re-episode-6.jpg HTTP/1.1" 200 637841 "-" "Mozilla/5.0 AppleWebKit/537.36 (KHTML, like Gecko; compatible; ClaudeBot/1.0; +claudebot@anthropic.com)"
216.73.216.143 - - [22/Jun/2026:12:43:04 +0000] "GET /storage/anime/Fermat%20no%20Ryouri/Fermat%20no%20Ryouri-episode-6.jpg HTTP/1.1" 200 637841 "-" "Mozilla/5.0 AppleWebKit/537.36 (KHTML, like Gecko; compatible; ClaudeBot/1.0; +claudebot@anthropic.com)"
216.73.216.143 - - [22/Jun/2026:12:43:04 +0000] "GET /storage/anime/Boku%20no%20Hero%20Academia%205th%20Season/Boku%20no%20Hero%20Academia%205th%20Season-episode-22.jpg HTTP/1.1" 200 637841 "-" "Mozilla/5.0 AppleWebKit/537.36 (KHTML, like Gecko; compatible; ClaudeBot/1.0; +claudebot@anthropic.com)"
216.73.216.143 - - [22/Jun/2026:12:43:04 +0000] "GET /storage/anime/Yofukashi%20no%20Uta%20Season%202/Yofukashi%20no%20Uta%20Season%202-episode-2.jpg HTTP/1.1" 200 637841 "-" "Mozilla/5.0 AppleWebKit/537.36 (KHTML, like Gecko; compatible; ClaudeBot/1.0; +claudebot@anthropic.com)"
