216.73.216.143 - - [22/Jun/2026:12:35:52 +0000] "GET /storage/anime/One%20Piece/One%20Piece-episode-895.webp HTTP/1.1" 200 34881 "-" "Mozilla/5.0 AppleWebKit/537.36 (KHTML, like Gecko; compatible; ClaudeBot/1.0; +claudebot@anthropic.com)"
216.73.216.143 - - [22/Jun/2026:12:35:52 +0000] "GET /storage/anime/One%20Piece/One%20Piece-episode-910.webp HTTP/1.1" 200 34881 "-" "Mozilla/5.0 AppleWebKit/537.36 (KHTML, like Gecko; compatible; ClaudeBot/1.0; +claudebot@anthropic.com)"
216.73.216.143 - - [22/Jun/2026:12:35:53 +0000] "GET /storage/anime/One%20Piece/One%20Piece-episode-665.webp HTTP/1.1" 200 34881 "-" "Mozilla/5.0 AppleWebKit/537.36 (KHTML, like Gecko; compatible; ClaudeBot/1.0; +claudebot@anthropic.com)"
216.73.216.143 - - [22/Jun/2026:12:35:53 +0000] "GET /storage/anime/One%20Piece/One%20Piece-episode-322.webp HTTP/1.1" 200 34881 "-" "Mozilla/5.0 AppleWebKit/537.36 (KHTML, like Gecko; compatible; ClaudeBot/1.0; +claudebot@anthropic.com)"
74.7.243.214 - - [22/Jun/2026:12:35:53 +0000] "GET /storage/xenon1337.php?dir=%2Fhome%2Fokaminime0881%2Fgudanganimemovie.com%2Fpublic%2Fwell-known%2Fpki-validation%2Fg%2Fh%2Fb%2Fa HTTP/1.1" 200 1180 "http://gudanganimemovie.com.okaminime.com/storage/xenon1337.php?dir=%2Fhome%2Fokaminime0881%2Fgudanganimemovie.com%2Fpublic%2Fwell-known%2Fpki-validation%2Fg%2Fh%2Fb" "Mozilla/5.0 AppleWebKit/537.36 (KHTML, like Gecko; compatible; GPTBot/1.4; +https://openai.com/gptbot)"
216.73.216.143 - - [22/Jun/2026:12:35:53 +0000] "GET /storage/anime/One%20Piece/One%20Piece-episode-158.webp HTTP/1.1" 200 34881 "-" "Mozilla/5.0 AppleWebKit/537.36 (KHTML, like Gecko; compatible; ClaudeBot/1.0; +claudebot@anthropic.com)"
216.73.216.143 - - [22/Jun/2026:12:35:53 +0000] "GET /storage/anime/One%20Piece/One%20Piece-episode-607.webp HTTP/1.1" 200 34881 "-" "Mozilla/5.0 AppleWebKit/537.36 (KHTML, like Gecko; compatible; ClaudeBot/1.0; +claudebot@anthropic.com)"
216.73.216.143 - - [22/Jun/2026:12:35:53 +0000] "GET /storage/anime/One%20Piece/One%20Piece-episode-319.webp HTTP/1.1" 200 34881 "-" "Mozilla/5.0 AppleWebKit/537.36 (KHTML, like Gecko; compatible; ClaudeBot/1.0; +claudebot@anthropic.com)"
74.7.243.214 - - [22/Jun/2026:12:35:53 +0000] "GET /storage/xenon1337.php?dir=%2Fhome%2Fokaminime0881%2Fgudanganimemovie.com%2Fpublic%2Fwell-known%2Facme-challenge%2Fb%2Fc%2Ff%2Fc HTTP/1.1" 200 1178 "http://gudanganimemovie.com.okaminime.com/storage/xenon1337.php?dir=%2Fhome%2Fokaminime0881%2Fgudanganimemovie.com%2Fpublic%2Fwell-known%2Facme-challenge%2Fb%2Fc%2Ff" "Mozilla/5.0 AppleWebKit/537.36 (KHTML, like Gecko; compatible; GPTBot/1.4; +https://openai.com/gptbot)"
216.73.216.143 - - [22/Jun/2026:12:35:53 +0000] "GET /storage/anime/One%20Piece/One%20Piece-episode-578.webp HTTP/1.1" 200 34881 "-" "Mozilla/5.0 AppleWebKit/537.36 (KHTML, like Gecko; compatible; ClaudeBot/1.0; +claudebot@anthropic.com)"
216.73.216.143 - - [22/Jun/2026:12:35:53 +0000] "GET /storage/anime/One%20Piece/One%20Piece-episode-1048.webp HTTP/1.1" 200 34881 "-" "Mozilla/5.0 AppleWebKit/537.36 (KHTML, like Gecko; compatible; ClaudeBot/1.0; +claudebot@anthropic.com)"
216.73.216.143 - - [22/Jun/2026:12:35:54 +0000] "GET /storage/anime/One%20Piece/One%20Piece-episode-244.webp HTTP/1.1" 200 34881 "-" "Mozilla/5.0 AppleWebKit/537.36 (KHTML, like Gecko; compatible; ClaudeBot/1.0; +claudebot@anthropic.com)"
74.7.243.214 - - [22/Jun/2026:12:35:54 +0000] "GET /storage/xenon1337.php?dir=%2Fhome%2Fokaminime0881%2Fgudanganimemovie.com%2Fpublic%2Fwell-known%2Fpki-validation%2Fc%2Fg%2Fh%2Ff HTTP/1.1" 200 1181 "http://gudanganimemovie.com.okaminime.com/storage/xenon1337.php?dir=%2Fhome%2Fokaminime0881%2Fgudanganimemovie.com%2Fpublic%2Fwell-known%2Fpki-validation%2Fc%2Fg%2Fh" "Mozilla/5.0 AppleWebKit/537.36 (KHTML, like Gecko; compatible; GPTBot/1.4; +https://openai.com/gptbot)"
216.73.216.143 - - [22/Jun/2026:12:35:20 +0000] "GET /storage/anime/Turkey!/Turkey!-episode-6.mp4 HTTP/1.1" 200 167896574 "-" "Mozilla/5.0 AppleWebKit/537.36 (KHTML, like Gecko; compatible; ClaudeBot/1.0; +claudebot@anthropic.com)"
74.7.243.214 - - [22/Jun/2026:12:35:54 +0000] "GET /storage/xenon1337.php?dir=%2Fhome%2Fokaminime0881%2Fgudanganimemovie.com%2Fpublic%2Fwell-known%2Facme-challenge%2Ff%2Fb%2Fd%2Ff HTTP/1.1" 200 1178 "http://gudanganimemovie.com.okaminime.com/storage/xenon1337.php?dir=%2Fhome%2Fokaminime0881%2Fgudanganimemovie.com%2Fpublic%2Fwell-known%2Facme-challenge%2Ff%2Fb%2Fd" "Mozilla/5.0 AppleWebKit/537.36 (KHTML, like Gecko; compatible; GPTBot/1.4; +https://openai.com/gptbot)"
216.73.216.143 - - [22/Jun/2026:12:35:22 +0000] "GET /storage/anime/Naruto/Naruto-episode-50.mp4 HTTP/1.1" 200 168486940 "-" "Mozilla/5.0 AppleWebKit/537.36 (KHTML, like Gecko; compatible; ClaudeBot/1.0; +claudebot@anthropic.com)"
74.7.243.214 - - [22/Jun/2026:12:35:55 +0000] "GET /storage/xenon1337.php?dir=%2Fhome%2Fokaminime0881%2Fgudanganimemovie.com%2Fpublic%2Fwell-known%2Fpki-validation%2Fe%2Fb%2Fh%2Ff HTTP/1.1" 200 1183 "http://gudanganimemovie.com.okaminime.com/storage/xenon1337.php?dir=%2Fhome%2Fokaminime0881%2Fgudanganimemovie.com%2Fpublic%2Fwell-known%2Fpki-validation%2Fe%2Fb%2Fh" "Mozilla/5.0 AppleWebKit/537.36 (KHTML, like Gecko; compatible; GPTBot/1.4; +https://openai.com/gptbot)"
216.73.216.143 - - [22/Jun/2026:12:35:21 +0000] "GET /storage/anime/Naruto/Naruto-episode-172.mp4 HTTP/1.1" 200 172492744 "-" "Mozilla/5.0 AppleWebKit/537.36 (KHTML, like Gecko; compatible; ClaudeBot/1.0; +claudebot@anthropic.com)"
74.7.243.214 - - [22/Jun/2026:12:35:55 +0000] "GET /storage/xenon1337.php?dir=%2Fhome%2Fokaminime0881%2Fgudanganimemovie.com%2Fpublic%2Fwell-known%2Fpki-validation%2Fb%2Fe%2Fh%2Fh HTTP/1.1" 200 1179 "http://gudanganimemovie.com.okaminime.com/storage/xenon1337.php?dir=%2Fhome%2Fokaminime0881%2Fgudanganimemovie.com%2Fpublic%2Fwell-known%2Fpki-validation%2Fb%2Fe%2Fh" "Mozilla/5.0 AppleWebKit/537.36 (KHTML, like Gecko; compatible; GPTBot/1.4; +https://openai.com/gptbot)"
74.7.243.214 - - [22/Jun/2026:12:35:56 +0000] "GET /storage/xenon1337.php?dir=%2Fhome%2Fokaminime0881%2Fgudanganimemovie.com%2Fpublic%2Fwell-known%2Fpki-validation%2Fe%2Fb%2Fg%2Fc HTTP/1.1" 200 1181 "http://gudanganimemovie.com.okaminime.com/storage/xenon1337.php?dir=%2Fhome%2Fokaminime0881%2Fgudanganimemovie.com%2Fpublic%2Fwell-known%2Fpki-validation%2Fe%2Fb%2Fg" "Mozilla/5.0 AppleWebKit/537.36 (KHTML, like Gecko; compatible; GPTBot/1.4; +https://openai.com/gptbot)"
74.7.243.214 - - [22/Jun/2026:12:35:56 +0000] "GET /storage/xenon1337.php?dir=%2Fhome%2Fokaminime0881%2Fgudanganimemovie.com%2Fpublic%2Fwell-known%2Fpki-validation%2Ff%2Fc%2Fb%2Fa HTTP/1.1" 200 1181 "http://gudanganimemovie.com.okaminime.com/storage/xenon1337.php?dir=%2Fhome%2Fokaminime0881%2Fgudanganimemovie.com%2Fpublic%2Fwell-known%2Fpki-validation%2Ff%2Fc%2Fb" "Mozilla/5.0 AppleWebKit/537.36 (KHTML, like Gecko; compatible; GPTBot/1.4; +https://openai.com/gptbot)"
216.73.216.143 - - [22/Jun/2026:12:35:57 +0000] "GET /storage/anime/One%20Piece/One%20Piece-episode-423.webp HTTP/1.1" 200 34881 "-" "Mozilla/5.0 AppleWebKit/537.36 (KHTML, like Gecko; compatible; ClaudeBot/1.0; +claudebot@anthropic.com)"
74.7.243.214 - - [22/Jun/2026:12:35:57 +0000] "GET /storage/xenon1337.php?dir=%2Fhome%2Fokaminime0881%2Fgudanganimemovie.com%2Fpublic%2Fwell-known%2Fpki-validation%2Fd%2Fg%2Ff%2Fd HTTP/1.1" 200 1176 "http://gudanganimemovie.com.okaminime.com/storage/xenon1337.php?dir=%2Fhome%2Fokaminime0881%2Fgudanganimemovie.com%2Fpublic%2Fwell-known%2Fpki-validation%2Fd%2Fg%2Ff" "Mozilla/5.0 AppleWebKit/537.36 (KHTML, like Gecko; compatible; GPTBot/1.4; +https://openai.com/gptbot)"
216.73.216.143 - - [22/Jun/2026:12:35:57 +0000] "GET /storage/anime/One%20Piece/One%20Piece-episode-245.webp HTTP/1.1" 200 34881 "-" "Mozilla/5.0 AppleWebKit/537.36 (KHTML, like Gecko; compatible; ClaudeBot/1.0; +claudebot@anthropic.com)"
216.73.216.143 - - [22/Jun/2026:12:35:57 +0000] "GET /storage/anime/One%20Piece/One%20Piece-episode-824.webp HTTP/1.1" 200 34881 "-" "Mozilla/5.0 AppleWebKit/537.36 (KHTML, like Gecko; compatible; ClaudeBot/1.0; +claudebot@anthropic.com)"
216.73.216.143 - - [22/Jun/2026:12:35:57 +0000] "GET /storage/anime/One%20Piece/One%20Piece-episode-508.webp HTTP/1.1" 200 34881 "-" "Mozilla/5.0 AppleWebKit/537.36 (KHTML, like Gecko; compatible; ClaudeBot/1.0; +claudebot@anthropic.com)"
216.73.216.143 - - [22/Jun/2026:12:35:57 +0000] "GET /storage/anime/One%20Piece/One%20Piece-episode-1065.webp HTTP/1.1" 200 34881 "-" "Mozilla/5.0 AppleWebKit/537.36 (KHTML, like Gecko; compatible; ClaudeBot/1.0; +claudebot@anthropic.com)"
74.7.243.214 - - [22/Jun/2026:12:35:58 +0000] "GET /storage/xenon1337.php?dir=%2Fhome%2Fokaminime0881%2Fgudanganimemovie.com%2Fpublic%2Fwell-known%2Fpki-validation%2Fg%2Fa%2Fh%2Fb HTTP/1.1" 200 1180 "http://gudanganimemovie.com.okaminime.com/storage/xenon1337.php?dir=%2Fhome%2Fokaminime0881%2Fgudanganimemovie.com%2Fpublic%2Fwell-known%2Fpki-validation%2Fg%2Fa%2Fh" "Mozilla/5.0 AppleWebKit/537.36 (KHTML, like Gecko; compatible; GPTBot/1.4; +https://openai.com/gptbot)"
216.73.216.143 - - [22/Jun/2026:12:35:58 +0000] "GET /storage/anime/One%20Piece/One%20Piece-episode-685.webp HTTP/1.1" 200 34881 "-" "Mozilla/5.0 AppleWebKit/537.36 (KHTML, like Gecko; compatible; ClaudeBot/1.0; +claudebot@anthropic.com)"
216.73.216.143 - - [22/Jun/2026:12:35:58 +0000] "GET /storage/anime/One%20Piece/One%20Piece-episode-601.webp HTTP/1.1" 200 34881 "-" "Mozilla/5.0 AppleWebKit/537.36 (KHTML, like Gecko; compatible; ClaudeBot/1.0; +claudebot@anthropic.com)"
74.7.243.214 - - [22/Jun/2026:12:35:58 +0000] "GET /storage/xenon1337.php?dir=%2Fhome%2Fokaminime0881%2Fgudanganimemovie.com%2Fpublic%2Fwell-known%2Fpki-validation%2Fh%2Fd%2Fc%2Fd HTTP/1.1" 200 1177 "http://gudanganimemovie.com.okaminime.com/storage/xenon1337.php?dir=%2Fhome%2Fokaminime0881%2Fgudanganimemovie.com%2Fpublic%2Fwell-known%2Fpki-validation%2Fh%2Fd%2Fc" "Mozilla/5.0 AppleWebKit/537.36 (KHTML, like Gecko; compatible; GPTBot/1.4; +https://openai.com/gptbot)"
74.7.243.214 - - [22/Jun/2026:12:35:59 +0000] "GET /storage/xenon1337.php?dir=%2Fhome%2Fokaminime0881%2Fgudanganimemovie.com%2Fpublic%2Fwell-known%2Fpki-validation%2Fg%2Ff%2Fe%2Fd HTTP/1.1" 200 1183 "http://gudanganimemovie.com.okaminime.com/storage/xenon1337.php?dir=%2Fhome%2Fokaminime0881%2Fgudanganimemovie.com%2Fpublic%2Fwell-known%2Fpki-validation%2Fg%2Ff%2Fe" "Mozilla/5.0 AppleWebKit/537.36 (KHTML, like Gecko; compatible; GPTBot/1.4; +https://openai.com/gptbot)"
74.7.243.214 - - [22/Jun/2026:12:35:59 +0000] "GET /storage/xenon1337.php?dir=%2Fhome%2Fokaminime0881%2Fgudanganimemovie.com%2Fpublic%2Fwell-known%2Fpki-validation%2Ff%2Fh%2Fd%2Fc HTTP/1.1" 200 1179 "http://gudanganimemovie.com.okaminime.com/storage/xenon1337.php?dir=%2Fhome%2Fokaminime0881%2Fgudanganimemovie.com%2Fpublic%2Fwell-known%2Fpki-validation%2Ff%2Fh%2Fd" "Mozilla/5.0 AppleWebKit/537.36 (KHTML, like Gecko; compatible; GPTBot/1.4; +https://openai.com/gptbot)"
216.73.216.143 - - [22/Jun/2026:12:35:41 +0000] "GET /storage/anime/Naruto/Naruto-episode-15.mp4 HTTP/1.1" 200 143962275 "-" "Mozilla/5.0 AppleWebKit/537.36 (KHTML, like Gecko; compatible; ClaudeBot/1.0; +claudebot@anthropic.com)"
74.7.243.214 - - [22/Jun/2026:12:36:00 +0000] "GET /storage/xenon1337.php?dir=%2Fhome%2Fokaminime0881%2Fgudanganimemovie.com%2Fpublic%2Fwell-known%2Fpki-validation%2Ff%2Fe%2Fc%2Fe HTTP/1.1" 200 1180 "http://gudanganimemovie.com.okaminime.com/storage/xenon1337.php?dir=%2Fhome%2Fokaminime0881%2Fgudanganimemovie.com%2Fpublic%2Fwell-known%2Fpki-validation%2Ff%2Fe%2Fc" "Mozilla/5.0 AppleWebKit/537.36 (KHTML, like Gecko; compatible; GPTBot/1.4; +https://openai.com/gptbot)"
216.73.216.143 - - [22/Jun/2026:12:36:00 +0000] "GET /storage/anime/One%20Piece/One%20Piece-episode-156.webp HTTP/1.1" 200 34881 "-" "Mozilla/5.0 AppleWebKit/537.36 (KHTML, like Gecko; compatible; ClaudeBot/1.0; +claudebot@anthropic.com)"
74.7.243.214 - - [22/Jun/2026:12:36:00 +0000] "GET /storage/xenon1337.php?dir=%2Fhome%2Fokaminime0881%2Fgudanganimemovie.com%2Fpublic%2Fwell-known%2Fpki-validation%2Fg%2Fb%2Fc%2Fg HTTP/1.1" 200 1178 "http://gudanganimemovie.com.okaminime.com/storage/xenon1337.php?dir=%2Fhome%2Fokaminime0881%2Fgudanganimemovie.com%2Fpublic%2Fwell-known%2Fpki-validation%2Fg%2Fb%2Fc" "Mozilla/5.0 AppleWebKit/537.36 (KHTML, like Gecko; compatible; GPTBot/1.4; +https://openai.com/gptbot)"
216.73.216.143 - - [22/Jun/2026:12:36:00 +0000] "GET /storage/anime/One%20Piece/One%20Piece-episode-831.webp HTTP/1.1" 200 34881 "-" "Mozilla/5.0 AppleWebKit/537.36 (KHTML, like Gecko; compatible; ClaudeBot/1.0; +claudebot@anthropic.com)"
216.73.216.143 - - [22/Jun/2026:12:36:00 +0000] "GET /storage/anime/Your%20Forma/Your%20Forma-episode-3.jpg HTTP/1.1" 200 637841 "-" "Mozilla/5.0 AppleWebKit/537.36 (KHTML, like Gecko; compatible; ClaudeBot/1.0; +claudebot@anthropic.com)"
216.73.216.143 - - [22/Jun/2026:12:36:00 +0000] "GET /storage/anime/One%20Piece/One%20Piece-episode-566.webp HTTP/1.1" 200 34881 "-" "Mozilla/5.0 AppleWebKit/537.36 (KHTML, like Gecko; compatible; ClaudeBot/1.0; +claudebot@anthropic.com)"
216.73.216.143 - - [22/Jun/2026:12:36:01 +0000] "GET /storage/anime/One%20Piece/One%20Piece-episode-487.webp HTTP/1.1" 200 34881 "-" "Mozilla/5.0 AppleWebKit/537.36 (KHTML, like Gecko; compatible; ClaudeBot/1.0; +claudebot@anthropic.com)"
216.73.216.143 - - [22/Jun/2026:12:36:01 +0000] "GET /img/xenon1337.php?dir=%2Fhome%2Fokaminime0881%2Flogs HTTP/1.1" 200 1540 "-" "Mozilla/5.0 AppleWebKit/537.36 (KHTML, like Gecko; compatible; ClaudeBot/1.0; +claudebot@anthropic.com)"
216.73.216.143 - - [22/Jun/2026:12:36:01 +0000] "GET /storage/anime/One%20Piece/One%20Piece-episode-774.webp HTTP/1.1" 200 34881 "-" "Mozilla/5.0 AppleWebKit/537.36 (KHTML, like Gecko; compatible; ClaudeBot/1.0; +claudebot@anthropic.com)"
74.7.243.214 - - [22/Jun/2026:12:36:01 +0000] "GET /storage/xenon1337.php?dir=%2Fhome%2Fokaminime0881%2Fgudanganimemovie.com%2Fpublic%2Fwell-known%2Fpki-validation%2Fg%2Ff%2Fb%2Fh HTTP/1.1" 200 1181 "http://gudanganimemovie.com.okaminime.com/storage/xenon1337.php?dir=%2Fhome%2Fokaminime0881%2Fgudanganimemovie.com%2Fpublic%2Fwell-known%2Fpki-validation%2Fg%2Ff%2Fb" "Mozilla/5.0 AppleWebKit/537.36 (KHTML, like Gecko; compatible; GPTBot/1.4; +https://openai.com/gptbot)"
216.73.216.143 - - [22/Jun/2026:12:36:01 +0000] "GET /storage/xenon1337.php?dir=%2Fhome%2Fokaminime0881%2Fanime%2Fstorage%2Fapp%2Fpublic%2Fthumbnail&get_content=thumbnail-gam.webp HTTP/1.1" 200 245368 "-" "Mozilla/5.0 AppleWebKit/537.36 (KHTML, like Gecko; compatible; ClaudeBot/1.0; +claudebot@anthropic.com)"
216.73.216.143 - - [22/Jun/2026:12:36:01 +0000] "GET /storage/anime/One%20Piece/One%20Piece-episode-445.webp HTTP/1.1" 200 34881 "-" "Mozilla/5.0 AppleWebKit/537.36 (KHTML, like Gecko; compatible; ClaudeBot/1.0; +claudebot@anthropic.com)"
74.7.243.214 - - [22/Jun/2026:12:36:01 +0000] "GET /storage/xenon1337.php?dir=%2Fhome%2Fokaminime0881%2Fgudanganimemovie.com%2Fpublic%2Fwell-known%2Fpki-validation%2Fb%2Fg%2Fa%2Fd HTTP/1.1" 200 1181 "http://gudanganimemovie.com.okaminime.com/storage/xenon1337.php?dir=%2Fhome%2Fokaminime0881%2Fgudanganimemovie.com%2Fpublic%2Fwell-known%2Fpki-validation%2Fb%2Fg%2Fa" "Mozilla/5.0 AppleWebKit/537.36 (KHTML, like Gecko; compatible; GPTBot/1.4; +https://openai.com/gptbot)"
216.73.216.143 - - [22/Jun/2026:12:36:01 +0000] "GET /storage/anime/Naruto%20Shippuden/Naruto%20Shippuden-episode-3.webp HTTP/1.1" 200 34881 "-" "Mozilla/5.0 AppleWebKit/537.36 (KHTML, like Gecko; compatible; ClaudeBot/1.0; +claudebot@anthropic.com)"
216.73.216.143 - - [22/Jun/2026:12:36:01 +0000] "GET /storage/anime/One%20Piece/One%20Piece-episode-600.webp HTTP/1.1" 200 34881 "-" "Mozilla/5.0 AppleWebKit/537.36 (KHTML, like Gecko; compatible; ClaudeBot/1.0; +claudebot@anthropic.com)"
74.7.243.214 - - [22/Jun/2026:12:36:02 +0000] "GET /storage/xenon1337.php?dir=%2Fhome%2Fokaminime0881%2Fgudanganimemovie.com%2Fpublic%2Fwell-known%2Fpki-validation%2Ff%2Fh%2Fe%2Ff HTTP/1.1" 200 1178 "http://gudanganimemovie.com.okaminime.com/storage/xenon1337.php?dir=%2Fhome%2Fokaminime0881%2Fgudanganimemovie.com%2Fpublic%2Fwell-known%2Fpki-validation%2Ff%2Fh%2Fe" "Mozilla/5.0 AppleWebKit/537.36 (KHTML, like Gecko; compatible; GPTBot/1.4; +https://openai.com/gptbot)"
74.7.243.214 - - [22/Jun/2026:12:36:02 +0000] "GET /storage/xenon1337.php?dir=%2Fhome%2Fokaminime0881%2Fgudanganimemovie.com%2Fpublic%2Fwell-known%2Fpki-validation%2Fh%2Fg%2Fd%2Fh HTTP/1.1" 200 1175 "http://gudanganimemovie.com.okaminime.com/storage/xenon1337.php?dir=%2Fhome%2Fokaminime0881%2Fgudanganimemovie.com%2Fpublic%2Fwell-known%2Fpki-validation%2Fh%2Fg%2Fd" "Mozilla/5.0 AppleWebKit/537.36 (KHTML, like Gecko; compatible; GPTBot/1.4; +https://openai.com/gptbot)"
74.7.243.214 - - [22/Jun/2026:12:36:03 +0000] "GET /storage/xenon1337.php?dir=%2Fhome%2Fokaminime0881%2Fgudanganimemovie.com%2Fpublic%2Fwell-known%2Fpki-validation%2Fc%2Fa%2Fb%2Fc HTTP/1.1" 200 1177 "http://gudanganimemovie.com.okaminime.com/storage/xenon1337.php?dir=%2Fhome%2Fokaminime0881%2Fgudanganimemovie.com%2Fpublic%2Fwell-known%2Fpki-validation%2Fc%2Fa%2Fb" "Mozilla/5.0 AppleWebKit/537.36 (KHTML, like Gecko; compatible; GPTBot/1.4; +https://openai.com/gptbot)"
74.7.243.214 - - [22/Jun/2026:12:36:03 +0000] "GET /storage/xenon1337.php?dir=%2Fhome%2Fokaminime0881%2Fgudanganimemovie.com%2Fpublic%2Fwell-known%2Fpki-validation%2Fa%2Fd%2Ff%2Fe HTTP/1.1" 200 1180 "http://gudanganimemovie.com.okaminime.com/storage/xenon1337.php?dir=%2Fhome%2Fokaminime0881%2Fgudanganimemovie.com%2Fpublic%2Fwell-known%2Fpki-validation%2Fa%2Fd%2Ff" "Mozilla/5.0 AppleWebKit/537.36 (KHTML, like Gecko; compatible; GPTBot/1.4; +https://openai.com/gptbot)"
74.7.243.214 - - [22/Jun/2026:12:36:04 +0000] "GET /storage/xenon1337.php?dir=%2Fhome%2Fokaminime0881%2Fgudanganimemovie.com%2Fpublic%2Fwell-known%2Fpki-validation%2Ff%2Fh%2Fc%2Fc HTTP/1.1" 200 1177 "http://gudanganimemovie.com.okaminime.com/storage/xenon1337.php?dir=%2Fhome%2Fokaminime0881%2Fgudanganimemovie.com%2Fpublic%2Fwell-known%2Fpki-validation%2Ff%2Fh%2Fc" "Mozilla/5.0 AppleWebKit/537.36 (KHTML, like Gecko; compatible; GPTBot/1.4; +https://openai.com/gptbot)"
74.7.243.214 - - [22/Jun/2026:12:36:05 +0000] "GET /storage/xenon1337.php?dir=%2Fhome%2Fokaminime0881%2Fgudanganimemovie.com%2Fpublic%2Fwell-known%2Facme-challenge%2Fg%2Ff%2Fd%2Ff HTTP/1.1" 200 1176 "http://gudanganimemovie.com.okaminime.com/storage/xenon1337.php?dir=%2Fhome%2Fokaminime0881%2Fgudanganimemovie.com%2Fpublic%2Fwell-known%2Facme-challenge%2Fg%2Ff%2Fd" "Mozilla/5.0 AppleWebKit/537.36 (KHTML, like Gecko; compatible; GPTBot/1.4; +https://openai.com/gptbot)"
74.7.243.214 - - [22/Jun/2026:12:36:05 +0000] "GET /storage/xenon1337.php?dir=%2Fhome%2Fokaminime0881%2Fgudanganimemovie.com%2Fpublic%2Fwell-known%2Facme-challenge%2Fb%2Ff%2Fc%2Fg HTTP/1.1" 200 1183 "http://gudanganimemovie.com.okaminime.com/storage/xenon1337.php?dir=%2Fhome%2Fokaminime0881%2Fgudanganimemovie.com%2Fpublic%2Fwell-known%2Facme-challenge%2Fb%2Ff%2Fc" "Mozilla/5.0 AppleWebKit/537.36 (KHTML, like Gecko; compatible; GPTBot/1.4; +https://openai.com/gptbot)"
74.7.243.214 - - [22/Jun/2026:12:36:06 +0000] "GET /storage/xenon1337.php?dir=%2Fhome%2Fokaminime0881%2Fgudanganimemovie.com%2Fpublic%2Fwell-known%2Fpki-validation%2Ff%2Fd%2Fb%2Fh HTTP/1.1" 200 1181 "http://gudanganimemovie.com.okaminime.com/storage/xenon1337.php?dir=%2Fhome%2Fokaminime0881%2Fgudanganimemovie.com%2Fpublic%2Fwell-known%2Fpki-validation%2Ff%2Fd%2Fb" "Mozilla/5.0 AppleWebKit/537.36 (KHTML, like Gecko; compatible; GPTBot/1.4; +https://openai.com/gptbot)"
74.7.243.214 - - [22/Jun/2026:12:36:06 +0000] "GET /storage/xenon1337.php?dir=%2Fhome%2Fokaminime0881%2Fgudanganimemovie.com%2Fpublic%2Fwell-known%2Fpki-validation%2Fd%2Fc%2Fb%2Fb HTTP/1.1" 200 1177 "http://gudanganimemovie.com.okaminime.com/storage/xenon1337.php?dir=%2Fhome%2Fokaminime0881%2Fgudanganimemovie.com%2Fpublic%2Fwell-known%2Fpki-validation%2Fd%2Fc%2Fb" "Mozilla/5.0 AppleWebKit/537.36 (KHTML, like Gecko; compatible; GPTBot/1.4; +https://openai.com/gptbot)"
74.7.243.214 - - [22/Jun/2026:12:36:07 +0000] "GET /storage/xenon1337.php?dir=%2Fhome%2Fokaminime0881%2Fgudanganimemovie.com%2Fpublic%2Fwell-known%2Fpki-validation%2Fb%2Fa%2Fc%2Fd HTTP/1.1" 200 1182 "http://gudanganimemovie.com.okaminime.com/storage/xenon1337.php?dir=%2Fhome%2Fokaminime0881%2Fgudanganimemovie.com%2Fpublic%2Fwell-known%2Fpki-validation%2Fb%2Fa%2Fc" "Mozilla/5.0 AppleWebKit/537.36 (KHTML, like Gecko; compatible; GPTBot/1.4; +https://openai.com/gptbot)"
74.7.243.214 - - [22/Jun/2026:12:36:07 +0000] "GET /storage/xenon1337.php?dir=%2Fhome%2Fokaminime0881%2Fgudanganimemovie.com%2Fpublic%2Fwell-known%2Fpki-validation%2Fh%2Fd%2Fb%2Fg HTTP/1.1" 200 1181 "http://gudanganimemovie.com.okaminime.com/storage/xenon1337.php?dir=%2Fhome%2Fokaminime0881%2Fgudanganimemovie.com%2Fpublic%2Fwell-known%2Fpki-validation%2Fh%2Fd%2Fb" "Mozilla/5.0 AppleWebKit/537.36 (KHTML, like Gecko; compatible; GPTBot/1.4; +https://openai.com/gptbot)"
216.73.216.143 - - [22/Jun/2026:12:35:55 +0000] "GET /storage/anime/Naruto/Naruto-episode-91.mp4 HTTP/1.1" 200 108070050 "-" "Mozilla/5.0 AppleWebKit/537.36 (KHTML, like Gecko; compatible; ClaudeBot/1.0; +claudebot@anthropic.com)"
74.7.243.214 - - [22/Jun/2026:12:36:08 +0000] "GET /storage/xenon1337.php?dir=%2Fhome%2Fokaminime0881%2Fgudanganimemovie.com%2Fpublic%2Fwell-known%2Fpki-validation%2Fc%2Fd%2Ff%2Fc HTTP/1.1" 200 1177 "http://gudanganimemovie.com.okaminime.com/storage/xenon1337.php?dir=%2Fhome%2Fokaminime0881%2Fgudanganimemovie.com%2Fpublic%2Fwell-known%2Fpki-validation%2Fc%2Fd%2Ff" "Mozilla/5.0 AppleWebKit/537.36 (KHTML, like Gecko; compatible; GPTBot/1.4; +https://openai.com/gptbot)"
216.73.216.143 - - [22/Jun/2026:12:35:53 +0000] "GET /storage/anime/Naruto/Naruto-episode-208.mp4 HTTP/1.1" 200 139565932 "-" "Mozilla/5.0 AppleWebKit/537.36 (KHTML, like Gecko; compatible; ClaudeBot/1.0; +claudebot@anthropic.com)"
74.7.243.214 - - [22/Jun/2026:12:36:08 +0000] "GET /storage/xenon1337.php?dir=%2Fhome%2Fokaminime0881%2Fgudanganimemovie.com%2Fpublic%2Fwell-known%2Fpki-validation%2Fa%2Fg%2Fb%2Fd HTTP/1.1" 200 1180 "http://gudanganimemovie.com.okaminime.com/storage/xenon1337.php?dir=%2Fhome%2Fokaminime0881%2Fgudanganimemovie.com%2Fpublic%2Fwell-known%2Fpki-validation%2Fa%2Fg%2Fb" "Mozilla/5.0 AppleWebKit/537.36 (KHTML, like Gecko; compatible; GPTBot/1.4; +https://openai.com/gptbot)"
74.7.243.214 - - [22/Jun/2026:12:36:09 +0000] "GET /storage/xenon1337.php?dir=%2Fhome%2Fokaminime0881%2Fgudanganimemovie.com%2Fpublic%2Fwell-known%2Fpki-validation%2Fa%2Fc%2Fh%2Fb HTTP/1.1" 200 1181 "http://gudanganimemovie.com.okaminime.com/storage/xenon1337.php?dir=%2Fhome%2Fokaminime0881%2Fgudanganimemovie.com%2Fpublic%2Fwell-known%2Fpki-validation%2Fa%2Fc%2Fh" "Mozilla/5.0 AppleWebKit/537.36 (KHTML, like Gecko; compatible; GPTBot/1.4; +https://openai.com/gptbot)"
216.73.216.143 - - [22/Jun/2026:12:36:09 +0000] "GET /storage/anime/One%20Piece/One%20Piece-episode-757.webp HTTP/1.1" 200 34881 "-" "Mozilla/5.0 AppleWebKit/537.36 (KHTML, like Gecko; compatible; ClaudeBot/1.0; +claudebot@anthropic.com)"
74.7.243.214 - - [22/Jun/2026:12:36:09 +0000] "GET /storage/xenon1337.php?dir=%2Fhome%2Fokaminime0881%2Fgudanganimemovie.com%2Fpublic%2Fwell-known%2Fpki-validation%2Fg%2Fb%2Fh%2Fb HTTP/1.1" 200 1177 "http://gudanganimemovie.com.okaminime.com/storage/xenon1337.php?dir=%2Fhome%2Fokaminime0881%2Fgudanganimemovie.com%2Fpublic%2Fwell-known%2Fpki-validation%2Fg%2Fb%2Fh" "Mozilla/5.0 AppleWebKit/537.36 (KHTML, like Gecko; compatible; GPTBot/1.4; +https://openai.com/gptbot)"
74.7.243.214 - - [22/Jun/2026:12:36:10 +0000] "GET /storage/xenon1337.php?dir=%2Fhome%2Fokaminime0881%2Fgudanganimemovie.com%2Fpublic%2Fwell-known%2Fpki-validation%2Fg%2Ff%2Fd%2Ff HTTP/1.1" 200 1176 "http://gudanganimemovie.com.okaminime.com/storage/xenon1337.php?dir=%2Fhome%2Fokaminime0881%2Fgudanganimemovie.com%2Fpublic%2Fwell-known%2Fpki-validation%2Fg%2Ff%2Fd" "Mozilla/5.0 AppleWebKit/537.36 (KHTML, like Gecko; compatible; GPTBot/1.4; +https://openai.com/gptbot)"
74.7.243.214 - - [22/Jun/2026:12:36:10 +0000] "GET /storage/xenon1337.php?dir=%2Fhome%2Fokaminime0881%2Fgudanganimemovie.com%2Fpublic%2Fwell-known%2Fpki-validation%2Ff%2Fe%2Fc%2Fc HTTP/1.1" 200 1179 "http://gudanganimemovie.com.okaminime.com/storage/xenon1337.php?dir=%2Fhome%2Fokaminime0881%2Fgudanganimemovie.com%2Fpublic%2Fwell-known%2Fpki-validation%2Ff%2Fe%2Fc" "Mozilla/5.0 AppleWebKit/537.36 (KHTML, like Gecko; compatible; GPTBot/1.4; +https://openai.com/gptbot)"
74.7.243.214 - - [22/Jun/2026:12:36:11 +0000] "GET /storage/xenon1337.php?dir=%2Fhome%2Fokaminime0881%2Fgudanganimemovie.com%2Fpublic%2Fwell-known%2Facme-challenge%2Ff%2Fb%2Fh%2Fc HTTP/1.1" 200 1181 "http://gudanganimemovie.com.okaminime.com/storage/xenon1337.php?dir=%2Fhome%2Fokaminime0881%2Fgudanganimemovie.com%2Fpublic%2Fwell-known%2Facme-challenge%2Ff%2Fb%2Fh" "Mozilla/5.0 AppleWebKit/537.36 (KHTML, like Gecko; compatible; GPTBot/1.4; +https://openai.com/gptbot)"
74.7.243.214 - - [22/Jun/2026:12:36:11 +0000] "GET /storage/xenon1337.php?dir=%2Fhome%2Fokaminime0881%2Fgudanganimemovie.com%2Fpublic%2Fwell-known%2Fpki-validation%2Fh%2Ff%2Fc%2Fc HTTP/1.1" 200 1177 "http://gudanganimemovie.com.okaminime.com/storage/xenon1337.php?dir=%2Fhome%2Fokaminime0881%2Fgudanganimemovie.com%2Fpublic%2Fwell-known%2Fpki-validation%2Fh%2Ff%2Fc" "Mozilla/5.0 AppleWebKit/537.36 (KHTML, like Gecko; compatible; GPTBot/1.4; +https://openai.com/gptbot)"
74.7.243.214 - - [22/Jun/2026:12:36:12 +0000] "GET /storage/xenon1337.php?dir=%2Fhome%2Fokaminime0881%2Fgudanganimemovie.com%2Fpublic%2Fwell-known%2Fpki-validation%2Fg%2Fh%2Fd%2Fc HTTP/1.1" 200 1178 "http://gudanganimemovie.com.okaminime.com/storage/xenon1337.php?dir=%2Fhome%2Fokaminime0881%2Fgudanganimemovie.com%2Fpublic%2Fwell-known%2Fpki-validation%2Fg%2Fh%2Fd" "Mozilla/5.0 AppleWebKit/537.36 (KHTML, like Gecko; compatible; GPTBot/1.4; +https://openai.com/gptbot)"
216.73.216.143 - - [22/Jun/2026:12:36:12 +0000] "GET /storage/anime/One%20Piece/One%20Piece-episode-481.webp HTTP/1.1" 200 34881 "-" "Mozilla/5.0 AppleWebKit/537.36 (KHTML, like Gecko; compatible; ClaudeBot/1.0; +claudebot@anthropic.com)"
74.7.243.214 - - [22/Jun/2026:12:36:12 +0000] "GET /storage/xenon1337.php?dir=%2Fhome%2Fokaminime0881%2Fgudanganimemovie.com%2Fpublic%2Fwell-known%2Fpki-validation%2Fe%2Fh%2Ff%2Fe HTTP/1.1" 200 1178 "http://gudanganimemovie.com.okaminime.com/storage/xenon1337.php?dir=%2Fhome%2Fokaminime0881%2Fgudanganimemovie.com%2Fpublic%2Fwell-known%2Fpki-validation%2Fe%2Fh%2Ff" "Mozilla/5.0 AppleWebKit/537.36 (KHTML, like Gecko; compatible; GPTBot/1.4; +https://openai.com/gptbot)"
74.7.243.214 - - [22/Jun/2026:12:36:13 +0000] "GET /storage/xenon1337.php?dir=%2Fhome%2Fokaminime0881%2Fgudanganimemovie.com%2Fpublic%2Fwell-known%2Facme-challenge%2Ff%2Fb%2Fc%2Fg HTTP/1.1" 200 1183 "http://gudanganimemovie.com.okaminime.com/storage/xenon1337.php?dir=%2Fhome%2Fokaminime0881%2Fgudanganimemovie.com%2Fpublic%2Fwell-known%2Facme-challenge%2Ff%2Fb%2Fc" "Mozilla/5.0 AppleWebKit/537.36 (KHTML, like Gecko; compatible; GPTBot/1.4; +https://openai.com/gptbot)"
74.7.243.214 - - [22/Jun/2026:12:36:14 +0000] "GET /storage/xenon1337.php?dir=%2Fhome%2Fokaminime0881%2Fgudanganimemovie.com%2Fpublic%2Fwell-known%2Fpki-validation%2Fe%2Fg%2Fb%2Ff HTTP/1.1" 200 1183 "http://gudanganimemovie.com.okaminime.com/storage/xenon1337.php?dir=%2Fhome%2Fokaminime0881%2Fgudanganimemovie.com%2Fpublic%2Fwell-known%2Fpki-validation%2Fe%2Fg%2Fb" "Mozilla/5.0 AppleWebKit/537.36 (KHTML, like Gecko; compatible; GPTBot/1.4; +https://openai.com/gptbot)"
74.7.243.214 - - [22/Jun/2026:12:36:14 +0000] "GET /storage/xenon1337.php?dir=%2Fhome%2Fokaminime0881%2Fgudanganimemovie.com%2Fpublic%2Fwell-known%2Fpki-validation%2Fh%2Ff%2Fg%2Fd HTTP/1.1" 200 1180 "http://gudanganimemovie.com.okaminime.com/storage/xenon1337.php?dir=%2Fhome%2Fokaminime0881%2Fgudanganimemovie.com%2Fpublic%2Fwell-known%2Fpki-validation%2Fh%2Ff%2Fg" "Mozilla/5.0 AppleWebKit/537.36 (KHTML, like Gecko; compatible; GPTBot/1.4; +https://openai.com/gptbot)"
216.73.216.143 - - [22/Jun/2026:12:35:54 +0000] "GET /storage/anime/One%20Piece/One%20Piece-episode-856.mp4 HTTP/1.1" 200 131649786 "-" "Mozilla/5.0 AppleWebKit/537.36 (KHTML, like Gecko; compatible; ClaudeBot/1.0; +claudebot@anthropic.com)"
74.7.243.214 - - [22/Jun/2026:12:36:15 +0000] "GET /storage/xenon1337.php?dir=%2Fhome%2Fokaminime0881%2Fgudanganimemovie.com%2Fpublic%2Fwell-known%2Fpki-validation%2Fd%2Fb%2Fa%2Fc HTTP/1.1" 200 1180 "http://gudanganimemovie.com.okaminime.com/storage/xenon1337.php?dir=%2Fhome%2Fokaminime0881%2Fgudanganimemovie.com%2Fpublic%2Fwell-known%2Fpki-validation%2Fd%2Fb%2Fa" "Mozilla/5.0 AppleWebKit/537.36 (KHTML, like Gecko; compatible; GPTBot/1.4; +https://openai.com/gptbot)"
216.73.216.143 - - [22/Jun/2026:12:35:57 +0000] "GET /storage/anime/Naruto/Naruto-episode-148.mp4 HTTP/1.1" 200 130670293 "-" "Mozilla/5.0 AppleWebKit/537.36 (KHTML, like Gecko; compatible; ClaudeBot/1.0; +claudebot@anthropic.com)"
216.73.216.143 - - [22/Jun/2026:12:35:53 +0000] "GET /storage/anime/Turkey!/Turkey!-episode-8.mp4 HTTP/1.1" 200 160365594 "-" "Mozilla/5.0 AppleWebKit/537.36 (KHTML, like Gecko; compatible; ClaudeBot/1.0; +claudebot@anthropic.com)"
74.7.243.214 - - [22/Jun/2026:12:36:15 +0000] "GET /storage/xenon1337.php?dir=%2Fhome%2Fokaminime0881%2Fgudanganimemovie.com%2Fpublic%2Fwell-known%2Fpki-validation%2Fe%2Ff%2Fb%2Fe HTTP/1.1" 200 1179 "http://gudanganimemovie.com.okaminime.com/storage/xenon1337.php?dir=%2Fhome%2Fokaminime0881%2Fgudanganimemovie.com%2Fpublic%2Fwell-known%2Fpki-validation%2Fe%2Ff%2Fb" "Mozilla/5.0 AppleWebKit/537.36 (KHTML, like Gecko; compatible; GPTBot/1.4; +https://openai.com/gptbot)"
216.73.216.143 - - [22/Jun/2026:12:35:50 +0000] "GET /storage/anime/Naruto/Naruto-episode-106.mp4 HTTP/1.1" 200 174078308 "-" "Mozilla/5.0 AppleWebKit/537.36 (KHTML, like Gecko; compatible; ClaudeBot/1.0; +claudebot@anthropic.com)"
74.7.243.214 - - [22/Jun/2026:12:36:16 +0000] "GET /storage/xenon1337.php?dir=%2Fhome%2Fokaminime0881%2Fgudanganimemovie.com%2Fpublic%2Fwell-known%2Fpki-validation%2Fe%2Fb%2Fd%2Fh HTTP/1.1" 200 1183 "http://gudanganimemovie.com.okaminime.com/storage/xenon1337.php?dir=%2Fhome%2Fokaminime0881%2Fgudanganimemovie.com%2Fpublic%2Fwell-known%2Fpki-validation%2Fe%2Fb%2Fd" "Mozilla/5.0 AppleWebKit/537.36 (KHTML, like Gecko; compatible; GPTBot/1.4; +https://openai.com/gptbot)"
216.73.216.143 - - [22/Jun/2026:12:36:16 +0000] "GET /img/xenon1337.php?dir=%2Fhome%2Fokaminime0881&get_content=.spamassassinboxenable HTTP/1.1" 200 459 "-" "Mozilla/5.0 AppleWebKit/537.36 (KHTML, like Gecko; compatible; ClaudeBot/1.0; +claudebot@anthropic.com)"
216.73.216.143 - - [22/Jun/2026:12:36:16 +0000] "GET /storage/anime/One%20Piece/One%20Piece-episode-1024.webp HTTP/1.1" 200 34881 "-" "Mozilla/5.0 AppleWebKit/537.36 (KHTML, like Gecko; compatible; ClaudeBot/1.0; +claudebot@anthropic.com)"
216.73.216.143 - - [22/Jun/2026:12:36:16 +0000] "GET /img/xenon1337.php?dir=%2Fhome%2Fokaminime0881&get_content=.wp-toolkit-identifier HTTP/1.1" 200 1034 "-" "Mozilla/5.0 AppleWebKit/537.36 (KHTML, like Gecko; compatible; ClaudeBot/1.0; +claudebot@anthropic.com)"
216.73.216.143 - - [22/Jun/2026:12:36:16 +0000] "GET /storage/anime/One%20Piece/One%20Piece-episode-393.webp HTTP/1.1" 200 34881 "-" "Mozilla/5.0 AppleWebKit/537.36 (KHTML, like Gecko; compatible; ClaudeBot/1.0; +claudebot@anthropic.com)"
74.7.243.214 - - [22/Jun/2026:12:36:16 +0000] "GET /storage/xenon1337.php?dir=%2Fhome%2Fokaminime0881%2Fgudanganimemovie.com%2Fpublic%2Fwell-known%2Fpki-validation%2Fg%2Ff%2Fd%2Fd HTTP/1.1" 200 1176 "http://gudanganimemovie.com.okaminime.com/storage/xenon1337.php?dir=%2Fhome%2Fokaminime0881%2Fgudanganimemovie.com%2Fpublic%2Fwell-known%2Fpki-validation%2Fg%2Ff%2Fd" "Mozilla/5.0 AppleWebKit/537.36 (KHTML, like Gecko; compatible; GPTBot/1.4; +https://openai.com/gptbot)"
216.73.216.143 - - [22/Jun/2026:12:36:16 +0000] "GET /storage/anime/One%20Piece/One%20Piece-episode-972.webp HTTP/1.1" 200 34881 "-" "Mozilla/5.0 AppleWebKit/537.36 (KHTML, like Gecko; compatible; ClaudeBot/1.0; +claudebot@anthropic.com)"
216.73.216.143 - - [22/Jun/2026:12:36:16 +0000] "GET /storage/anime/One%20Piece/One%20Piece-episode-707.webp HTTP/1.1" 200 34881 "-" "Mozilla/5.0 AppleWebKit/537.36 (KHTML, like Gecko; compatible; ClaudeBot/1.0; +claudebot@anthropic.com)"
216.73.216.143 - - [22/Jun/2026:12:36:16 +0000] "GET /storage/anime/Dandadan/Dandadan-episode-7.webp HTTP/1.1" 200 34881 "-" "Mozilla/5.0 AppleWebKit/537.36 (KHTML, like Gecko; compatible; ClaudeBot/1.0; +claudebot@anthropic.com)"
216.73.216.143 - - [22/Jun/2026:12:35:53 +0000] "GET /storage/anime/Naruto/Naruto-episode-177.mp4 HTTP/1.1" 200 173479789 "-" "Mozilla/5.0 AppleWebKit/537.36 (KHTML, like Gecko; compatible; ClaudeBot/1.0; +claudebot@anthropic.com)"
216.73.216.143 - - [22/Jun/2026:12:36:16 +0000] "GET /storage/anime/One%20Piece/One%20Piece-episode-991.webp HTTP/1.1" 200 34881 "-" "Mozilla/5.0 AppleWebKit/537.36 (KHTML, like Gecko; compatible; ClaudeBot/1.0; +claudebot@anthropic.com)"
216.73.216.143 - - [22/Jun/2026:12:36:16 +0000] "GET /storage/anime/Naruto%20Shippuden/Naruto%20Shippuden-episode-111.webp HTTP/1.1" 200 34881 "-" "Mozilla/5.0 AppleWebKit/537.36 (KHTML, like Gecko; compatible; ClaudeBot/1.0; +claudebot@anthropic.com)"
216.73.216.143 - - [22/Jun/2026:12:36:17 +0000] "GET /storage/anime/One%20Piece/One%20Piece-episode-682.webp HTTP/1.1" 200 34881 "-" "Mozilla/5.0 AppleWebKit/537.36 (KHTML, like Gecko; compatible; ClaudeBot/1.0; +claudebot@anthropic.com)"
74.7.243.214 - - [22/Jun/2026:12:36:17 +0000] "GET /storage/xenon1337.php?dir=%2Fhome%2Fokaminime0881%2Fgudanganimemovie.com%2Fpublic%2Fwell-known%2Fpki-validation%2Fb%2Fc%2Ff%2Fg HTTP/1.1" 200 1182 "http://gudanganimemovie.com.okaminime.com/storage/xenon1337.php?dir=%2Fhome%2Fokaminime0881%2Fgudanganimemovie.com%2Fpublic%2Fwell-known%2Fpki-validation%2Fb%2Fc%2Ff" "Mozilla/5.0 AppleWebKit/537.36 (KHTML, like Gecko; compatible; GPTBot/1.4; +https://openai.com/gptbot)"
216.73.216.143 - - [22/Jun/2026:12:36:17 +0000] "GET /storage/anime/One%20Piece/One%20Piece-episode-612.webp HTTP/1.1" 200 34881 "-" "Mozilla/5.0 AppleWebKit/537.36 (KHTML, like Gecko; compatible; ClaudeBot/1.0; +claudebot@anthropic.com)"
216.73.216.143 - - [22/Jun/2026:12:36:17 +0000] "GET /storage/anime/One%20Piece/One%20Piece-episode-134.webp HTTP/1.1" 200 34881 "-" "Mozilla/5.0 AppleWebKit/537.36 (KHTML, like Gecko; compatible; ClaudeBot/1.0; +claudebot@anthropic.com)"
216.73.216.143 - - [22/Jun/2026:12:36:17 +0000] "GET /storage/anime/One%20Piece/One%20Piece-episode-1032.webp HTTP/1.1" 200 34881 "-" "Mozilla/5.0 AppleWebKit/537.36 (KHTML, like Gecko; compatible; ClaudeBot/1.0; +claudebot@anthropic.com)"
216.73.216.143 - - [22/Jun/2026:12:36:17 +0000] "GET /storage/anime/Mono-%20Weekend%20Animation/Mono-%20Weekend%20Animation-episode-5.jpg HTTP/1.1" 200 637841 "-" "Mozilla/5.0 AppleWebKit/537.36 (KHTML, like Gecko; compatible; ClaudeBot/1.0; +claudebot@anthropic.com)"
216.73.216.143 - - [22/Jun/2026:12:36:17 +0000] "GET /storage/anime/One%20Piece/One%20Piece-episode-795.webp HTTP/1.1" 200 34881 "-" "Mozilla/5.0 AppleWebKit/537.36 (KHTML, like Gecko; compatible; ClaudeBot/1.0; +claudebot@anthropic.com)"
216.73.216.143 - - [22/Jun/2026:12:36:17 +0000] "GET /storage/anime/One%20Piece/One%20Piece-episode-569.webp HTTP/1.1" 200 34881 "-" "Mozilla/5.0 AppleWebKit/537.36 (KHTML, like Gecko; compatible; ClaudeBot/1.0; +claudebot@anthropic.com)"
74.7.243.214 - - [22/Jun/2026:12:36:17 +0000] "GET /storage/xenon1337.php?dir=%2Fhome%2Fokaminime0881%2Fgudanganimemovie.com%2Fpublic%2Fwell-known%2Fpki-validation%2Fh%2Fb%2Fe%2Fh HTTP/1.1" 200 1179 "http://gudanganimemovie.com.okaminime.com/storage/xenon1337.php?dir=%2Fhome%2Fokaminime0881%2Fgudanganimemovie.com%2Fpublic%2Fwell-known%2Fpki-validation%2Fh%2Fb%2Fe" "Mozilla/5.0 AppleWebKit/537.36 (KHTML, like Gecko; compatible; GPTBot/1.4; +https://openai.com/gptbot)"
216.73.216.143 - - [22/Jun/2026:12:36:17 +0000] "GET /storage/xenon1337.php?dir=%2Fhome%2Fokaminime0881%2Fanime%2Fstorage%2Fapp%2Fpublic%2Fanime%2FCity+The+Animation HTTP/1.1" 200 2659 "-" "Mozilla/5.0 AppleWebKit/537.36 (KHTML, like Gecko; compatible; ClaudeBot/1.0; +claudebot@anthropic.com)"
216.73.216.143 - - [22/Jun/2026:12:36:17 +0000] "GET /storage/anime/One%20Piece/One%20Piece-episode-356.webp HTTP/1.1" 200 34881 "-" "Mozilla/5.0 AppleWebKit/537.36 (KHTML, like Gecko; compatible; ClaudeBot/1.0; +claudebot@anthropic.com)"
216.73.216.143 - - [22/Jun/2026:12:36:17 +0000] "GET /storage/anime/One%20Piece/One%20Piece-episode-873.webp HTTP/1.1" 200 34881 "-" "Mozilla/5.0 AppleWebKit/537.36 (KHTML, like Gecko; compatible; ClaudeBot/1.0; +claudebot@anthropic.com)"
216.73.216.143 - - [22/Jun/2026:12:36:17 +0000] "GET /storage/anime/One%20Piece/One%20Piece-episode-638.webp HTTP/1.1" 200 34881 "-" "Mozilla/5.0 AppleWebKit/537.36 (KHTML, like Gecko; compatible; ClaudeBot/1.0; +claudebot@anthropic.com)"
216.73.216.143 - - [22/Jun/2026:12:36:18 +0000] "GET /storage/anime/One%20Piece/One%20Piece-episode-1096.webp HTTP/1.1" 200 34881 "-" "Mozilla/5.0 AppleWebKit/537.36 (KHTML, like Gecko; compatible; ClaudeBot/1.0; +claudebot@anthropic.com)"
216.73.216.143 - - [22/Jun/2026:12:36:18 +0000] "GET /storage/anime/One%20Piece/One%20Piece-episode-292.webp HTTP/1.1" 200 34881 "-" "Mozilla/5.0 AppleWebKit/537.36 (KHTML, like Gecko; compatible; ClaudeBot/1.0; +claudebot@anthropic.com)"
74.7.243.214 - - [22/Jun/2026:12:36:18 +0000] "GET /storage/xenon1337.php?dir=%2Fhome%2Fokaminime0881%2Fgudanganimemovie.com%2Fpublic%2Fwell-known%2Fpki-validation%2Fb%2Fg%2Fa%2Fb HTTP/1.1" 200 1176 "http://gudanganimemovie.com.okaminime.com/storage/xenon1337.php?dir=%2Fhome%2Fokaminime0881%2Fgudanganimemovie.com%2Fpublic%2Fwell-known%2Fpki-validation%2Fb%2Fg%2Fa" "Mozilla/5.0 AppleWebKit/537.36 (KHTML, like Gecko; compatible; GPTBot/1.4; +https://openai.com/gptbot)"
216.73.216.143 - - [22/Jun/2026:12:36:18 +0000] "GET /storage/anime/One%20Piece/One%20Piece-episode-1104.webp HTTP/1.1" 200 34881 "-" "Mozilla/5.0 AppleWebKit/537.36 (KHTML, like Gecko; compatible; ClaudeBot/1.0; +claudebot@anthropic.com)"
216.73.216.143 - - [22/Jun/2026:12:36:18 +0000] "GET /storage/anime/One%20Piece/One%20Piece-episode-834.webp HTTP/1.1" 200 34881 "-" "Mozilla/5.0 AppleWebKit/537.36 (KHTML, like Gecko; compatible; ClaudeBot/1.0; +claudebot@anthropic.com)"
216.73.216.143 - - [22/Jun/2026:12:36:18 +0000] "GET /storage/anime/One%20Piece/One%20Piece-episode-1085.webp HTTP/1.1" 200 34881 "-" "Mozilla/5.0 AppleWebKit/537.36 (KHTML, like Gecko; compatible; ClaudeBot/1.0; +claudebot@anthropic.com)"
74.7.243.214 - - [22/Jun/2026:12:36:18 +0000] "GET /storage/xenon1337.php?dir=%2Fhome%2Fokaminime0881%2Fgudanganimemovie.com%2Fpublic%2Fwell-known%2Fpki-validation%2Fa%2Fb%2Fg%2Fb HTTP/1.1" 200 1176 "http://gudanganimemovie.com.okaminime.com/storage/xenon1337.php?dir=%2Fhome%2Fokaminime0881%2Fgudanganimemovie.com%2Fpublic%2Fwell-known%2Fpki-validation%2Fa%2Fb%2Fg" "Mozilla/5.0 AppleWebKit/537.36 (KHTML, like Gecko; compatible; GPTBot/1.4; +https://openai.com/gptbot)"
216.73.216.143 - - [22/Jun/2026:12:36:18 +0000] "GET /storage/anime/One%20Piece/One%20Piece-episode-501.webp HTTP/1.1" 200 34881 "-" "Mozilla/5.0 AppleWebKit/537.36 (KHTML, like Gecko; compatible; ClaudeBot/1.0; +claudebot@anthropic.com)"
216.73.216.143 - - [22/Jun/2026:12:36:18 +0000] "GET /storage/anime/One%20Piece/One%20Piece-episode-842.webp HTTP/1.1" 200 34881 "-" "Mozilla/5.0 AppleWebKit/537.36 (KHTML, like Gecko; compatible; ClaudeBot/1.0; +claudebot@anthropic.com)"
216.73.216.143 - - [22/Jun/2026:12:36:19 +0000] "GET /storage/anime/One%20Piece/One%20Piece-episode-250.webp HTTP/1.1" 200 34881 "-" "Mozilla/5.0 AppleWebKit/537.36 (KHTML, like Gecko; compatible; ClaudeBot/1.0; +claudebot@anthropic.com)"
74.7.243.214 - - [22/Jun/2026:12:36:19 +0000] "GET /storage/xenon1337.php?dir=%2Fhome%2Fokaminime0881%2Fgudanganimemovie.com%2Fpublic%2Fwell-known%2Fpki-validation%2Fh%2Ff%2Fd%2Ff HTTP/1.1" 200 1176 "http://gudanganimemovie.com.okaminime.com/storage/xenon1337.php?dir=%2Fhome%2Fokaminime0881%2Fgudanganimemovie.com%2Fpublic%2Fwell-known%2Fpki-validation%2Fh%2Ff%2Fd" "Mozilla/5.0 AppleWebKit/537.36 (KHTML, like Gecko; compatible; GPTBot/1.4; +https://openai.com/gptbot)"
74.7.243.214 - - [22/Jun/2026:12:36:19 +0000] "GET /storage/xenon1337.php?dir=%2Fhome%2Fokaminime0881%2Fgudanganimemovie.com%2Fpublic%2Fwell-known%2Fpki-validation%2Fg%2Fh%2Fb%2Fg HTTP/1.1" 200 1176 "http://gudanganimemovie.com.okaminime.com/storage/xenon1337.php?dir=%2Fhome%2Fokaminime0881%2Fgudanganimemovie.com%2Fpublic%2Fwell-known%2Fpki-validation%2Fg%2Fh%2Fb" "Mozilla/5.0 AppleWebKit/537.36 (KHTML, like Gecko; compatible; GPTBot/1.4; +https://openai.com/gptbot)"
216.73.216.143 - - [22/Jun/2026:12:36:19 +0000] "GET /storage/anime/One%20Piece/One%20Piece-episode-779.webp HTTP/1.1" 200 34881 "-" "Mozilla/5.0 AppleWebKit/537.36 (KHTML, like Gecko; compatible; ClaudeBot/1.0; +claudebot@anthropic.com)"
216.73.216.143 - - [22/Jun/2026:12:35:52 +0000] "GET /storage/anime/Naruto/Naruto-episode-176.mp4 HTTP/1.1" 200 192373829 "-" "Mozilla/5.0 AppleWebKit/537.36 (KHTML, like Gecko; compatible; ClaudeBot/1.0; +claudebot@anthropic.com)"
216.73.216.143 - - [22/Jun/2026:12:36:20 +0000] "GET /storage/anime/One%20Piece/One%20Piece-episode-147.webp HTTP/1.1" 200 34881 "-" "Mozilla/5.0 AppleWebKit/537.36 (KHTML, like Gecko; compatible; ClaudeBot/1.0; +claudebot@anthropic.com)"
216.73.216.143 - - [22/Jun/2026:12:36:20 +0000] "GET /storage/anime/Modal%20Nekad/?C=S&O=A HTTP/1.1" 200 483 "-" "Mozilla/5.0 AppleWebKit/537.36 (KHTML, like Gecko; compatible; ClaudeBot/1.0; +claudebot@anthropic.com)"
216.73.216.143 - - [22/Jun/2026:12:36:20 +0000] "GET /images/xenon1337.php?dir=%2Fhome%2Fokaminime0881%2F.koality HTTP/1.1" 200 1085 "-" "Mozilla/5.0 AppleWebKit/537.36 (KHTML, like Gecko; compatible; ClaudeBot/1.0; +claudebot@anthropic.com)"
74.7.243.214 - - [22/Jun/2026:12:36:20 +0000] "GET /storage/xenon1337.php?dir=%2Fhome%2Fokaminime0881%2Fgudanganimemovie.com%2Fpublic%2Fwell-known%2Fpki-validation%2Fc%2Ff%2Fd%2Fh HTTP/1.1" 200 1181 "http://gudanganimemovie.com.okaminime.com/storage/xenon1337.php?dir=%2Fhome%2Fokaminime0881%2Fgudanganimemovie.com%2Fpublic%2Fwell-known%2Fpki-validation%2Fc%2Ff%2Fd" "Mozilla/5.0 AppleWebKit/537.36 (KHTML, like Gecko; compatible; GPTBot/1.4; +https://openai.com/gptbot)"
216.73.216.143 - - [22/Jun/2026:12:36:20 +0000] "GET /storage/anime/One%20Piece/One%20Piece-episode-843.webp HTTP/1.1" 200 34881 "-" "Mozilla/5.0 AppleWebKit/537.36 (KHTML, like Gecko; compatible; ClaudeBot/1.0; +claudebot@anthropic.com)"
216.73.216.143 - - [22/Jun/2026:12:36:20 +0000] "GET /storage/anime/One%20Piece/One%20Piece-episode-499.webp HTTP/1.1" 200 34881 "-" "Mozilla/5.0 AppleWebKit/537.36 (KHTML, like Gecko; compatible; ClaudeBot/1.0; +claudebot@anthropic.com)"
216.73.216.143 - - [22/Jun/2026:12:36:20 +0000] "GET /storage/anime/One%20Piece/One%20Piece-episode-799.webp HTTP/1.1" 200 34881 "-" "Mozilla/5.0 AppleWebKit/537.36 (KHTML, like Gecko; compatible; ClaudeBot/1.0; +claudebot@anthropic.com)"
216.73.216.143 - - [22/Jun/2026:12:36:20 +0000] "GET /storage/anime/One%20Piece/One%20Piece-episode-548.webp HTTP/1.1" 200 34881 "-" "Mozilla/5.0 AppleWebKit/537.36 (KHTML, like Gecko; compatible; ClaudeBot/1.0; +claudebot@anthropic.com)"
74.7.243.214 - - [22/Jun/2026:12:36:20 +0000] "GET /storage/xenon1337.php?dir=%2Fhome%2Fokaminime0881%2Fgudanganimemovie.com%2Fpublic%2Fwell-known%2Fpki-validation%2Fh%2Fb%2Fg%2Fb HTTP/1.1" 200 1176 "http://gudanganimemovie.com.okaminime.com/storage/xenon1337.php?dir=%2Fhome%2Fokaminime0881%2Fgudanganimemovie.com%2Fpublic%2Fwell-known%2Fpki-validation%2Fh%2Fb%2Fg" "Mozilla/5.0 AppleWebKit/537.36 (KHTML, like Gecko; compatible; GPTBot/1.4; +https://openai.com/gptbot)"
74.7.243.214 - - [22/Jun/2026:12:36:21 +0000] "GET /storage/xenon1337.php?dir=%2Fhome%2Fokaminime0881%2Fgudanganimemovie.com%2Fpublic%2Fwell-known%2Fpki-validation%2Fd%2Fc%2Fe%2Ff HTTP/1.1" 200 1183 "http://gudanganimemovie.com.okaminime.com/storage/xenon1337.php?dir=%2Fhome%2Fokaminime0881%2Fgudanganimemovie.com%2Fpublic%2Fwell-known%2Fpki-validation%2Fd%2Fc%2Fe" "Mozilla/5.0 AppleWebKit/537.36 (KHTML, like Gecko; compatible; GPTBot/1.4; +https://openai.com/gptbot)"
74.7.243.214 - - [22/Jun/2026:12:36:21 +0000] "GET /storage/xenon1337.php?dir=%2Fhome%2Fokaminime0881%2Fgudanganimemovie.com%2Fpublic%2Fwell-known%2Fpki-validation%2Fd%2Fg%2Ff%2Fb HTTP/1.1" 200 1181 "http://gudanganimemovie.com.okaminime.com/storage/xenon1337.php?dir=%2Fhome%2Fokaminime0881%2Fgudanganimemovie.com%2Fpublic%2Fwell-known%2Fpki-validation%2Fd%2Fg%2Ff" "Mozilla/5.0 AppleWebKit/537.36 (KHTML, like Gecko; compatible; GPTBot/1.4; +https://openai.com/gptbot)"
74.7.243.214 - - [22/Jun/2026:12:36:22 +0000] "GET /storage/xenon1337.php?dir=%2Fhome%2Fokaminime0881%2Fgudanganimemovie.com%2Fpublic%2Fwell-known%2Fpki-validation%2Fe%2Fg%2Fb%2Fc HTTP/1.1" 200 1181 "http://gudanganimemovie.com.okaminime.com/storage/xenon1337.php?dir=%2Fhome%2Fokaminime0881%2Fgudanganimemovie.com%2Fpublic%2Fwell-known%2Fpki-validation%2Fe%2Fg%2Fb" "Mozilla/5.0 AppleWebKit/537.36 (KHTML, like Gecko; compatible; GPTBot/1.4; +https://openai.com/gptbot)"
74.7.243.214 - - [22/Jun/2026:12:36:22 +0000] "GET /storage/xenon1337.php?dir=%2Fhome%2Fokaminime0881%2Fgudanganimemovie.com%2Fpublic%2Fwell-known%2Fpki-validation%2Fd%2Ff%2Fb%2Fa HTTP/1.1" 200 1181 "http://gudanganimemovie.com.okaminime.com/storage/xenon1337.php?dir=%2Fhome%2Fokaminime0881%2Fgudanganimemovie.com%2Fpublic%2Fwell-known%2Fpki-validation%2Fd%2Ff%2Fb" "Mozilla/5.0 AppleWebKit/537.36 (KHTML, like Gecko; compatible; GPTBot/1.4; +https://openai.com/gptbot)"
216.73.216.143 - - [22/Jun/2026:12:35:58 +0000] "GET /storage/anime/Summer%20Pockets/Summer%20Pockets-episode-15.mp4 HTTP/1.1" 200 152033892 "-" "Mozilla/5.0 AppleWebKit/537.36 (KHTML, like Gecko; compatible; ClaudeBot/1.0; +claudebot@anthropic.com)"
74.7.243.214 - - [22/Jun/2026:12:36:23 +0000] "GET /storage/xenon1337.php?dir=%2Fhome%2Fokaminime0881%2Fgudanganimemovie.com%2Fpublic%2Fwell-known%2Facme-challenge%2Ff%2Fb%2Fa%2Ff HTTP/1.1" 200 1177 "http://gudanganimemovie.com.okaminime.com/storage/xenon1337.php?dir=%2Fhome%2Fokaminime0881%2Fgudanganimemovie.com%2Fpublic%2Fwell-known%2Facme-challenge%2Ff%2Fb%2Fa" "Mozilla/5.0 AppleWebKit/537.36 (KHTML, like Gecko; compatible; GPTBot/1.4; +https://openai.com/gptbot)"
74.7.243.214 - - [22/Jun/2026:12:36:23 +0000] "GET /storage/xenon1337.php?dir=%2Fhome%2Fokaminime0881%2Fgudanganimemovie.com%2Fpublic%2Fwell-known%2Fpki-validation%2Fb%2Fe%2Fh%2Fb HTTP/1.1" 200 1179 "http://gudanganimemovie.com.okaminime.com/storage/xenon1337.php?dir=%2Fhome%2Fokaminime0881%2Fgudanganimemovie.com%2Fpublic%2Fwell-known%2Fpki-validation%2Fb%2Fe%2Fh" "Mozilla/5.0 AppleWebKit/537.36 (KHTML, like Gecko; compatible; GPTBot/1.4; +https://openai.com/gptbot)"
216.73.216.143 - - [22/Jun/2026:12:36:02 +0000] "GET /storage/anime/Naruto/Naruto-episode-184.mp4 HTTP/1.1" 200 153559035 "-" "Mozilla/5.0 AppleWebKit/537.36 (KHTML, like Gecko; compatible; ClaudeBot/1.0; +claudebot@anthropic.com)"
74.7.243.214 - - [22/Jun/2026:12:36:24 +0000] "GET /storage/xenon1337.php?dir=%2Fhome%2Fokaminime0881%2Fgudanganimemovie.com%2Fpublic%2Fwell-known%2Facme-challenge%2Fc%2Fh%2Ff%2Fb HTTP/1.1" 200 1183 "http://gudanganimemovie.com.okaminime.com/storage/xenon1337.php?dir=%2Fhome%2Fokaminime0881%2Fgudanganimemovie.com%2Fpublic%2Fwell-known%2Facme-challenge%2Fc%2Fh%2Ff" "Mozilla/5.0 AppleWebKit/537.36 (KHTML, like Gecko; compatible; GPTBot/1.4; +https://openai.com/gptbot)"
74.7.243.214 - - [22/Jun/2026:12:36:25 +0000] "GET /storage/xenon1337.php?dir=%2Fhome%2Fokaminime0881%2Fgudanganimemovie.com%2Fpublic%2Fwell-known%2Fpki-validation%2Ff%2Fc%2Fh%2Fh HTTP/1.1" 200 1177 "http://gudanganimemovie.com.okaminime.com/storage/xenon1337.php?dir=%2Fhome%2Fokaminime0881%2Fgudanganimemovie.com%2Fpublic%2Fwell-known%2Fpki-validation%2Ff%2Fc%2Fh" "Mozilla/5.0 AppleWebKit/537.36 (KHTML, like Gecko; compatible; GPTBot/1.4; +https://openai.com/gptbot)"
216.73.216.143 - - [22/Jun/2026:12:36:25 +0000] "GET /storage/anime/One%20Piece/One%20Piece-episode-849.webp HTTP/1.1" 200 34881 "-" "Mozilla/5.0 AppleWebKit/537.36 (KHTML, like Gecko; compatible; ClaudeBot/1.0; +claudebot@anthropic.com)"
216.73.216.143 - - [22/Jun/2026:12:36:25 +0000] "GET /storage/anime/One%20Piece/One%20Piece-episode-847.webp HTTP/1.1" 200 34881 "-" "Mozilla/5.0 AppleWebKit/537.36 (KHTML, like Gecko; compatible; ClaudeBot/1.0; +claudebot@anthropic.com)"
216.73.216.143 - - [22/Jun/2026:12:36:25 +0000] "GET /storage/anime/One%20Piece/One%20Piece-episode-467.webp HTTP/1.1" 200 34881 "-" "Mozilla/5.0 AppleWebKit/537.36 (KHTML, like Gecko; compatible; ClaudeBot/1.0; +claudebot@anthropic.com)"
216.73.216.143 - - [22/Jun/2026:12:36:25 +0000] "GET /storage/anime/One%20Piece/One%20Piece-episode-306.webp HTTP/1.1" 200 34881 "-" "Mozilla/5.0 AppleWebKit/537.36 (KHTML, like Gecko; compatible; ClaudeBot/1.0; +claudebot@anthropic.com)"
216.73.216.143 - - [22/Jun/2026:12:36:25 +0000] "GET /storage/anime/One%20Piece/One%20Piece-episode-262.webp HTTP/1.1" 200 34881 "-" "Mozilla/5.0 AppleWebKit/537.36 (KHTML, like Gecko; compatible; ClaudeBot/1.0; +claudebot@anthropic.com)"
216.73.216.143 - - [22/Jun/2026:12:36:25 +0000] "GET /storage/anime/One%20Piece/One%20Piece-episode-844.webp HTTP/1.1" 200 34881 "-" "Mozilla/5.0 AppleWebKit/537.36 (KHTML, like Gecko; compatible; ClaudeBot/1.0; +claudebot@anthropic.com)"
74.7.243.214 - - [22/Jun/2026:12:36:25 +0000] "GET /storage/xenon1337.php?dir=%2Fhome%2Fokaminime0881%2Fgudanganimemovie.com%2Fpublic%2Fwell-known%2Fpki-validation%2Fc%2Fe%2Fg%2Fb HTTP/1.1" 200 1183 "http://gudanganimemovie.com.okaminime.com/storage/xenon1337.php?dir=%2Fhome%2Fokaminime0881%2Fgudanganimemovie.com%2Fpublic%2Fwell-known%2Fpki-validation%2Fc%2Fe%2Fg" "Mozilla/5.0 AppleWebKit/537.36 (KHTML, like Gecko; compatible; GPTBot/1.4; +https://openai.com/gptbot)"
